{"id":1161785,"date":"2014-09-05T17:56:35","date_gmt":"2014-09-06T00:56:35","guid":{"rendered":"http:\/\/agpnoticias.com\/news\/wp-content\/uploads\/2014\/09\/Los-seleccionados-estadounidenses-se-encontraron-con-el-nuevo-cuerpo-t\u00e9cnico-encabezado-por-Daniel-Guzm\u00e1n.jpg"},"modified":"2014-09-05T17:56:52","modified_gmt":"2014-09-06T00:56:52","slug":"los-seleccionados-estadounidenses-se-encontraron-con-el-nuevo-cuerpo-tecnico-encabezado-por-daniel-guzman","status":"inherit","type":"attachment","link":"https:\/\/agpnoticias.com\/news\/?attachment_id=1161785","title":{"rendered":"Los seleccionados estadounidenses se encontraron con el nuevo cuerpo t\u00e9cnico encabezado por Daniel Guzm\u00e1n"},"author":1,"featured_media":0,"comment_status":"closed","ping_status":"closed","template":"","meta":[],"class_list":["post-1161785","attachment","type-attachment","status-inherit","hentry"],"description":{"rendered":"<p class=\"attachment\"><a href='https:\/\/agpnoticias.com\/news\/wp-content\/uploads\/2014\/09\/Los-seleccionados-estadounidenses-se-encontraron-con-el-nuevo-cuerpo-t\u00e9cnico-encabezado-por-Daniel-Guzm\u00e1n.jpg'><img loading=\"lazy\" width=\"320\" height=\"240\" src=\"https:\/\/agpnoticias.com\/news\/wp-content\/uploads\/2014\/09\/Los-seleccionados-estadounidenses-se-encontraron-con-el-nuevo-cuerpo-t\u00e9cnico-encabezado-por-Daniel-Guzm\u00e1n-320x240.jpg\" class=\"attachment-medium size-medium\" alt=\"Los seleccionados estadounidenses se encontraron con el nuevo cuerpo t\u00e9cnico encabezado por Daniel Guzm\u00e1n\" srcset=\"https:\/\/agpnoticias.com\/news\/wp-content\/uploads\/2014\/09\/Los-seleccionados-estadounidenses-se-encontraron-con-el-nuevo-cuerpo-t\u00e9cnico-encabezado-por-Daniel-Guzm\u00e1n-320x240.jpg 320w, https:\/\/agpnoticias.com\/news\/wp-content\/uploads\/2014\/09\/Los-seleccionados-estadounidenses-se-encontraron-con-el-nuevo-cuerpo-t\u00e9cnico-encabezado-por-Daniel-Guzm\u00e1n-200x150.jpg 200w, https:\/\/agpnoticias.com\/news\/wp-content\/uploads\/2014\/09\/Los-seleccionados-estadounidenses-se-encontraron-con-el-nuevo-cuerpo-t\u00e9cnico-encabezado-por-Daniel-Guzm\u00e1n-640x480.jpg 640w, https:\/\/agpnoticias.com\/news\/wp-content\/uploads\/2014\/09\/Los-seleccionados-estadounidenses-se-encontraron-con-el-nuevo-cuerpo-t\u00e9cnico-encabezado-por-Daniel-Guzm\u00e1n-600x450.jpg 600w, https:\/\/agpnoticias.com\/news\/wp-content\/uploads\/2014\/09\/Los-seleccionados-estadounidenses-se-encontraron-con-el-nuevo-cuerpo-t\u00e9cnico-encabezado-por-Daniel-Guzm\u00e1n.jpg 800w\" sizes=\"auto, (max-width: 320px) 100vw, 320px\" loading=\"lazy\" decoding=\"async\" \/><\/a><\/p>\n"},"caption":{"rendered":"<p>Los seleccionados estadounidenses se encontraron con el nuevo cuerpo t\u00e9cnico encabezado por Daniel Guzm\u00e1n<\/p>\n"},"alt_text":"","media_type":"image","mime_type":"image\/jpeg","media_details":{"width":800,"height":600,"file":"2014\/09\/Los-seleccionados-estadounidenses-se-encontraron-con-el-nuevo-cuerpo-t\u00e9cnico-encabezado-por-Daniel-Guzm\u00e1n.jpg","sizes":{"thumbnail":{"file":"Los-seleccionados-estadounidenses-se-encontraron-con-el-nuevo-cuerpo-t\u00e9cnico-encabezado-por-Daniel-Guzm\u00e1n-200x150.jpg","width":200,"height":150,"mime_type":"image\/jpeg","source_url":"https:\/\/agpnoticias.com\/news\/wp-content\/uploads\/2014\/09\/Los-seleccionados-estadounidenses-se-encontraron-con-el-nuevo-cuerpo-t\u00e9cnico-encabezado-por-Daniel-Guzm\u00e1n-200x150.jpg"},"medium":{"file":"Los-seleccionados-estadounidenses-se-encontraron-con-el-nuevo-cuerpo-t\u00e9cnico-encabezado-por-Daniel-Guzm\u00e1n-320x240.jpg","width":320,"height":240,"mime_type":"image\/jpeg","source_url":"https:\/\/agpnoticias.com\/news\/wp-content\/uploads\/2014\/09\/Los-seleccionados-estadounidenses-se-encontraron-con-el-nuevo-cuerpo-t\u00e9cnico-encabezado-por-Daniel-Guzm\u00e1n-320x240.jpg"},"large":{"file":"Los-seleccionados-estadounidenses-se-encontraron-con-el-nuevo-cuerpo-t\u00e9cnico-encabezado-por-Daniel-Guzm\u00e1n-640x480.jpg","width":640,"height":480,"mime_type":"image\/jpeg","source_url":"https:\/\/agpnoticias.com\/news\/wp-content\/uploads\/2014\/09\/Los-seleccionados-estadounidenses-se-encontraron-con-el-nuevo-cuerpo-t\u00e9cnico-encabezado-por-Daniel-Guzm\u00e1n-640x480.jpg"},"wysija-newsletters-max":{"file":"Los-seleccionados-estadounidenses-se-encontraron-con-el-nuevo-cuerpo-t\u00e9cnico-encabezado-por-Daniel-Guzm\u00e1n-600x450.jpg","width":600,"height":450,"mime_type":"image\/jpeg","source_url":"https:\/\/agpnoticias.com\/news\/wp-content\/uploads\/2014\/09\/Los-seleccionados-estadounidenses-se-encontraron-con-el-nuevo-cuerpo-t\u00e9cnico-encabezado-por-Daniel-Guzm\u00e1n-600x450.jpg"},"post-thumbnail":{"file":"Los-seleccionados-estadounidenses-se-encontraron-con-el-nuevo-cuerpo-t\u00e9cnico-encabezado-por-Daniel-Guzm\u00e1n-300x300.jpg","width":300,"height":300,"mime_type":"image\/jpeg","source_url":"https:\/\/agpnoticias.com\/news\/wp-content\/uploads\/2014\/09\/Los-seleccionados-estadounidenses-se-encontraron-con-el-nuevo-cuerpo-t\u00e9cnico-encabezado-por-Daniel-Guzm\u00e1n-300x300.jpg"},"yarpp-thumbnail":{"file":"Los-seleccionados-estadounidenses-se-encontraron-con-el-nuevo-cuerpo-t\u00e9cnico-encabezado-por-Daniel-Guzm\u00e1n-120x120.jpg","width":120,"height":120,"mime_type":"image\/jpeg","source_url":"https:\/\/agpnoticias.com\/news\/wp-content\/uploads\/2014\/09\/Los-seleccionados-estadounidenses-se-encontraron-con-el-nuevo-cuerpo-t\u00e9cnico-encabezado-por-Daniel-Guzm\u00e1n-120x120.jpg"},"full":{"file":"Los-seleccionados-estadounidenses-se-encontraron-con-el-nuevo-cuerpo-t\u00e9cnico-encabezado-por-Daniel-Guzm\u00e1n.jpg","width":800,"height":600,"mime_type":"image\/jpeg","source_url":"https:\/\/agpnoticias.com\/news\/wp-content\/uploads\/2014\/09\/Los-seleccionados-estadounidenses-se-encontraron-con-el-nuevo-cuerpo-t\u00e9cnico-encabezado-por-Daniel-Guzm\u00e1n.jpg"}},"image_meta":{"aperture":2.8,"credit":"FEVE","camera":"Canon EOS 6D","caption":"","created_timestamp":1409912798,"copyright":"FEVE","focal_length":"200","iso":"160","shutter_speed":"0.0005","title":"","orientation":1}},"post":1161776,"source_url":"https:\/\/agpnoticias.com\/news\/wp-content\/uploads\/2014\/09\/Los-seleccionados-estadounidenses-se-encontraron-con-el-nuevo-cuerpo-t\u00e9cnico-encabezado-por-Daniel-Guzm\u00e1n.jpg","_links":{"self":[{"href":"https:\/\/agpnoticias.com\/news\/index.php?rest_route=\/wp\/v2\/media\/1161785","targetHints":{"allow":["GET"]}}],"collection":[{"href":"https:\/\/agpnoticias.com\/news\/index.php?rest_route=\/wp\/v2\/media"}],"about":[{"href":"https:\/\/agpnoticias.com\/news\/index.php?rest_route=\/wp\/v2\/types\/attachment"}],"author":[{"embeddable":true,"href":"https:\/\/agpnoticias.com\/news\/index.php?rest_route=\/wp\/v2\/users\/1"}],"replies":[{"embeddable":true,"href":"https:\/\/agpnoticias.com\/news\/index.php?rest_route=%2Fwp%2Fv2%2Fcomments&post=1161785"}],"wp:attached-to":[{"embeddable":true,"post_type":"post","id":1161776,"href":"https:\/\/agpnoticias.com\/news\/index.php?rest_route=\/wp\/v2\/posts\/1161776"}],"curies":[{"name":"wp","href":"https:\/\/api.w.org\/{rel}","templated":true}]}}

http://agpnoticias.com/news/wp-content/uploads/2014/09/Los-seleccionados-estadounidenses-se-encontraron-con-el-nuevo-cuerpo-técnico-encabezado-por-Daniel-Guzmán.jpg

Los seleccionados estadounidenses se encontraron con el nuevo cuerpo técnico encabezado por Daniel Guzmán

<p class="attachment"><a href='https://agpnoticias.com/news/wp-content/uploads/2014/09/Los-seleccionados-estadounidenses-se-encontraron-con-el-nuevo-cuerpo-técnico-encabezado-por-Daniel-Guzmán.jpg'><img loading="lazy" width="320" height="240" src="https://agpnoticias.com/news/wp-content/uploads/2014/09/Los-seleccionados-estadounidenses-se-encontraron-con-el-nuevo-cuerpo-técnico-encabezado-por-Daniel-Guzmán-320x240.jpg" class="attachment-medium size-medium" alt="Los seleccionados estadounidenses se encontraron con el nuevo cuerpo técnico encabezado por Daniel Guzmán" srcset="https://agpnoticias.com/news/wp-content/uploads/2014/09/Los-seleccionados-estadounidenses-se-encontraron-con-el-nuevo-cuerpo-técnico-encabezado-por-Daniel-Guzmán-320x240.jpg 320w, https://agpnoticias.com/news/wp-content/uploads/2014/09/Los-seleccionados-estadounidenses-se-encontraron-con-el-nuevo-cuerpo-técnico-encabezado-por-Daniel-Guzmán-200x150.jpg 200w, https://agpnoticias.com/news/wp-content/uploads/2014/09/Los-seleccionados-estadounidenses-se-encontraron-con-el-nuevo-cuerpo-técnico-encabezado-por-Daniel-Guzmán-640x480.jpg 640w, https://agpnoticias.com/news/wp-content/uploads/2014/09/Los-seleccionados-estadounidenses-se-encontraron-con-el-nuevo-cuerpo-técnico-encabezado-por-Daniel-Guzmán-600x450.jpg 600w, https://agpnoticias.com/news/wp-content/uploads/2014/09/Los-seleccionados-estadounidenses-se-encontraron-con-el-nuevo-cuerpo-técnico-encabezado-por-Daniel-Guzmán.jpg 800w" sizes="auto, (max-width: 320px) 100vw, 320px" loading="lazy" decoding="async" /></a></p>

<p>Los seleccionados estadounidenses se encontraron con el nuevo cuerpo técnico encabezado por Daniel Guzmán</p>

2014/09/Los-seleccionados-estadounidenses-se-encontraron-con-el-nuevo-cuerpo-técnico-encabezado-por-Daniel-Guzmán.jpg

Los-seleccionados-estadounidenses-se-encontraron-con-el-nuevo-cuerpo-técnico-encabezado-por-Daniel-Guzmán-200x150.jpg

https://agpnoticias.com/news/wp-content/uploads/2014/09/Los-seleccionados-estadounidenses-se-encontraron-con-el-nuevo-cuerpo-técnico-encabezado-por-Daniel-Guzmán-200x150.jpg

Los-seleccionados-estadounidenses-se-encontraron-con-el-nuevo-cuerpo-técnico-encabezado-por-Daniel-Guzmán-320x240.jpg

https://agpnoticias.com/news/wp-content/uploads/2014/09/Los-seleccionados-estadounidenses-se-encontraron-con-el-nuevo-cuerpo-técnico-encabezado-por-Daniel-Guzmán-320x240.jpg

Los-seleccionados-estadounidenses-se-encontraron-con-el-nuevo-cuerpo-técnico-encabezado-por-Daniel-Guzmán-640x480.jpg

https://agpnoticias.com/news/wp-content/uploads/2014/09/Los-seleccionados-estadounidenses-se-encontraron-con-el-nuevo-cuerpo-técnico-encabezado-por-Daniel-Guzmán-640x480.jpg

Los-seleccionados-estadounidenses-se-encontraron-con-el-nuevo-cuerpo-técnico-encabezado-por-Daniel-Guzmán-600x450.jpg

https://agpnoticias.com/news/wp-content/uploads/2014/09/Los-seleccionados-estadounidenses-se-encontraron-con-el-nuevo-cuerpo-técnico-encabezado-por-Daniel-Guzmán-600x450.jpg

Los-seleccionados-estadounidenses-se-encontraron-con-el-nuevo-cuerpo-técnico-encabezado-por-Daniel-Guzmán-300x300.jpg

https://agpnoticias.com/news/wp-content/uploads/2014/09/Los-seleccionados-estadounidenses-se-encontraron-con-el-nuevo-cuerpo-técnico-encabezado-por-Daniel-Guzmán-300x300.jpg

Los-seleccionados-estadounidenses-se-encontraron-con-el-nuevo-cuerpo-técnico-encabezado-por-Daniel-Guzmán-120x120.jpg

https://agpnoticias.com/news/wp-content/uploads/2014/09/Los-seleccionados-estadounidenses-se-encontraron-con-el-nuevo-cuerpo-técnico-encabezado-por-Daniel-Guzmán-120x120.jpg

Los-seleccionados-estadounidenses-se-encontraron-con-el-nuevo-cuerpo-técnico-encabezado-por-Daniel-Guzmán.jpg

https://agpnoticias.com/news/wp-content/uploads/2014/09/Los-seleccionados-estadounidenses-se-encontraron-con-el-nuevo-cuerpo-técnico-encabezado-por-Daniel-Guzmán.jpg
