{"id":23239,"date":"2013-01-27T16:44:01","date_gmt":"2013-01-27T23:44:01","guid":{"rendered":"http:\/\/agpnoticias.com\/news\/wp-content\/uploads\/2013\/01\/El-delantero-colombiano-reapareci\u00f3-despu\u00e9s-de-no-jugar-contra-Pumas.jpg"},"modified":"2013-01-27T16:44:01","modified_gmt":"2013-01-27T23:44:01","slug":"el-delantero-colombiano-reaparecio-despues-de-no-jugar-contra-pumas","status":"inherit","type":"attachment","link":"https:\/\/agpnoticias.com\/news\/?attachment_id=23239","title":{"rendered":"El delantero colombiano reapareci\u00f3 despu\u00e9s de no jugar contra Pumas"},"author":1,"featured_media":0,"comment_status":"closed","ping_status":"closed","template":"","meta":[],"class_list":["post-23239","attachment","type-attachment","status-inherit","hentry"],"description":{"rendered":"<p class=\"attachment\"><a href='https:\/\/agpnoticias.com\/news\/wp-content\/uploads\/2013\/01\/El-delantero-colombiano-reapareci\u00f3-despu\u00e9s-de-no-jugar-contra-Pumas.jpg'><img loading=\"lazy\" width=\"320\" height=\"240\" src=\"https:\/\/agpnoticias.com\/news\/wp-content\/uploads\/2013\/01\/El-delantero-colombiano-reapareci\u00f3-despu\u00e9s-de-no-jugar-contra-Pumas-320x240.jpg\" class=\"attachment-medium size-medium\" alt=\"El delantero colombiano reapareci\u00f3 despu\u00e9s de no jugar contra Pumas\" loading=\"lazy\" decoding=\"async\" \/><\/a><\/p>\n"},"caption":{"rendered":"<p>El delantero colombiano reapareci\u00f3 despu\u00e9s de no jugar contra Pumas<\/p>\n"},"alt_text":"","media_type":"image","mime_type":"image\/jpeg","media_details":{"width":640,"height":462,"file":"2013\/01\/El-delantero-colombiano-reapareci\u00f3-despu\u00e9s-de-no-jugar-contra-Pumas.jpg","sizes":{"thumbnail":{"file":"El-delantero-colombiano-reapareci\u00f3-despu\u00e9s-de-no-jugar-contra-Pumas-200x144.jpg","width":200,"height":144,"mime_type":"image\/jpeg","source_url":"https:\/\/agpnoticias.com\/news\/wp-content\/uploads\/2013\/01\/El-delantero-colombiano-reapareci\u00f3-despu\u00e9s-de-no-jugar-contra-Pumas-200x144.jpg"},"medium":{"file":"El-delantero-colombiano-reapareci\u00f3-despu\u00e9s-de-no-jugar-contra-Pumas-320x240.jpg","width":320,"height":240,"mime_type":"image\/jpeg","source_url":"https:\/\/agpnoticias.com\/news\/wp-content\/uploads\/2013\/01\/El-delantero-colombiano-reapareci\u00f3-despu\u00e9s-de-no-jugar-contra-Pumas-320x240.jpg"},"post-thumbnail":{"file":"El-delantero-colombiano-reapareci\u00f3-despu\u00e9s-de-no-jugar-contra-Pumas-50x50.jpg","width":50,"height":50,"mime_type":"image\/jpeg","source_url":"https:\/\/agpnoticias.com\/news\/wp-content\/uploads\/2013\/01\/El-delantero-colombiano-reapareci\u00f3-despu\u00e9s-de-no-jugar-contra-Pumas-50x50.jpg"},"full":{"file":"El-delantero-colombiano-reapareci\u00f3-despu\u00e9s-de-no-jugar-contra-Pumas.jpg","width":640,"height":462,"mime_type":"image\/jpeg","source_url":"https:\/\/agpnoticias.com\/news\/wp-content\/uploads\/2013\/01\/El-delantero-colombiano-reapareci\u00f3-despu\u00e9s-de-no-jugar-contra-Pumas.jpg"}},"image_meta":{"aperture":0,"credit":"","camera":"","caption":"","created_timestamp":0,"copyright":"","focal_length":0,"iso":0,"shutter_speed":0,"title":""}},"post":23237,"source_url":"https:\/\/agpnoticias.com\/news\/wp-content\/uploads\/2013\/01\/El-delantero-colombiano-reapareci\u00f3-despu\u00e9s-de-no-jugar-contra-Pumas.jpg","_links":{"self":[{"href":"https:\/\/agpnoticias.com\/news\/index.php?rest_route=\/wp\/v2\/media\/23239","targetHints":{"allow":["GET"]}}],"collection":[{"href":"https:\/\/agpnoticias.com\/news\/index.php?rest_route=\/wp\/v2\/media"}],"about":[{"href":"https:\/\/agpnoticias.com\/news\/index.php?rest_route=\/wp\/v2\/types\/attachment"}],"author":[{"embeddable":true,"href":"https:\/\/agpnoticias.com\/news\/index.php?rest_route=\/wp\/v2\/users\/1"}],"replies":[{"embeddable":true,"href":"https:\/\/agpnoticias.com\/news\/index.php?rest_route=%2Fwp%2Fv2%2Fcomments&post=23239"}],"wp:attached-to":[{"embeddable":true,"post_type":"post","id":23237,"href":"https:\/\/agpnoticias.com\/news\/index.php?rest_route=\/wp\/v2\/posts\/23237"}],"curies":[{"name":"wp","href":"https:\/\/api.w.org\/{rel}","templated":true}]}}

http://agpnoticias.com/news/wp-content/uploads/2013/01/El-delantero-colombiano-reapareció-después-de-no-jugar-contra-Pumas.jpg

El delantero colombiano reapareció después de no jugar contra Pumas

<p class="attachment"><a href='https://agpnoticias.com/news/wp-content/uploads/2013/01/El-delantero-colombiano-reapareció-después-de-no-jugar-contra-Pumas.jpg'><img loading="lazy" width="320" height="240" src="https://agpnoticias.com/news/wp-content/uploads/2013/01/El-delantero-colombiano-reapareció-después-de-no-jugar-contra-Pumas-320x240.jpg" class="attachment-medium size-medium" alt="El delantero colombiano reapareció después de no jugar contra Pumas" loading="lazy" decoding="async" /></a></p>

<p>El delantero colombiano reapareció después de no jugar contra Pumas</p>

2013/01/El-delantero-colombiano-reapareció-después-de-no-jugar-contra-Pumas.jpg

El-delantero-colombiano-reapareció-después-de-no-jugar-contra-Pumas-200x144.jpg

https://agpnoticias.com/news/wp-content/uploads/2013/01/El-delantero-colombiano-reapareció-después-de-no-jugar-contra-Pumas-200x144.jpg

El-delantero-colombiano-reapareció-después-de-no-jugar-contra-Pumas-320x240.jpg

https://agpnoticias.com/news/wp-content/uploads/2013/01/El-delantero-colombiano-reapareció-después-de-no-jugar-contra-Pumas-320x240.jpg

El-delantero-colombiano-reapareció-después-de-no-jugar-contra-Pumas-50x50.jpg

https://agpnoticias.com/news/wp-content/uploads/2013/01/El-delantero-colombiano-reapareció-después-de-no-jugar-contra-Pumas-50x50.jpg

El-delantero-colombiano-reapareció-después-de-no-jugar-contra-Pumas.jpg

https://agpnoticias.com/news/wp-content/uploads/2013/01/El-delantero-colombiano-reapareció-después-de-no-jugar-contra-Pumas.jpg
