{"id":23248,"date":"2013-01-27T17:00:47","date_gmt":"2013-01-28T00:00:47","guid":{"rendered":"http:\/\/agpnoticias.com\/news\/wp-content\/uploads\/2013\/01\/El-portero-de-Tijuana-agradeci\u00f3-el-respaldo-de-sus-compa\u00f1eros.jpg"},"modified":"2013-01-27T17:00:47","modified_gmt":"2013-01-28T00:00:47","slug":"el-portero-de-tijuana-agradecio-el-respaldo-de-sus-companeros","status":"inherit","type":"attachment","link":"https:\/\/agpnoticias.com\/news\/?attachment_id=23248","title":{"rendered":"El portero de Tijuana agradeci\u00f3 el respaldo de sus compa\u00f1eros"},"author":1,"featured_media":0,"comment_status":"closed","ping_status":"closed","template":"","meta":[],"class_list":["post-23248","attachment","type-attachment","status-inherit","hentry"],"description":{"rendered":"<p class=\"attachment\"><a href='https:\/\/agpnoticias.com\/news\/wp-content\/uploads\/2013\/01\/El-portero-de-Tijuana-agradeci\u00f3-el-respaldo-de-sus-compa\u00f1eros.jpg'><img loading=\"lazy\" width=\"320\" height=\"240\" src=\"https:\/\/agpnoticias.com\/news\/wp-content\/uploads\/2013\/01\/El-portero-de-Tijuana-agradeci\u00f3-el-respaldo-de-sus-compa\u00f1eros-320x240.jpg\" class=\"attachment-medium size-medium\" alt=\"El portero de Tijuana agradeci\u00f3 el respaldo de sus compa\u00f1eros\" loading=\"lazy\" decoding=\"async\" \/><\/a><\/p>\n"},"caption":{"rendered":"<p>El portero de Tijuana agradeci\u00f3 el respaldo de sus compa\u00f1eros<\/p>\n"},"alt_text":"","media_type":"image","mime_type":"image\/jpeg","media_details":{"width":640,"height":427,"file":"2013\/01\/El-portero-de-Tijuana-agradeci\u00f3-el-respaldo-de-sus-compa\u00f1eros.jpg","sizes":{"thumbnail":{"file":"El-portero-de-Tijuana-agradeci\u00f3-el-respaldo-de-sus-compa\u00f1eros-200x133.jpg","width":200,"height":133,"mime_type":"image\/jpeg","source_url":"https:\/\/agpnoticias.com\/news\/wp-content\/uploads\/2013\/01\/El-portero-de-Tijuana-agradeci\u00f3-el-respaldo-de-sus-compa\u00f1eros-200x133.jpg"},"medium":{"file":"El-portero-de-Tijuana-agradeci\u00f3-el-respaldo-de-sus-compa\u00f1eros-320x240.jpg","width":320,"height":240,"mime_type":"image\/jpeg","source_url":"https:\/\/agpnoticias.com\/news\/wp-content\/uploads\/2013\/01\/El-portero-de-Tijuana-agradeci\u00f3-el-respaldo-de-sus-compa\u00f1eros-320x240.jpg"},"post-thumbnail":{"file":"El-portero-de-Tijuana-agradeci\u00f3-el-respaldo-de-sus-compa\u00f1eros-50x50.jpg","width":50,"height":50,"mime_type":"image\/jpeg","source_url":"https:\/\/agpnoticias.com\/news\/wp-content\/uploads\/2013\/01\/El-portero-de-Tijuana-agradeci\u00f3-el-respaldo-de-sus-compa\u00f1eros-50x50.jpg"},"full":{"file":"El-portero-de-Tijuana-agradeci\u00f3-el-respaldo-de-sus-compa\u00f1eros.jpg","width":640,"height":427,"mime_type":"image\/jpeg","source_url":"https:\/\/agpnoticias.com\/news\/wp-content\/uploads\/2013\/01\/El-portero-de-Tijuana-agradeci\u00f3-el-respaldo-de-sus-compa\u00f1eros.jpg"}},"image_meta":{"aperture":0,"credit":"","camera":"","caption":"","created_timestamp":0,"copyright":"","focal_length":0,"iso":0,"shutter_speed":0,"title":""}},"post":23246,"source_url":"https:\/\/agpnoticias.com\/news\/wp-content\/uploads\/2013\/01\/El-portero-de-Tijuana-agradeci\u00f3-el-respaldo-de-sus-compa\u00f1eros.jpg","_links":{"self":[{"href":"https:\/\/agpnoticias.com\/news\/index.php?rest_route=\/wp\/v2\/media\/23248","targetHints":{"allow":["GET"]}}],"collection":[{"href":"https:\/\/agpnoticias.com\/news\/index.php?rest_route=\/wp\/v2\/media"}],"about":[{"href":"https:\/\/agpnoticias.com\/news\/index.php?rest_route=\/wp\/v2\/types\/attachment"}],"author":[{"embeddable":true,"href":"https:\/\/agpnoticias.com\/news\/index.php?rest_route=\/wp\/v2\/users\/1"}],"replies":[{"embeddable":true,"href":"https:\/\/agpnoticias.com\/news\/index.php?rest_route=%2Fwp%2Fv2%2Fcomments&post=23248"}],"wp:attached-to":[{"embeddable":true,"post_type":"post","id":23246,"href":"https:\/\/agpnoticias.com\/news\/index.php?rest_route=\/wp\/v2\/posts\/23246"}],"curies":[{"name":"wp","href":"https:\/\/api.w.org\/{rel}","templated":true}]}}

http://agpnoticias.com/news/wp-content/uploads/2013/01/El-portero-de-Tijuana-agradeció-el-respaldo-de-sus-compañeros.jpg

El portero de Tijuana agradeció el respaldo de sus compañeros

<p class="attachment"><a href='https://agpnoticias.com/news/wp-content/uploads/2013/01/El-portero-de-Tijuana-agradeció-el-respaldo-de-sus-compañeros.jpg'><img loading="lazy" width="320" height="240" src="https://agpnoticias.com/news/wp-content/uploads/2013/01/El-portero-de-Tijuana-agradeció-el-respaldo-de-sus-compañeros-320x240.jpg" class="attachment-medium size-medium" alt="El portero de Tijuana agradeció el respaldo de sus compañeros" loading="lazy" decoding="async" /></a></p>

<p>El portero de Tijuana agradeció el respaldo de sus compañeros</p>

2013/01/El-portero-de-Tijuana-agradeció-el-respaldo-de-sus-compañeros.jpg

El-portero-de-Tijuana-agradeció-el-respaldo-de-sus-compañeros-200x133.jpg

https://agpnoticias.com/news/wp-content/uploads/2013/01/El-portero-de-Tijuana-agradeció-el-respaldo-de-sus-compañeros-200x133.jpg

El-portero-de-Tijuana-agradeció-el-respaldo-de-sus-compañeros-320x240.jpg

https://agpnoticias.com/news/wp-content/uploads/2013/01/El-portero-de-Tijuana-agradeció-el-respaldo-de-sus-compañeros-320x240.jpg

El-portero-de-Tijuana-agradeció-el-respaldo-de-sus-compañeros-50x50.jpg

https://agpnoticias.com/news/wp-content/uploads/2013/01/El-portero-de-Tijuana-agradeció-el-respaldo-de-sus-compañeros-50x50.jpg

El-portero-de-Tijuana-agradeció-el-respaldo-de-sus-compañeros.jpg

https://agpnoticias.com/news/wp-content/uploads/2013/01/El-portero-de-Tijuana-agradeció-el-respaldo-de-sus-compañeros.jpg
