{"id":24001,"date":"2013-02-15T18:43:28","date_gmt":"2013-02-16T01:43:28","guid":{"rendered":"http:\/\/agpnoticias.com\/news\/wp-content\/uploads\/2013\/02\/Marcel-Nguyen-estar\u00e1-en-Canc\u00fan-con-la-selecci\u00f3n-alemana.jpg"},"modified":"2013-02-15T18:43:28","modified_gmt":"2013-02-16T01:43:28","slug":"marcel-nguyen-estara-en-cancun-con-la-seleccion-alemana","status":"inherit","type":"attachment","link":"https:\/\/agpnoticias.com\/news\/?attachment_id=24001","title":{"rendered":"Marcel Nguyen estar\u00e1 en Canc\u00fan con la selecci\u00f3n alemana"},"author":1,"featured_media":0,"comment_status":"closed","ping_status":"closed","template":"","meta":[],"class_list":["post-24001","attachment","type-attachment","status-inherit","hentry"],"description":{"rendered":"<p class=\"attachment\"><a href='https:\/\/agpnoticias.com\/news\/wp-content\/uploads\/2013\/02\/Marcel-Nguyen-estar\u00e1-en-Canc\u00fan-con-la-selecci\u00f3n-alemana.jpg'><img loading=\"lazy\" width=\"320\" height=\"240\" src=\"https:\/\/agpnoticias.com\/news\/wp-content\/uploads\/2013\/02\/Marcel-Nguyen-estar\u00e1-en-Canc\u00fan-con-la-selecci\u00f3n-alemana-320x240.jpg\" class=\"attachment-medium size-medium\" alt=\"Marcel Nguyen estar\u00e1 en Canc\u00fan con la selecci\u00f3n alemana\" loading=\"lazy\" decoding=\"async\" \/><\/a><\/p>\n"},"caption":{"rendered":"<p>Marcel Nguyen estar\u00e1 en Canc\u00fan con la selecci\u00f3n alemana<\/p>\n"},"alt_text":"","media_type":"image","mime_type":"image\/jpeg","media_details":{"width":572,"height":322,"file":"2013\/02\/Marcel-Nguyen-estar\u00e1-en-Canc\u00fan-con-la-selecci\u00f3n-alemana.jpg","sizes":{"thumbnail":{"file":"Marcel-Nguyen-estar\u00e1-en-Canc\u00fan-con-la-selecci\u00f3n-alemana-200x112.jpg","width":200,"height":112,"mime_type":"image\/jpeg","source_url":"https:\/\/agpnoticias.com\/news\/wp-content\/uploads\/2013\/02\/Marcel-Nguyen-estar\u00e1-en-Canc\u00fan-con-la-selecci\u00f3n-alemana-200x112.jpg"},"medium":{"file":"Marcel-Nguyen-estar\u00e1-en-Canc\u00fan-con-la-selecci\u00f3n-alemana-320x240.jpg","width":320,"height":240,"mime_type":"image\/jpeg","source_url":"https:\/\/agpnoticias.com\/news\/wp-content\/uploads\/2013\/02\/Marcel-Nguyen-estar\u00e1-en-Canc\u00fan-con-la-selecci\u00f3n-alemana-320x240.jpg"},"post-thumbnail":{"file":"Marcel-Nguyen-estar\u00e1-en-Canc\u00fan-con-la-selecci\u00f3n-alemana-50x50.jpg","width":50,"height":50,"mime_type":"image\/jpeg","source_url":"https:\/\/agpnoticias.com\/news\/wp-content\/uploads\/2013\/02\/Marcel-Nguyen-estar\u00e1-en-Canc\u00fan-con-la-selecci\u00f3n-alemana-50x50.jpg"},"full":{"file":"Marcel-Nguyen-estar\u00e1-en-Canc\u00fan-con-la-selecci\u00f3n-alemana.jpg","width":572,"height":322,"mime_type":"image\/jpeg","source_url":"https:\/\/agpnoticias.com\/news\/wp-content\/uploads\/2013\/02\/Marcel-Nguyen-estar\u00e1-en-Canc\u00fan-con-la-selecci\u00f3n-alemana.jpg"}},"image_meta":{"aperture":0,"credit":"","camera":"","caption":"","created_timestamp":0,"copyright":"","focal_length":0,"iso":0,"shutter_speed":0,"title":""}},"post":23999,"source_url":"https:\/\/agpnoticias.com\/news\/wp-content\/uploads\/2013\/02\/Marcel-Nguyen-estar\u00e1-en-Canc\u00fan-con-la-selecci\u00f3n-alemana.jpg","_links":{"self":[{"href":"https:\/\/agpnoticias.com\/news\/index.php?rest_route=\/wp\/v2\/media\/24001","targetHints":{"allow":["GET"]}}],"collection":[{"href":"https:\/\/agpnoticias.com\/news\/index.php?rest_route=\/wp\/v2\/media"}],"about":[{"href":"https:\/\/agpnoticias.com\/news\/index.php?rest_route=\/wp\/v2\/types\/attachment"}],"author":[{"embeddable":true,"href":"https:\/\/agpnoticias.com\/news\/index.php?rest_route=\/wp\/v2\/users\/1"}],"replies":[{"embeddable":true,"href":"https:\/\/agpnoticias.com\/news\/index.php?rest_route=%2Fwp%2Fv2%2Fcomments&post=24001"}],"wp:attached-to":[{"embeddable":true,"post_type":"post","id":23999,"href":"https:\/\/agpnoticias.com\/news\/index.php?rest_route=\/wp\/v2\/posts\/23999"}],"curies":[{"name":"wp","href":"https:\/\/api.w.org\/{rel}","templated":true}]}}

http://agpnoticias.com/news/wp-content/uploads/2013/02/Marcel-Nguyen-estará-en-Cancún-con-la-selección-alemana.jpg

Marcel Nguyen estará en Cancún con la selección alemana

<p class="attachment"><a href='https://agpnoticias.com/news/wp-content/uploads/2013/02/Marcel-Nguyen-estará-en-Cancún-con-la-selección-alemana.jpg'><img loading="lazy" width="320" height="240" src="https://agpnoticias.com/news/wp-content/uploads/2013/02/Marcel-Nguyen-estará-en-Cancún-con-la-selección-alemana-320x240.jpg" class="attachment-medium size-medium" alt="Marcel Nguyen estará en Cancún con la selección alemana" loading="lazy" decoding="async" /></a></p>

<p>Marcel Nguyen estará en Cancún con la selección alemana</p>

2013/02/Marcel-Nguyen-estará-en-Cancún-con-la-selección-alemana.jpg

Marcel-Nguyen-estará-en-Cancún-con-la-selección-alemana-200x112.jpg

https://agpnoticias.com/news/wp-content/uploads/2013/02/Marcel-Nguyen-estará-en-Cancún-con-la-selección-alemana-200x112.jpg

Marcel-Nguyen-estará-en-Cancún-con-la-selección-alemana-320x240.jpg

https://agpnoticias.com/news/wp-content/uploads/2013/02/Marcel-Nguyen-estará-en-Cancún-con-la-selección-alemana-320x240.jpg

Marcel-Nguyen-estará-en-Cancún-con-la-selección-alemana-50x50.jpg

https://agpnoticias.com/news/wp-content/uploads/2013/02/Marcel-Nguyen-estará-en-Cancún-con-la-selección-alemana-50x50.jpg

Marcel-Nguyen-estará-en-Cancún-con-la-selección-alemana.jpg

https://agpnoticias.com/news/wp-content/uploads/2013/02/Marcel-Nguyen-estará-en-Cancún-con-la-selección-alemana.jpg
