{"id":24367,"date":"2013-02-22T14:51:25","date_gmt":"2013-02-22T21:51:25","guid":{"rendered":"http:\/\/agpnoticias.com\/news\/wp-content\/uploads\/2013\/02\/Rafa-Guzm\u00e1n-pelear\u00e1-el-30-de-marzo-en-Ensenada.jpg"},"modified":"2013-02-22T14:51:25","modified_gmt":"2013-02-22T21:51:25","slug":"rafa-guzman-peleara-el-30-de-marzo-en-ensenada","status":"inherit","type":"attachment","link":"https:\/\/agpnoticias.com\/news\/?attachment_id=24367","title":{"rendered":"Rafa Guzm\u00e1n pelear\u00e1 el 30 de marzo en Ensenada"},"author":1,"featured_media":0,"comment_status":"closed","ping_status":"closed","template":"","meta":[],"class_list":["post-24367","attachment","type-attachment","status-inherit","hentry"],"description":{"rendered":"<p class=\"attachment\"><a href='https:\/\/agpnoticias.com\/news\/wp-content\/uploads\/2013\/02\/Rafa-Guzm\u00e1n-pelear\u00e1-el-30-de-marzo-en-Ensenada.jpg'><img loading=\"lazy\" width=\"320\" height=\"240\" src=\"https:\/\/agpnoticias.com\/news\/wp-content\/uploads\/2013\/02\/Rafa-Guzm\u00e1n-pelear\u00e1-el-30-de-marzo-en-Ensenada-320x240.jpg\" class=\"attachment-medium size-medium\" alt=\"Rafa Guzm\u00e1n pelear\u00e1 el 30 de marzo en Ensenada\" srcset=\"https:\/\/agpnoticias.com\/news\/wp-content\/uploads\/2013\/02\/Rafa-Guzm\u00e1n-pelear\u00e1-el-30-de-marzo-en-Ensenada-320x240.jpg 320w, https:\/\/agpnoticias.com\/news\/wp-content\/uploads\/2013\/02\/Rafa-Guzm\u00e1n-pelear\u00e1-el-30-de-marzo-en-Ensenada-640x480.jpg 640w\" sizes=\"auto, (max-width: 320px) 100vw, 320px\" loading=\"lazy\" decoding=\"async\" \/><\/a><\/p>\n"},"caption":{"rendered":"<p>Rafa Guzm\u00e1n pelear\u00e1 el 30 de marzo en Ensenada<\/p>\n"},"alt_text":"","media_type":"image","mime_type":"image\/jpeg","media_details":{"width":660,"height":552,"file":"2013\/02\/Rafa-Guzm\u00e1n-pelear\u00e1-el-30-de-marzo-en-Ensenada.jpg","sizes":{"thumbnail":{"file":"Rafa-Guzm\u00e1n-pelear\u00e1-el-30-de-marzo-en-Ensenada-200x167.jpg","width":200,"height":167,"mime_type":"image\/jpeg","source_url":"https:\/\/agpnoticias.com\/news\/wp-content\/uploads\/2013\/02\/Rafa-Guzm\u00e1n-pelear\u00e1-el-30-de-marzo-en-Ensenada-200x167.jpg"},"medium":{"file":"Rafa-Guzm\u00e1n-pelear\u00e1-el-30-de-marzo-en-Ensenada-320x240.jpg","width":320,"height":240,"mime_type":"image\/jpeg","source_url":"https:\/\/agpnoticias.com\/news\/wp-content\/uploads\/2013\/02\/Rafa-Guzm\u00e1n-pelear\u00e1-el-30-de-marzo-en-Ensenada-320x240.jpg"},"large":{"file":"Rafa-Guzm\u00e1n-pelear\u00e1-el-30-de-marzo-en-Ensenada-640x480.jpg","width":640,"height":480,"mime_type":"image\/jpeg","source_url":"https:\/\/agpnoticias.com\/news\/wp-content\/uploads\/2013\/02\/Rafa-Guzm\u00e1n-pelear\u00e1-el-30-de-marzo-en-Ensenada-640x480.jpg"},"post-thumbnail":{"file":"Rafa-Guzm\u00e1n-pelear\u00e1-el-30-de-marzo-en-Ensenada-50x50.jpg","width":50,"height":50,"mime_type":"image\/jpeg","source_url":"https:\/\/agpnoticias.com\/news\/wp-content\/uploads\/2013\/02\/Rafa-Guzm\u00e1n-pelear\u00e1-el-30-de-marzo-en-Ensenada-50x50.jpg"},"full":{"file":"Rafa-Guzm\u00e1n-pelear\u00e1-el-30-de-marzo-en-Ensenada.jpg","width":660,"height":552,"mime_type":"image\/jpeg","source_url":"https:\/\/agpnoticias.com\/news\/wp-content\/uploads\/2013\/02\/Rafa-Guzm\u00e1n-pelear\u00e1-el-30-de-marzo-en-Ensenada.jpg"}},"image_meta":{"aperture":2.8,"credit":"","camera":"Canon PowerShot ELPH 100 HS","caption":"","created_timestamp":1337900002,"copyright":"","focal_length":"5","iso":"800","shutter_speed":"0.0166666666667","title":""}},"post":24366,"source_url":"https:\/\/agpnoticias.com\/news\/wp-content\/uploads\/2013\/02\/Rafa-Guzm\u00e1n-pelear\u00e1-el-30-de-marzo-en-Ensenada.jpg","_links":{"self":[{"href":"https:\/\/agpnoticias.com\/news\/index.php?rest_route=\/wp\/v2\/media\/24367","targetHints":{"allow":["GET"]}}],"collection":[{"href":"https:\/\/agpnoticias.com\/news\/index.php?rest_route=\/wp\/v2\/media"}],"about":[{"href":"https:\/\/agpnoticias.com\/news\/index.php?rest_route=\/wp\/v2\/types\/attachment"}],"author":[{"embeddable":true,"href":"https:\/\/agpnoticias.com\/news\/index.php?rest_route=\/wp\/v2\/users\/1"}],"replies":[{"embeddable":true,"href":"https:\/\/agpnoticias.com\/news\/index.php?rest_route=%2Fwp%2Fv2%2Fcomments&post=24367"}],"wp:attached-to":[{"embeddable":true,"post_type":"post","id":24366,"href":"https:\/\/agpnoticias.com\/news\/index.php?rest_route=\/wp\/v2\/posts\/24366"}],"curies":[{"name":"wp","href":"https:\/\/api.w.org\/{rel}","templated":true}]}}

http://agpnoticias.com/news/wp-content/uploads/2013/02/Rafa-Guzmán-peleará-el-30-de-marzo-en-Ensenada.jpg

Rafa Guzmán peleará el 30 de marzo en Ensenada

<p class="attachment"><a href='https://agpnoticias.com/news/wp-content/uploads/2013/02/Rafa-Guzmán-peleará-el-30-de-marzo-en-Ensenada.jpg'><img loading="lazy" width="320" height="240" src="https://agpnoticias.com/news/wp-content/uploads/2013/02/Rafa-Guzmán-peleará-el-30-de-marzo-en-Ensenada-320x240.jpg" class="attachment-medium size-medium" alt="Rafa Guzmán peleará el 30 de marzo en Ensenada" srcset="https://agpnoticias.com/news/wp-content/uploads/2013/02/Rafa-Guzmán-peleará-el-30-de-marzo-en-Ensenada-320x240.jpg 320w, https://agpnoticias.com/news/wp-content/uploads/2013/02/Rafa-Guzmán-peleará-el-30-de-marzo-en-Ensenada-640x480.jpg 640w" sizes="auto, (max-width: 320px) 100vw, 320px" loading="lazy" decoding="async" /></a></p>

<p>Rafa Guzmán peleará el 30 de marzo en Ensenada</p>

2013/02/Rafa-Guzmán-peleará-el-30-de-marzo-en-Ensenada.jpg

Rafa-Guzmán-peleará-el-30-de-marzo-en-Ensenada-200x167.jpg

https://agpnoticias.com/news/wp-content/uploads/2013/02/Rafa-Guzmán-peleará-el-30-de-marzo-en-Ensenada-200x167.jpg

Rafa-Guzmán-peleará-el-30-de-marzo-en-Ensenada-320x240.jpg

https://agpnoticias.com/news/wp-content/uploads/2013/02/Rafa-Guzmán-peleará-el-30-de-marzo-en-Ensenada-320x240.jpg

Rafa-Guzmán-peleará-el-30-de-marzo-en-Ensenada-640x480.jpg

https://agpnoticias.com/news/wp-content/uploads/2013/02/Rafa-Guzmán-peleará-el-30-de-marzo-en-Ensenada-640x480.jpg

Rafa-Guzmán-peleará-el-30-de-marzo-en-Ensenada-50x50.jpg

https://agpnoticias.com/news/wp-content/uploads/2013/02/Rafa-Guzmán-peleará-el-30-de-marzo-en-Ensenada-50x50.jpg

Rafa-Guzmán-peleará-el-30-de-marzo-en-Ensenada.jpg

https://agpnoticias.com/news/wp-content/uploads/2013/02/Rafa-Guzmán-peleará-el-30-de-marzo-en-Ensenada.jpg
