{"id":25485,"date":"2013-03-15T17:46:11","date_gmt":"2013-03-16T00:46:11","guid":{"rendered":"http:\/\/agpnoticias.com\/news\/wp-content\/uploads\/2013\/03\/Sa\u00fal-Castro-recibi\u00f3-al-titular-de-la-Segunda-Divisi\u00f3n-Profesional.jpg"},"modified":"2013-03-15T17:46:11","modified_gmt":"2013-03-16T00:46:11","slug":"saul-castro-recibio-al-titular-de-la-segunda-division-profesional","status":"inherit","type":"attachment","link":"https:\/\/agpnoticias.com\/news\/?attachment_id=25485","title":{"rendered":"Sa\u00fal Castro recibi\u00f3 al titular de la Segunda Divisi\u00f3n Profesional"},"author":1,"featured_media":0,"comment_status":"closed","ping_status":"closed","template":"","meta":[],"class_list":["post-25485","attachment","type-attachment","status-inherit","hentry"],"description":{"rendered":"<p class=\"attachment\"><a href='https:\/\/agpnoticias.com\/news\/wp-content\/uploads\/2013\/03\/Sa\u00fal-Castro-recibi\u00f3-al-titular-de-la-Segunda-Divisi\u00f3n-Profesional.jpg'><img loading=\"lazy\" width=\"320\" height=\"240\" src=\"https:\/\/agpnoticias.com\/news\/wp-content\/uploads\/2013\/03\/Sa\u00fal-Castro-recibi\u00f3-al-titular-de-la-Segunda-Divisi\u00f3n-Profesional-320x240.jpg\" class=\"attachment-medium size-medium\" alt=\"Sa\u00fal Castro recibi\u00f3 al titular de la Segunda Divisi\u00f3n Profesional\" loading=\"lazy\" decoding=\"async\" \/><\/a><\/p>\n"},"caption":{"rendered":"<p>Sa\u00fal Castro recibi\u00f3 al titular de la Segunda Divisi\u00f3n Profesional<\/p>\n"},"alt_text":"","media_type":"image","mime_type":"image\/jpeg","media_details":{"width":640,"height":437,"file":"2013\/03\/Sa\u00fal-Castro-recibi\u00f3-al-titular-de-la-Segunda-Divisi\u00f3n-Profesional.jpg","sizes":{"thumbnail":{"file":"Sa\u00fal-Castro-recibi\u00f3-al-titular-de-la-Segunda-Divisi\u00f3n-Profesional-200x136.jpg","width":200,"height":136,"mime_type":"image\/jpeg","source_url":"https:\/\/agpnoticias.com\/news\/wp-content\/uploads\/2013\/03\/Sa\u00fal-Castro-recibi\u00f3-al-titular-de-la-Segunda-Divisi\u00f3n-Profesional-200x136.jpg"},"medium":{"file":"Sa\u00fal-Castro-recibi\u00f3-al-titular-de-la-Segunda-Divisi\u00f3n-Profesional-320x240.jpg","width":320,"height":240,"mime_type":"image\/jpeg","source_url":"https:\/\/agpnoticias.com\/news\/wp-content\/uploads\/2013\/03\/Sa\u00fal-Castro-recibi\u00f3-al-titular-de-la-Segunda-Divisi\u00f3n-Profesional-320x240.jpg"},"post-thumbnail":{"file":"Sa\u00fal-Castro-recibi\u00f3-al-titular-de-la-Segunda-Divisi\u00f3n-Profesional-50x50.jpg","width":50,"height":50,"mime_type":"image\/jpeg","source_url":"https:\/\/agpnoticias.com\/news\/wp-content\/uploads\/2013\/03\/Sa\u00fal-Castro-recibi\u00f3-al-titular-de-la-Segunda-Divisi\u00f3n-Profesional-50x50.jpg"},"full":{"file":"Sa\u00fal-Castro-recibi\u00f3-al-titular-de-la-Segunda-Divisi\u00f3n-Profesional.jpg","width":640,"height":437,"mime_type":"image\/jpeg","source_url":"https:\/\/agpnoticias.com\/news\/wp-content\/uploads\/2013\/03\/Sa\u00fal-Castro-recibi\u00f3-al-titular-de-la-Segunda-Divisi\u00f3n-Profesional.jpg"}},"image_meta":{"aperture":5,"credit":"","camera":"Canon EOS-1D Mark IV","caption":"","created_timestamp":1363358276,"copyright":"","focal_length":"30","iso":"100","shutter_speed":"0.002","title":""}},"post":25484,"source_url":"https:\/\/agpnoticias.com\/news\/wp-content\/uploads\/2013\/03\/Sa\u00fal-Castro-recibi\u00f3-al-titular-de-la-Segunda-Divisi\u00f3n-Profesional.jpg","_links":{"self":[{"href":"https:\/\/agpnoticias.com\/news\/index.php?rest_route=\/wp\/v2\/media\/25485","targetHints":{"allow":["GET"]}}],"collection":[{"href":"https:\/\/agpnoticias.com\/news\/index.php?rest_route=\/wp\/v2\/media"}],"about":[{"href":"https:\/\/agpnoticias.com\/news\/index.php?rest_route=\/wp\/v2\/types\/attachment"}],"author":[{"embeddable":true,"href":"https:\/\/agpnoticias.com\/news\/index.php?rest_route=\/wp\/v2\/users\/1"}],"replies":[{"embeddable":true,"href":"https:\/\/agpnoticias.com\/news\/index.php?rest_route=%2Fwp%2Fv2%2Fcomments&post=25485"}],"wp:attached-to":[{"embeddable":true,"post_type":"post","id":25484,"href":"https:\/\/agpnoticias.com\/news\/index.php?rest_route=\/wp\/v2\/posts\/25484"}],"curies":[{"name":"wp","href":"https:\/\/api.w.org\/{rel}","templated":true}]}}

http://agpnoticias.com/news/wp-content/uploads/2013/03/Saúl-Castro-recibió-al-titular-de-la-Segunda-División-Profesional.jpg

Saúl Castro recibió al titular de la Segunda División Profesional

<p class="attachment"><a href='https://agpnoticias.com/news/wp-content/uploads/2013/03/Saúl-Castro-recibió-al-titular-de-la-Segunda-División-Profesional.jpg'><img loading="lazy" width="320" height="240" src="https://agpnoticias.com/news/wp-content/uploads/2013/03/Saúl-Castro-recibió-al-titular-de-la-Segunda-División-Profesional-320x240.jpg" class="attachment-medium size-medium" alt="Saúl Castro recibió al titular de la Segunda División Profesional" loading="lazy" decoding="async" /></a></p>

<p>Saúl Castro recibió al titular de la Segunda División Profesional</p>

2013/03/Saúl-Castro-recibió-al-titular-de-la-Segunda-División-Profesional.jpg

Saúl-Castro-recibió-al-titular-de-la-Segunda-División-Profesional-200x136.jpg

https://agpnoticias.com/news/wp-content/uploads/2013/03/Saúl-Castro-recibió-al-titular-de-la-Segunda-División-Profesional-200x136.jpg

Saúl-Castro-recibió-al-titular-de-la-Segunda-División-Profesional-320x240.jpg

https://agpnoticias.com/news/wp-content/uploads/2013/03/Saúl-Castro-recibió-al-titular-de-la-Segunda-División-Profesional-320x240.jpg

Saúl-Castro-recibió-al-titular-de-la-Segunda-División-Profesional-50x50.jpg

https://agpnoticias.com/news/wp-content/uploads/2013/03/Saúl-Castro-recibió-al-titular-de-la-Segunda-División-Profesional-50x50.jpg

Saúl-Castro-recibió-al-titular-de-la-Segunda-División-Profesional.jpg

https://agpnoticias.com/news/wp-content/uploads/2013/03/Saúl-Castro-recibió-al-titular-de-la-Segunda-División-Profesional.jpg
