{"id":26989,"date":"2013-04-13T13:35:19","date_gmt":"2013-04-13T20:35:19","guid":{"rendered":"http:\/\/agpnoticias.com\/news\/wp-content\/uploads\/2013\/04\/Duvier-Riascos-y-Fidel-Mart\u00ednez-estar\u00e1n-de-inicio-contra-Cruz-Azul.jpg"},"modified":"2013-04-13T13:35:19","modified_gmt":"2013-04-13T20:35:19","slug":"duvier-riascos-y-fidel-martinez-estaran-de-inicio-contra-cruz-azul","status":"inherit","type":"attachment","link":"https:\/\/agpnoticias.com\/news\/?attachment_id=26989","title":{"rendered":"Duvier Riascos y Fidel Mart\u00ednez estar\u00e1n de inicio contra Cruz Azul"},"author":1,"featured_media":0,"comment_status":"closed","ping_status":"closed","template":"","meta":[],"class_list":["post-26989","attachment","type-attachment","status-inherit","hentry"],"description":{"rendered":"<p class=\"attachment\"><a href='https:\/\/agpnoticias.com\/news\/wp-content\/uploads\/2013\/04\/Duvier-Riascos-y-Fidel-Mart\u00ednez-estar\u00e1n-de-inicio-contra-Cruz-Azul.jpg'><img loading=\"lazy\" width=\"320\" height=\"240\" src=\"https:\/\/agpnoticias.com\/news\/wp-content\/uploads\/2013\/04\/Duvier-Riascos-y-Fidel-Mart\u00ednez-estar\u00e1n-de-inicio-contra-Cruz-Azul-320x240.jpg\" class=\"attachment-medium size-medium\" alt=\"Duvier Riascos y Fidel Mart\u00ednez estar\u00e1n de inicio contra Cruz Azul\" loading=\"lazy\" decoding=\"async\" \/><\/a><\/p>\n"},"caption":{"rendered":"<p>Duvier Riascos y Fidel Mart\u00ednez estar\u00e1n de inicio contra Cruz Azul<\/p>\n"},"alt_text":"","media_type":"image","mime_type":"image\/jpeg","media_details":{"width":640,"height":360,"file":"2013\/04\/Duvier-Riascos-y-Fidel-Mart\u00ednez-estar\u00e1n-de-inicio-contra-Cruz-Azul.jpg","sizes":{"thumbnail":{"file":"Duvier-Riascos-y-Fidel-Mart\u00ednez-estar\u00e1n-de-inicio-contra-Cruz-Azul-200x112.jpg","width":200,"height":112,"mime_type":"image\/jpeg","source_url":"https:\/\/agpnoticias.com\/news\/wp-content\/uploads\/2013\/04\/Duvier-Riascos-y-Fidel-Mart\u00ednez-estar\u00e1n-de-inicio-contra-Cruz-Azul-200x112.jpg"},"medium":{"file":"Duvier-Riascos-y-Fidel-Mart\u00ednez-estar\u00e1n-de-inicio-contra-Cruz-Azul-320x240.jpg","width":320,"height":240,"mime_type":"image\/jpeg","source_url":"https:\/\/agpnoticias.com\/news\/wp-content\/uploads\/2013\/04\/Duvier-Riascos-y-Fidel-Mart\u00ednez-estar\u00e1n-de-inicio-contra-Cruz-Azul-320x240.jpg"},"post-thumbnail":{"file":"Duvier-Riascos-y-Fidel-Mart\u00ednez-estar\u00e1n-de-inicio-contra-Cruz-Azul-50x50.jpg","width":50,"height":50,"mime_type":"image\/jpeg","source_url":"https:\/\/agpnoticias.com\/news\/wp-content\/uploads\/2013\/04\/Duvier-Riascos-y-Fidel-Mart\u00ednez-estar\u00e1n-de-inicio-contra-Cruz-Azul-50x50.jpg"},"full":{"file":"Duvier-Riascos-y-Fidel-Mart\u00ednez-estar\u00e1n-de-inicio-contra-Cruz-Azul.jpg","width":640,"height":360,"mime_type":"image\/jpeg","source_url":"https:\/\/agpnoticias.com\/news\/wp-content\/uploads\/2013\/04\/Duvier-Riascos-y-Fidel-Mart\u00ednez-estar\u00e1n-de-inicio-contra-Cruz-Azul.jpg"}},"image_meta":{"aperture":0,"credit":"","camera":"","caption":"","created_timestamp":0,"copyright":"","focal_length":0,"iso":0,"shutter_speed":0,"title":""}},"post":26988,"source_url":"https:\/\/agpnoticias.com\/news\/wp-content\/uploads\/2013\/04\/Duvier-Riascos-y-Fidel-Mart\u00ednez-estar\u00e1n-de-inicio-contra-Cruz-Azul.jpg","_links":{"self":[{"href":"https:\/\/agpnoticias.com\/news\/index.php?rest_route=\/wp\/v2\/media\/26989","targetHints":{"allow":["GET"]}}],"collection":[{"href":"https:\/\/agpnoticias.com\/news\/index.php?rest_route=\/wp\/v2\/media"}],"about":[{"href":"https:\/\/agpnoticias.com\/news\/index.php?rest_route=\/wp\/v2\/types\/attachment"}],"author":[{"embeddable":true,"href":"https:\/\/agpnoticias.com\/news\/index.php?rest_route=\/wp\/v2\/users\/1"}],"replies":[{"embeddable":true,"href":"https:\/\/agpnoticias.com\/news\/index.php?rest_route=%2Fwp%2Fv2%2Fcomments&post=26989"}],"wp:attached-to":[{"embeddable":true,"post_type":"post","id":26988,"href":"https:\/\/agpnoticias.com\/news\/index.php?rest_route=\/wp\/v2\/posts\/26988"}],"curies":[{"name":"wp","href":"https:\/\/api.w.org\/{rel}","templated":true}]}}

http://agpnoticias.com/news/wp-content/uploads/2013/04/Duvier-Riascos-y-Fidel-Martínez-estarán-de-inicio-contra-Cruz-Azul.jpg

Duvier Riascos y Fidel Martínez estarán de inicio contra Cruz Azul

<p class="attachment"><a href='https://agpnoticias.com/news/wp-content/uploads/2013/04/Duvier-Riascos-y-Fidel-Martínez-estarán-de-inicio-contra-Cruz-Azul.jpg'><img loading="lazy" width="320" height="240" src="https://agpnoticias.com/news/wp-content/uploads/2013/04/Duvier-Riascos-y-Fidel-Martínez-estarán-de-inicio-contra-Cruz-Azul-320x240.jpg" class="attachment-medium size-medium" alt="Duvier Riascos y Fidel Martínez estarán de inicio contra Cruz Azul" loading="lazy" decoding="async" /></a></p>

<p>Duvier Riascos y Fidel Martínez estarán de inicio contra Cruz Azul</p>

2013/04/Duvier-Riascos-y-Fidel-Martínez-estarán-de-inicio-contra-Cruz-Azul.jpg

Duvier-Riascos-y-Fidel-Martínez-estarán-de-inicio-contra-Cruz-Azul-200x112.jpg

https://agpnoticias.com/news/wp-content/uploads/2013/04/Duvier-Riascos-y-Fidel-Martínez-estarán-de-inicio-contra-Cruz-Azul-200x112.jpg

Duvier-Riascos-y-Fidel-Martínez-estarán-de-inicio-contra-Cruz-Azul-320x240.jpg

https://agpnoticias.com/news/wp-content/uploads/2013/04/Duvier-Riascos-y-Fidel-Martínez-estarán-de-inicio-contra-Cruz-Azul-320x240.jpg

Duvier-Riascos-y-Fidel-Martínez-estarán-de-inicio-contra-Cruz-Azul-50x50.jpg

https://agpnoticias.com/news/wp-content/uploads/2013/04/Duvier-Riascos-y-Fidel-Martínez-estarán-de-inicio-contra-Cruz-Azul-50x50.jpg

Duvier-Riascos-y-Fidel-Martínez-estarán-de-inicio-contra-Cruz-Azul.jpg

https://agpnoticias.com/news/wp-content/uploads/2013/04/Duvier-Riascos-y-Fidel-Martínez-estarán-de-inicio-contra-Cruz-Azul.jpg
