{"id":27276,"date":"2013-04-19T00:21:04","date_gmt":"2013-04-19T07:21:04","guid":{"rendered":"http:\/\/agpnoticias.com\/news\/wp-content\/uploads\/2013\/04\/Tecate-rescat\u00f3-la-serie-en-casa-del-l\u00edder-San-Luis.jpg"},"modified":"2013-04-19T00:21:04","modified_gmt":"2013-04-19T07:21:04","slug":"tecate-rescato-la-serie-en-casa-del-lider-san-luis","status":"inherit","type":"attachment","link":"https:\/\/agpnoticias.com\/news\/?attachment_id=27276","title":{"rendered":"Tecate rescat\u00f3 la serie en casa del l\u00edder San Luis"},"author":1,"featured_media":0,"comment_status":"closed","ping_status":"closed","template":"","meta":[],"class_list":["post-27276","attachment","type-attachment","status-inherit","hentry"],"description":{"rendered":"<p class=\"attachment\"><a href='https:\/\/agpnoticias.com\/news\/wp-content\/uploads\/2013\/04\/Tecate-rescat\u00f3-la-serie-en-casa-del-l\u00edder-San-Luis.jpg'><img loading=\"lazy\" width=\"320\" height=\"240\" src=\"https:\/\/agpnoticias.com\/news\/wp-content\/uploads\/2013\/04\/Tecate-rescat\u00f3-la-serie-en-casa-del-l\u00edder-San-Luis-320x240.jpg\" class=\"attachment-medium size-medium\" alt=\"Tecate rescat\u00f3 la serie en casa del l\u00edder San Luis\" loading=\"lazy\" decoding=\"async\" \/><\/a><\/p>\n"},"caption":{"rendered":"<p>Tecate rescat\u00f3 la serie en casa del l\u00edder San Luis<\/p>\n"},"alt_text":"","media_type":"image","mime_type":"image\/jpeg","media_details":{"width":640,"height":455,"file":"2013\/04\/Tecate-rescat\u00f3-la-serie-en-casa-del-l\u00edder-San-Luis.jpg","sizes":{"thumbnail":{"file":"Tecate-rescat\u00f3-la-serie-en-casa-del-l\u00edder-San-Luis-200x142.jpg","width":200,"height":142,"mime_type":"image\/jpeg","source_url":"https:\/\/agpnoticias.com\/news\/wp-content\/uploads\/2013\/04\/Tecate-rescat\u00f3-la-serie-en-casa-del-l\u00edder-San-Luis-200x142.jpg"},"medium":{"file":"Tecate-rescat\u00f3-la-serie-en-casa-del-l\u00edder-San-Luis-320x240.jpg","width":320,"height":240,"mime_type":"image\/jpeg","source_url":"https:\/\/agpnoticias.com\/news\/wp-content\/uploads\/2013\/04\/Tecate-rescat\u00f3-la-serie-en-casa-del-l\u00edder-San-Luis-320x240.jpg"},"post-thumbnail":{"file":"Tecate-rescat\u00f3-la-serie-en-casa-del-l\u00edder-San-Luis-50x50.jpg","width":50,"height":50,"mime_type":"image\/jpeg","source_url":"https:\/\/agpnoticias.com\/news\/wp-content\/uploads\/2013\/04\/Tecate-rescat\u00f3-la-serie-en-casa-del-l\u00edder-San-Luis-50x50.jpg"},"full":{"file":"Tecate-rescat\u00f3-la-serie-en-casa-del-l\u00edder-San-Luis.jpg","width":640,"height":455,"mime_type":"image\/jpeg","source_url":"https:\/\/agpnoticias.com\/news\/wp-content\/uploads\/2013\/04\/Tecate-rescat\u00f3-la-serie-en-casa-del-l\u00edder-San-Luis.jpg"}},"image_meta":{"aperture":5.6,"credit":"","camera":"NIKON D7000","caption":"","created_timestamp":1366106625,"copyright":"","focal_length":"105","iso":"4000","shutter_speed":"0.008","title":""}},"post":27267,"source_url":"https:\/\/agpnoticias.com\/news\/wp-content\/uploads\/2013\/04\/Tecate-rescat\u00f3-la-serie-en-casa-del-l\u00edder-San-Luis.jpg","_links":{"self":[{"href":"https:\/\/agpnoticias.com\/news\/index.php?rest_route=\/wp\/v2\/media\/27276","targetHints":{"allow":["GET"]}}],"collection":[{"href":"https:\/\/agpnoticias.com\/news\/index.php?rest_route=\/wp\/v2\/media"}],"about":[{"href":"https:\/\/agpnoticias.com\/news\/index.php?rest_route=\/wp\/v2\/types\/attachment"}],"author":[{"embeddable":true,"href":"https:\/\/agpnoticias.com\/news\/index.php?rest_route=\/wp\/v2\/users\/1"}],"replies":[{"embeddable":true,"href":"https:\/\/agpnoticias.com\/news\/index.php?rest_route=%2Fwp%2Fv2%2Fcomments&post=27276"}],"wp:attached-to":[{"embeddable":true,"post_type":"post","id":27267,"href":"https:\/\/agpnoticias.com\/news\/index.php?rest_route=\/wp\/v2\/posts\/27267"}],"curies":[{"name":"wp","href":"https:\/\/api.w.org\/{rel}","templated":true}]}}

http://agpnoticias.com/news/wp-content/uploads/2013/04/Tecate-rescató-la-serie-en-casa-del-líder-San-Luis.jpg

Tecate rescató la serie en casa del líder San Luis

<p class="attachment"><a href='https://agpnoticias.com/news/wp-content/uploads/2013/04/Tecate-rescató-la-serie-en-casa-del-líder-San-Luis.jpg'><img loading="lazy" width="320" height="240" src="https://agpnoticias.com/news/wp-content/uploads/2013/04/Tecate-rescató-la-serie-en-casa-del-líder-San-Luis-320x240.jpg" class="attachment-medium size-medium" alt="Tecate rescató la serie en casa del líder San Luis" loading="lazy" decoding="async" /></a></p>

<p>Tecate rescató la serie en casa del líder San Luis</p>

2013/04/Tecate-rescató-la-serie-en-casa-del-líder-San-Luis.jpg

Tecate-rescató-la-serie-en-casa-del-líder-San-Luis-200x142.jpg

https://agpnoticias.com/news/wp-content/uploads/2013/04/Tecate-rescató-la-serie-en-casa-del-líder-San-Luis-200x142.jpg

Tecate-rescató-la-serie-en-casa-del-líder-San-Luis-320x240.jpg

https://agpnoticias.com/news/wp-content/uploads/2013/04/Tecate-rescató-la-serie-en-casa-del-líder-San-Luis-320x240.jpg

Tecate-rescató-la-serie-en-casa-del-líder-San-Luis-50x50.jpg

https://agpnoticias.com/news/wp-content/uploads/2013/04/Tecate-rescató-la-serie-en-casa-del-líder-San-Luis-50x50.jpg

Tecate-rescató-la-serie-en-casa-del-líder-San-Luis.jpg

https://agpnoticias.com/news/wp-content/uploads/2013/04/Tecate-rescató-la-serie-en-casa-del-líder-San-Luis.jpg
