{"id":27372,"date":"2013-04-21T14:04:02","date_gmt":"2013-04-21T21:04:02","guid":{"rendered":"http:\/\/agpnoticias.com\/news\/wp-content\/uploads\/2013\/04\/Daniel-Corral-gan\u00f3-la-categor\u00eda-elite-en-el-nacional-de-Monterrey.jpg"},"modified":"2013-04-21T14:04:02","modified_gmt":"2013-04-21T21:04:02","slug":"daniel-corral-gano-la-categoria-elite-en-el-nacional-de-monterrey","status":"inherit","type":"attachment","link":"https:\/\/agpnoticias.com\/news\/?attachment_id=27372","title":{"rendered":"Daniel Corral gan\u00f3 la categor\u00eda elite en el nacional de Monterrey"},"author":1,"featured_media":0,"comment_status":"closed","ping_status":"closed","template":"","meta":[],"class_list":["post-27372","attachment","type-attachment","status-inherit","hentry"],"description":{"rendered":"<p class=\"attachment\"><a href='https:\/\/agpnoticias.com\/news\/wp-content\/uploads\/2013\/04\/Daniel-Corral-gan\u00f3-la-categor\u00eda-elite-en-el-nacional-de-Monterrey.jpg'><img loading=\"lazy\" width=\"320\" height=\"240\" src=\"https:\/\/agpnoticias.com\/news\/wp-content\/uploads\/2013\/04\/Daniel-Corral-gan\u00f3-la-categor\u00eda-elite-en-el-nacional-de-Monterrey-320x240.jpg\" class=\"attachment-medium size-medium\" alt=\"Daniel Corral gan\u00f3 la categor\u00eda elite en el nacional de Monterrey\" loading=\"lazy\" decoding=\"async\" \/><\/a><\/p>\n"},"caption":{"rendered":"<p>Daniel Corral gan\u00f3 la categor\u00eda elite en el nacional de Monterrey<\/p>\n"},"alt_text":"","media_type":"image","mime_type":"image\/jpeg","media_details":{"width":640,"height":427,"file":"2013\/04\/Daniel-Corral-gan\u00f3-la-categor\u00eda-elite-en-el-nacional-de-Monterrey.jpg","sizes":{"thumbnail":{"file":"Daniel-Corral-gan\u00f3-la-categor\u00eda-elite-en-el-nacional-de-Monterrey-200x133.jpg","width":200,"height":133,"mime_type":"image\/jpeg","source_url":"https:\/\/agpnoticias.com\/news\/wp-content\/uploads\/2013\/04\/Daniel-Corral-gan\u00f3-la-categor\u00eda-elite-en-el-nacional-de-Monterrey-200x133.jpg"},"medium":{"file":"Daniel-Corral-gan\u00f3-la-categor\u00eda-elite-en-el-nacional-de-Monterrey-320x240.jpg","width":320,"height":240,"mime_type":"image\/jpeg","source_url":"https:\/\/agpnoticias.com\/news\/wp-content\/uploads\/2013\/04\/Daniel-Corral-gan\u00f3-la-categor\u00eda-elite-en-el-nacional-de-Monterrey-320x240.jpg"},"post-thumbnail":{"file":"Daniel-Corral-gan\u00f3-la-categor\u00eda-elite-en-el-nacional-de-Monterrey-50x50.jpg","width":50,"height":50,"mime_type":"image\/jpeg","source_url":"https:\/\/agpnoticias.com\/news\/wp-content\/uploads\/2013\/04\/Daniel-Corral-gan\u00f3-la-categor\u00eda-elite-en-el-nacional-de-Monterrey-50x50.jpg"},"full":{"file":"Daniel-Corral-gan\u00f3-la-categor\u00eda-elite-en-el-nacional-de-Monterrey.jpg","width":640,"height":427,"mime_type":"image\/jpeg","source_url":"https:\/\/agpnoticias.com\/news\/wp-content\/uploads\/2013\/04\/Daniel-Corral-gan\u00f3-la-categor\u00eda-elite-en-el-nacional-de-Monterrey.jpg"}},"image_meta":{"aperture":5.6,"credit":"","camera":"Canon EOS-1D Mark IV","caption":"","created_timestamp":1364206384,"copyright":"","focal_length":"24","iso":"200","shutter_speed":"0.005","title":""}},"post":27371,"source_url":"https:\/\/agpnoticias.com\/news\/wp-content\/uploads\/2013\/04\/Daniel-Corral-gan\u00f3-la-categor\u00eda-elite-en-el-nacional-de-Monterrey.jpg","_links":{"self":[{"href":"https:\/\/agpnoticias.com\/news\/index.php?rest_route=\/wp\/v2\/media\/27372","targetHints":{"allow":["GET"]}}],"collection":[{"href":"https:\/\/agpnoticias.com\/news\/index.php?rest_route=\/wp\/v2\/media"}],"about":[{"href":"https:\/\/agpnoticias.com\/news\/index.php?rest_route=\/wp\/v2\/types\/attachment"}],"author":[{"embeddable":true,"href":"https:\/\/agpnoticias.com\/news\/index.php?rest_route=\/wp\/v2\/users\/1"}],"replies":[{"embeddable":true,"href":"https:\/\/agpnoticias.com\/news\/index.php?rest_route=%2Fwp%2Fv2%2Fcomments&post=27372"}],"wp:attached-to":[{"embeddable":true,"post_type":"post","id":27371,"href":"https:\/\/agpnoticias.com\/news\/index.php?rest_route=\/wp\/v2\/posts\/27371"}],"curies":[{"name":"wp","href":"https:\/\/api.w.org\/{rel}","templated":true}]}}

http://agpnoticias.com/news/wp-content/uploads/2013/04/Daniel-Corral-ganó-la-categoría-elite-en-el-nacional-de-Monterrey.jpg

Daniel Corral ganó la categoría elite en el nacional de Monterrey

<p class="attachment"><a href='https://agpnoticias.com/news/wp-content/uploads/2013/04/Daniel-Corral-ganó-la-categoría-elite-en-el-nacional-de-Monterrey.jpg'><img loading="lazy" width="320" height="240" src="https://agpnoticias.com/news/wp-content/uploads/2013/04/Daniel-Corral-ganó-la-categoría-elite-en-el-nacional-de-Monterrey-320x240.jpg" class="attachment-medium size-medium" alt="Daniel Corral ganó la categoría elite en el nacional de Monterrey" loading="lazy" decoding="async" /></a></p>

<p>Daniel Corral ganó la categoría elite en el nacional de Monterrey</p>

2013/04/Daniel-Corral-ganó-la-categoría-elite-en-el-nacional-de-Monterrey.jpg

Daniel-Corral-ganó-la-categoría-elite-en-el-nacional-de-Monterrey-200x133.jpg

https://agpnoticias.com/news/wp-content/uploads/2013/04/Daniel-Corral-ganó-la-categoría-elite-en-el-nacional-de-Monterrey-200x133.jpg

Daniel-Corral-ganó-la-categoría-elite-en-el-nacional-de-Monterrey-320x240.jpg

https://agpnoticias.com/news/wp-content/uploads/2013/04/Daniel-Corral-ganó-la-categoría-elite-en-el-nacional-de-Monterrey-320x240.jpg

Daniel-Corral-ganó-la-categoría-elite-en-el-nacional-de-Monterrey-50x50.jpg

https://agpnoticias.com/news/wp-content/uploads/2013/04/Daniel-Corral-ganó-la-categoría-elite-en-el-nacional-de-Monterrey-50x50.jpg

Daniel-Corral-ganó-la-categoría-elite-en-el-nacional-de-Monterrey.jpg

https://agpnoticias.com/news/wp-content/uploads/2013/04/Daniel-Corral-ganó-la-categoría-elite-en-el-nacional-de-Monterrey.jpg
