{"id":27795,"date":"2013-04-30T20:21:18","date_gmt":"2013-05-01T03:21:18","guid":{"rendered":"http:\/\/agpnoticias.com\/news\/wp-content\/uploads\/2013\/04\/Alfredo-Moreno-dej\u00f3-ir-la-oportunidad-m\u00e1s-clara-del-primer-tiempo.jpg"},"modified":"2013-04-30T20:21:18","modified_gmt":"2013-05-01T03:21:18","slug":"alfredo-moreno-dejo-ir-la-oportunidad-mas-clara-del-primer-tiempo","status":"inherit","type":"attachment","link":"https:\/\/agpnoticias.com\/news\/?attachment_id=27795","title":{"rendered":"Alfredo Moreno dej\u00f3 ir la oportunidad m\u00e1s clara del primer tiempo"},"author":1,"featured_media":0,"comment_status":"closed","ping_status":"closed","template":"","meta":[],"class_list":["post-27795","attachment","type-attachment","status-inherit","hentry"],"description":{"rendered":"<p class=\"attachment\"><a href='https:\/\/agpnoticias.com\/news\/wp-content\/uploads\/2013\/04\/Alfredo-Moreno-dej\u00f3-ir-la-oportunidad-m\u00e1s-clara-del-primer-tiempo.jpg'><img loading=\"lazy\" width=\"320\" height=\"240\" src=\"https:\/\/agpnoticias.com\/news\/wp-content\/uploads\/2013\/04\/Alfredo-Moreno-dej\u00f3-ir-la-oportunidad-m\u00e1s-clara-del-primer-tiempo-320x240.jpg\" class=\"attachment-medium size-medium\" alt=\"Alfredo Moreno dej\u00f3 ir la oportunidad m\u00e1s clara del primer tiempo\" srcset=\"https:\/\/agpnoticias.com\/news\/wp-content\/uploads\/2013\/04\/Alfredo-Moreno-dej\u00f3-ir-la-oportunidad-m\u00e1s-clara-del-primer-tiempo-320x240.jpg 320w, https:\/\/agpnoticias.com\/news\/wp-content\/uploads\/2013\/04\/Alfredo-Moreno-dej\u00f3-ir-la-oportunidad-m\u00e1s-clara-del-primer-tiempo-640x480.jpg 640w\" sizes=\"auto, (max-width: 320px) 100vw, 320px\" loading=\"lazy\" decoding=\"async\" \/><\/a><\/p>\n"},"caption":{"rendered":"<p>Alfredo Moreno dej\u00f3 ir la oportunidad m\u00e1s clara del primer tiempo<\/p>\n"},"alt_text":"","media_type":"image","mime_type":"image\/jpeg","media_details":{"width":1000,"height":654,"file":"2013\/04\/Alfredo-Moreno-dej\u00f3-ir-la-oportunidad-m\u00e1s-clara-del-primer-tiempo.jpg","sizes":{"thumbnail":{"file":"Alfredo-Moreno-dej\u00f3-ir-la-oportunidad-m\u00e1s-clara-del-primer-tiempo-200x130.jpg","width":200,"height":130,"mime_type":"image\/jpeg","source_url":"https:\/\/agpnoticias.com\/news\/wp-content\/uploads\/2013\/04\/Alfredo-Moreno-dej\u00f3-ir-la-oportunidad-m\u00e1s-clara-del-primer-tiempo-200x130.jpg"},"medium":{"file":"Alfredo-Moreno-dej\u00f3-ir-la-oportunidad-m\u00e1s-clara-del-primer-tiempo-320x240.jpg","width":320,"height":240,"mime_type":"image\/jpeg","source_url":"https:\/\/agpnoticias.com\/news\/wp-content\/uploads\/2013\/04\/Alfredo-Moreno-dej\u00f3-ir-la-oportunidad-m\u00e1s-clara-del-primer-tiempo-320x240.jpg"},"large":{"file":"Alfredo-Moreno-dej\u00f3-ir-la-oportunidad-m\u00e1s-clara-del-primer-tiempo-640x480.jpg","width":640,"height":480,"mime_type":"image\/jpeg","source_url":"https:\/\/agpnoticias.com\/news\/wp-content\/uploads\/2013\/04\/Alfredo-Moreno-dej\u00f3-ir-la-oportunidad-m\u00e1s-clara-del-primer-tiempo-640x480.jpg"},"post-thumbnail":{"file":"Alfredo-Moreno-dej\u00f3-ir-la-oportunidad-m\u00e1s-clara-del-primer-tiempo-50x50.jpg","width":50,"height":50,"mime_type":"image\/jpeg","source_url":"https:\/\/agpnoticias.com\/news\/wp-content\/uploads\/2013\/04\/Alfredo-Moreno-dej\u00f3-ir-la-oportunidad-m\u00e1s-clara-del-primer-tiempo-50x50.jpg"},"full":{"file":"Alfredo-Moreno-dej\u00f3-ir-la-oportunidad-m\u00e1s-clara-del-primer-tiempo.jpg","width":1000,"height":654,"mime_type":"image\/jpeg","source_url":"https:\/\/agpnoticias.com\/news\/wp-content\/uploads\/2013\/04\/Alfredo-Moreno-dej\u00f3-ir-la-oportunidad-m\u00e1s-clara-del-primer-tiempo.jpg"}},"image_meta":{"aperture":0,"credit":"","camera":"","caption":"","created_timestamp":0,"copyright":"","focal_length":0,"iso":0,"shutter_speed":0,"title":""}},"post":27793,"source_url":"https:\/\/agpnoticias.com\/news\/wp-content\/uploads\/2013\/04\/Alfredo-Moreno-dej\u00f3-ir-la-oportunidad-m\u00e1s-clara-del-primer-tiempo.jpg","_links":{"self":[{"href":"https:\/\/agpnoticias.com\/news\/index.php?rest_route=\/wp\/v2\/media\/27795","targetHints":{"allow":["GET"]}}],"collection":[{"href":"https:\/\/agpnoticias.com\/news\/index.php?rest_route=\/wp\/v2\/media"}],"about":[{"href":"https:\/\/agpnoticias.com\/news\/index.php?rest_route=\/wp\/v2\/types\/attachment"}],"author":[{"embeddable":true,"href":"https:\/\/agpnoticias.com\/news\/index.php?rest_route=\/wp\/v2\/users\/1"}],"replies":[{"embeddable":true,"href":"https:\/\/agpnoticias.com\/news\/index.php?rest_route=%2Fwp%2Fv2%2Fcomments&post=27795"}],"wp:attached-to":[{"embeddable":true,"post_type":"post","id":27793,"href":"https:\/\/agpnoticias.com\/news\/index.php?rest_route=\/wp\/v2\/posts\/27793"}],"curies":[{"name":"wp","href":"https:\/\/api.w.org\/{rel}","templated":true}]}}

http://agpnoticias.com/news/wp-content/uploads/2013/04/Alfredo-Moreno-dejó-ir-la-oportunidad-más-clara-del-primer-tiempo.jpg

Alfredo Moreno dejó ir la oportunidad más clara del primer tiempo

<p class="attachment"><a href='https://agpnoticias.com/news/wp-content/uploads/2013/04/Alfredo-Moreno-dejó-ir-la-oportunidad-más-clara-del-primer-tiempo.jpg'><img loading="lazy" width="320" height="240" src="https://agpnoticias.com/news/wp-content/uploads/2013/04/Alfredo-Moreno-dejó-ir-la-oportunidad-más-clara-del-primer-tiempo-320x240.jpg" class="attachment-medium size-medium" alt="Alfredo Moreno dejó ir la oportunidad más clara del primer tiempo" srcset="https://agpnoticias.com/news/wp-content/uploads/2013/04/Alfredo-Moreno-dejó-ir-la-oportunidad-más-clara-del-primer-tiempo-320x240.jpg 320w, https://agpnoticias.com/news/wp-content/uploads/2013/04/Alfredo-Moreno-dejó-ir-la-oportunidad-más-clara-del-primer-tiempo-640x480.jpg 640w" sizes="auto, (max-width: 320px) 100vw, 320px" loading="lazy" decoding="async" /></a></p>

<p>Alfredo Moreno dejó ir la oportunidad más clara del primer tiempo</p>

2013/04/Alfredo-Moreno-dejó-ir-la-oportunidad-más-clara-del-primer-tiempo.jpg

Alfredo-Moreno-dejó-ir-la-oportunidad-más-clara-del-primer-tiempo-200x130.jpg

https://agpnoticias.com/news/wp-content/uploads/2013/04/Alfredo-Moreno-dejó-ir-la-oportunidad-más-clara-del-primer-tiempo-200x130.jpg

Alfredo-Moreno-dejó-ir-la-oportunidad-más-clara-del-primer-tiempo-320x240.jpg

https://agpnoticias.com/news/wp-content/uploads/2013/04/Alfredo-Moreno-dejó-ir-la-oportunidad-más-clara-del-primer-tiempo-320x240.jpg

Alfredo-Moreno-dejó-ir-la-oportunidad-más-clara-del-primer-tiempo-640x480.jpg

https://agpnoticias.com/news/wp-content/uploads/2013/04/Alfredo-Moreno-dejó-ir-la-oportunidad-más-clara-del-primer-tiempo-640x480.jpg

Alfredo-Moreno-dejó-ir-la-oportunidad-más-clara-del-primer-tiempo-50x50.jpg

https://agpnoticias.com/news/wp-content/uploads/2013/04/Alfredo-Moreno-dejó-ir-la-oportunidad-más-clara-del-primer-tiempo-50x50.jpg

Alfredo-Moreno-dejó-ir-la-oportunidad-más-clara-del-primer-tiempo.jpg

https://agpnoticias.com/news/wp-content/uploads/2013/04/Alfredo-Moreno-dejó-ir-la-oportunidad-más-clara-del-primer-tiempo.jpg
