{"id":27880,"date":"2013-05-01T22:39:54","date_gmt":"2013-05-02T05:39:54","guid":{"rendered":"http:\/\/agpnoticias.com\/news\/wp-content\/uploads\/2013\/05\/La-selecci\u00f3n-juvenil-mayor-derrot\u00f3-a-Guanajuato.jpg"},"modified":"2013-05-01T22:39:54","modified_gmt":"2013-05-02T05:39:54","slug":"la-seleccion-juvenil-mayor-derroto-a-guanajuato","status":"inherit","type":"attachment","link":"https:\/\/agpnoticias.com\/news\/?attachment_id=27880","title":{"rendered":"La selecci\u00f3n juvenil mayor derrot\u00f3 a Guanajuato"},"author":1,"featured_media":0,"comment_status":"closed","ping_status":"closed","template":"","meta":[],"class_list":["post-27880","attachment","type-attachment","status-inherit","hentry"],"description":{"rendered":"<p class=\"attachment\"><a href='https:\/\/agpnoticias.com\/news\/wp-content\/uploads\/2013\/05\/La-selecci\u00f3n-juvenil-mayor-derrot\u00f3-a-Guanajuato.jpg'><img loading=\"lazy\" width=\"320\" height=\"240\" src=\"https:\/\/agpnoticias.com\/news\/wp-content\/uploads\/2013\/05\/La-selecci\u00f3n-juvenil-mayor-derrot\u00f3-a-Guanajuato-320x240.jpg\" class=\"attachment-medium size-medium\" alt=\"La selecci\u00f3n juvenil mayor derrot\u00f3 a Guanajuato\" loading=\"lazy\" decoding=\"async\" \/><\/a><\/p>\n"},"caption":{"rendered":"<p>La selecci\u00f3n juvenil mayor derrot\u00f3 a Guanajuato<\/p>\n"},"alt_text":"","media_type":"image","mime_type":"image\/jpeg","media_details":{"width":640,"height":426,"file":"2013\/05\/La-selecci\u00f3n-juvenil-mayor-derrot\u00f3-a-Guanajuato.jpg","sizes":{"thumbnail":{"file":"La-selecci\u00f3n-juvenil-mayor-derrot\u00f3-a-Guanajuato-200x133.jpg","width":200,"height":133,"mime_type":"image\/jpeg","source_url":"https:\/\/agpnoticias.com\/news\/wp-content\/uploads\/2013\/05\/La-selecci\u00f3n-juvenil-mayor-derrot\u00f3-a-Guanajuato-200x133.jpg"},"medium":{"file":"La-selecci\u00f3n-juvenil-mayor-derrot\u00f3-a-Guanajuato-320x240.jpg","width":320,"height":240,"mime_type":"image\/jpeg","source_url":"https:\/\/agpnoticias.com\/news\/wp-content\/uploads\/2013\/05\/La-selecci\u00f3n-juvenil-mayor-derrot\u00f3-a-Guanajuato-320x240.jpg"},"post-thumbnail":{"file":"La-selecci\u00f3n-juvenil-mayor-derrot\u00f3-a-Guanajuato-50x50.jpg","width":50,"height":50,"mime_type":"image\/jpeg","source_url":"https:\/\/agpnoticias.com\/news\/wp-content\/uploads\/2013\/05\/La-selecci\u00f3n-juvenil-mayor-derrot\u00f3-a-Guanajuato-50x50.jpg"},"full":{"file":"La-selecci\u00f3n-juvenil-mayor-derrot\u00f3-a-Guanajuato.jpg","width":640,"height":426,"mime_type":"image\/jpeg","source_url":"https:\/\/agpnoticias.com\/news\/wp-content\/uploads\/2013\/05\/La-selecci\u00f3n-juvenil-mayor-derrot\u00f3-a-Guanajuato.jpg"}},"image_meta":{"aperture":0,"credit":"","camera":"","caption":"","created_timestamp":0,"copyright":"","focal_length":0,"iso":0,"shutter_speed":0,"title":""}},"post":27876,"source_url":"https:\/\/agpnoticias.com\/news\/wp-content\/uploads\/2013\/05\/La-selecci\u00f3n-juvenil-mayor-derrot\u00f3-a-Guanajuato.jpg","_links":{"self":[{"href":"https:\/\/agpnoticias.com\/news\/index.php?rest_route=\/wp\/v2\/media\/27880","targetHints":{"allow":["GET"]}}],"collection":[{"href":"https:\/\/agpnoticias.com\/news\/index.php?rest_route=\/wp\/v2\/media"}],"about":[{"href":"https:\/\/agpnoticias.com\/news\/index.php?rest_route=\/wp\/v2\/types\/attachment"}],"author":[{"embeddable":true,"href":"https:\/\/agpnoticias.com\/news\/index.php?rest_route=\/wp\/v2\/users\/1"}],"replies":[{"embeddable":true,"href":"https:\/\/agpnoticias.com\/news\/index.php?rest_route=%2Fwp%2Fv2%2Fcomments&post=27880"}],"wp:attached-to":[{"embeddable":true,"post_type":"post","id":27876,"href":"https:\/\/agpnoticias.com\/news\/index.php?rest_route=\/wp\/v2\/posts\/27876"}],"curies":[{"name":"wp","href":"https:\/\/api.w.org\/{rel}","templated":true}]}}

http://agpnoticias.com/news/wp-content/uploads/2013/05/La-selección-juvenil-mayor-derrotó-a-Guanajuato.jpg

La selección juvenil mayor derrotó a Guanajuato

<p class="attachment"><a href='https://agpnoticias.com/news/wp-content/uploads/2013/05/La-selección-juvenil-mayor-derrotó-a-Guanajuato.jpg'><img loading="lazy" width="320" height="240" src="https://agpnoticias.com/news/wp-content/uploads/2013/05/La-selección-juvenil-mayor-derrotó-a-Guanajuato-320x240.jpg" class="attachment-medium size-medium" alt="La selección juvenil mayor derrotó a Guanajuato" loading="lazy" decoding="async" /></a></p>

<p>La selección juvenil mayor derrotó a Guanajuato</p>

2013/05/La-selección-juvenil-mayor-derrotó-a-Guanajuato.jpg

La-selección-juvenil-mayor-derrotó-a-Guanajuato-200x133.jpg

https://agpnoticias.com/news/wp-content/uploads/2013/05/La-selección-juvenil-mayor-derrotó-a-Guanajuato-200x133.jpg

La-selección-juvenil-mayor-derrotó-a-Guanajuato-320x240.jpg

https://agpnoticias.com/news/wp-content/uploads/2013/05/La-selección-juvenil-mayor-derrotó-a-Guanajuato-320x240.jpg

La-selección-juvenil-mayor-derrotó-a-Guanajuato-50x50.jpg

https://agpnoticias.com/news/wp-content/uploads/2013/05/La-selección-juvenil-mayor-derrotó-a-Guanajuato-50x50.jpg

La-selección-juvenil-mayor-derrotó-a-Guanajuato.jpg

https://agpnoticias.com/news/wp-content/uploads/2013/05/La-selección-juvenil-mayor-derrotó-a-Guanajuato.jpg
