{"id":28144,"date":"2013-05-07T20:57:27","date_gmt":"2013-05-08T03:57:27","guid":{"rendered":"http:\/\/agpnoticias.com\/news\/wp-content\/uploads\/2013\/05\/La-selecci\u00f3n-Sub-13-avanz\u00f3-a-semifinales.jpg"},"modified":"2013-05-07T20:57:27","modified_gmt":"2013-05-08T03:57:27","slug":"la-seleccion-sub-13-avanzo-a-semifinales","status":"inherit","type":"attachment","link":"https:\/\/agpnoticias.com\/news\/?attachment_id=28144","title":{"rendered":"La selecci\u00f3n Sub 13 avanz\u00f3 a semifinales"},"author":1,"featured_media":0,"comment_status":"closed","ping_status":"closed","template":"","meta":[],"class_list":["post-28144","attachment","type-attachment","status-inherit","hentry"],"description":{"rendered":"<p class=\"attachment\"><a href='https:\/\/agpnoticias.com\/news\/wp-content\/uploads\/2013\/05\/La-selecci\u00f3n-Sub-13-avanz\u00f3-a-semifinales.jpg'><img loading=\"lazy\" width=\"320\" height=\"240\" src=\"https:\/\/agpnoticias.com\/news\/wp-content\/uploads\/2013\/05\/La-selecci\u00f3n-Sub-13-avanz\u00f3-a-semifinales-320x240.jpg\" class=\"attachment-medium size-medium\" alt=\"La selecci\u00f3n Sub 13 avanz\u00f3 a semifinales\" srcset=\"https:\/\/agpnoticias.com\/news\/wp-content\/uploads\/2013\/05\/La-selecci\u00f3n-Sub-13-avanz\u00f3-a-semifinales-320x240.jpg 320w, https:\/\/agpnoticias.com\/news\/wp-content\/uploads\/2013\/05\/La-selecci\u00f3n-Sub-13-avanz\u00f3-a-semifinales-640x480.jpg 640w\" sizes=\"auto, (max-width: 320px) 100vw, 320px\" loading=\"lazy\" decoding=\"async\" \/><\/a><\/p>\n"},"caption":{"rendered":"<p>La selecci\u00f3n Sub 13 avanz\u00f3 a semifinales<\/p>\n"},"alt_text":"","media_type":"image","mime_type":"image\/jpeg","media_details":{"width":1000,"height":666,"file":"2013\/05\/La-selecci\u00f3n-Sub-13-avanz\u00f3-a-semifinales.jpg","sizes":{"thumbnail":{"file":"La-selecci\u00f3n-Sub-13-avanz\u00f3-a-semifinales-200x133.jpg","width":200,"height":133,"mime_type":"image\/jpeg","source_url":"https:\/\/agpnoticias.com\/news\/wp-content\/uploads\/2013\/05\/La-selecci\u00f3n-Sub-13-avanz\u00f3-a-semifinales-200x133.jpg"},"medium":{"file":"La-selecci\u00f3n-Sub-13-avanz\u00f3-a-semifinales-320x240.jpg","width":320,"height":240,"mime_type":"image\/jpeg","source_url":"https:\/\/agpnoticias.com\/news\/wp-content\/uploads\/2013\/05\/La-selecci\u00f3n-Sub-13-avanz\u00f3-a-semifinales-320x240.jpg"},"large":{"file":"La-selecci\u00f3n-Sub-13-avanz\u00f3-a-semifinales-640x480.jpg","width":640,"height":480,"mime_type":"image\/jpeg","source_url":"https:\/\/agpnoticias.com\/news\/wp-content\/uploads\/2013\/05\/La-selecci\u00f3n-Sub-13-avanz\u00f3-a-semifinales-640x480.jpg"},"post-thumbnail":{"file":"La-selecci\u00f3n-Sub-13-avanz\u00f3-a-semifinales-50x50.jpg","width":50,"height":50,"mime_type":"image\/jpeg","source_url":"https:\/\/agpnoticias.com\/news\/wp-content\/uploads\/2013\/05\/La-selecci\u00f3n-Sub-13-avanz\u00f3-a-semifinales-50x50.jpg"},"full":{"file":"La-selecci\u00f3n-Sub-13-avanz\u00f3-a-semifinales.jpg","width":1000,"height":666,"mime_type":"image\/jpeg","source_url":"https:\/\/agpnoticias.com\/news\/wp-content\/uploads\/2013\/05\/La-selecci\u00f3n-Sub-13-avanz\u00f3-a-semifinales.jpg"}},"image_meta":{"aperture":0,"credit":"","camera":"","caption":"","created_timestamp":0,"copyright":"","focal_length":0,"iso":0,"shutter_speed":0,"title":""}},"post":28142,"source_url":"https:\/\/agpnoticias.com\/news\/wp-content\/uploads\/2013\/05\/La-selecci\u00f3n-Sub-13-avanz\u00f3-a-semifinales.jpg","_links":{"self":[{"href":"https:\/\/agpnoticias.com\/news\/index.php?rest_route=\/wp\/v2\/media\/28144","targetHints":{"allow":["GET"]}}],"collection":[{"href":"https:\/\/agpnoticias.com\/news\/index.php?rest_route=\/wp\/v2\/media"}],"about":[{"href":"https:\/\/agpnoticias.com\/news\/index.php?rest_route=\/wp\/v2\/types\/attachment"}],"author":[{"embeddable":true,"href":"https:\/\/agpnoticias.com\/news\/index.php?rest_route=\/wp\/v2\/users\/1"}],"replies":[{"embeddable":true,"href":"https:\/\/agpnoticias.com\/news\/index.php?rest_route=%2Fwp%2Fv2%2Fcomments&post=28144"}],"wp:attached-to":[{"embeddable":true,"post_type":"post","id":28142,"href":"https:\/\/agpnoticias.com\/news\/index.php?rest_route=\/wp\/v2\/posts\/28142"}],"curies":[{"name":"wp","href":"https:\/\/api.w.org\/{rel}","templated":true}]}}

http://agpnoticias.com/news/wp-content/uploads/2013/05/La-selección-Sub-13-avanzó-a-semifinales.jpg

La selección Sub 13 avanzó a semifinales

<p class="attachment"><a href='https://agpnoticias.com/news/wp-content/uploads/2013/05/La-selección-Sub-13-avanzó-a-semifinales.jpg'><img loading="lazy" width="320" height="240" src="https://agpnoticias.com/news/wp-content/uploads/2013/05/La-selección-Sub-13-avanzó-a-semifinales-320x240.jpg" class="attachment-medium size-medium" alt="La selección Sub 13 avanzó a semifinales" srcset="https://agpnoticias.com/news/wp-content/uploads/2013/05/La-selección-Sub-13-avanzó-a-semifinales-320x240.jpg 320w, https://agpnoticias.com/news/wp-content/uploads/2013/05/La-selección-Sub-13-avanzó-a-semifinales-640x480.jpg 640w" sizes="auto, (max-width: 320px) 100vw, 320px" loading="lazy" decoding="async" /></a></p>

<p>La selección Sub 13 avanzó a semifinales</p>

2013/05/La-selección-Sub-13-avanzó-a-semifinales.jpg

La-selección-Sub-13-avanzó-a-semifinales-200x133.jpg

https://agpnoticias.com/news/wp-content/uploads/2013/05/La-selección-Sub-13-avanzó-a-semifinales-200x133.jpg

La-selección-Sub-13-avanzó-a-semifinales-320x240.jpg

https://agpnoticias.com/news/wp-content/uploads/2013/05/La-selección-Sub-13-avanzó-a-semifinales-320x240.jpg

La-selección-Sub-13-avanzó-a-semifinales-640x480.jpg

https://agpnoticias.com/news/wp-content/uploads/2013/05/La-selección-Sub-13-avanzó-a-semifinales-640x480.jpg

La-selección-Sub-13-avanzó-a-semifinales-50x50.jpg

https://agpnoticias.com/news/wp-content/uploads/2013/05/La-selección-Sub-13-avanzó-a-semifinales-50x50.jpg

La-selección-Sub-13-avanzó-a-semifinales.jpg

https://agpnoticias.com/news/wp-content/uploads/2013/05/La-selección-Sub-13-avanzó-a-semifinales.jpg
