{"id":32075,"date":"2013-09-07T19:48:39","date_gmt":"2013-09-08T02:48:39","guid":{"rendered":"http:\/\/agpnoticias.com\/news\/wp-content\/uploads\/2013\/09\/Karla-Retiz-primera-izq.-a-der.clasific\u00f3-a-tres-finales-en-el-Grand-Prix-de-Hungr\u00eda.jpg"},"modified":"2013-09-07T19:48:39","modified_gmt":"2013-09-08T02:48:39","slug":"karla-retiz-primera-izq-a-der-clasifico-a-tres-finales-en-el-grand-prix-de-hungria","status":"inherit","type":"attachment","link":"https:\/\/agpnoticias.com\/news\/?attachment_id=32075","title":{"rendered":"Karla Retiz (primera izq. a der.)clasific\u00f3 a tres finales en el Grand Prix de Hungr\u00eda"},"author":1,"featured_media":0,"comment_status":"open","ping_status":"closed","template":"","meta":[],"class_list":["post-32075","attachment","type-attachment","status-inherit","hentry"],"description":{"rendered":"<p class=\"attachment\"><a href='https:\/\/agpnoticias.com\/news\/wp-content\/uploads\/2013\/09\/Karla-Retiz-primera-izq.-a-der.clasific\u00f3-a-tres-finales-en-el-Grand-Prix-de-Hungr\u00eda.jpg'><img loading=\"lazy\" width=\"320\" height=\"240\" src=\"https:\/\/agpnoticias.com\/news\/wp-content\/uploads\/2013\/09\/Karla-Retiz-primera-izq.-a-der.clasific\u00f3-a-tres-finales-en-el-Grand-Prix-de-Hungr\u00eda-320x240.jpg\" class=\"attachment-medium size-medium\" alt=\"Karla Retiz (primera izq. a der.)clasific\u00f3 a tres finales en el Grand Prix de Hungr\u00eda\" srcset=\"https:\/\/agpnoticias.com\/news\/wp-content\/uploads\/2013\/09\/Karla-Retiz-primera-izq.-a-der.clasific\u00f3-a-tres-finales-en-el-Grand-Prix-de-Hungr\u00eda-320x240.jpg 320w, https:\/\/agpnoticias.com\/news\/wp-content\/uploads\/2013\/09\/Karla-Retiz-primera-izq.-a-der.clasific\u00f3-a-tres-finales-en-el-Grand-Prix-de-Hungr\u00eda-640x480.jpg 640w\" sizes=\"auto, (max-width: 320px) 100vw, 320px\" loading=\"lazy\" decoding=\"async\" \/><\/a><\/p>\n"},"caption":{"rendered":"<p>Karla Retiz (primera izq. a der.)clasific\u00f3 a tres finales en el Grand Prix de Hungr\u00eda<\/p>\n"},"alt_text":"","media_type":"image","mime_type":"image\/jpeg","media_details":{"width":779,"height":578,"file":"2013\/09\/Karla-Retiz-primera-izq.-a-der.clasific\u00f3-a-tres-finales-en-el-Grand-Prix-de-Hungr\u00eda.jpg","sizes":{"thumbnail":{"file":"Karla-Retiz-primera-izq.-a-der.clasific\u00f3-a-tres-finales-en-el-Grand-Prix-de-Hungr\u00eda-200x148.jpg","width":200,"height":148,"mime_type":"image\/jpeg","source_url":"https:\/\/agpnoticias.com\/news\/wp-content\/uploads\/2013\/09\/Karla-Retiz-primera-izq.-a-der.clasific\u00f3-a-tres-finales-en-el-Grand-Prix-de-Hungr\u00eda-200x148.jpg"},"medium":{"file":"Karla-Retiz-primera-izq.-a-der.clasific\u00f3-a-tres-finales-en-el-Grand-Prix-de-Hungr\u00eda-320x240.jpg","width":320,"height":240,"mime_type":"image\/jpeg","source_url":"https:\/\/agpnoticias.com\/news\/wp-content\/uploads\/2013\/09\/Karla-Retiz-primera-izq.-a-der.clasific\u00f3-a-tres-finales-en-el-Grand-Prix-de-Hungr\u00eda-320x240.jpg"},"large":{"file":"Karla-Retiz-primera-izq.-a-der.clasific\u00f3-a-tres-finales-en-el-Grand-Prix-de-Hungr\u00eda-640x480.jpg","width":640,"height":480,"mime_type":"image\/jpeg","source_url":"https:\/\/agpnoticias.com\/news\/wp-content\/uploads\/2013\/09\/Karla-Retiz-primera-izq.-a-der.clasific\u00f3-a-tres-finales-en-el-Grand-Prix-de-Hungr\u00eda-640x480.jpg"},"post-thumbnail":{"file":"Karla-Retiz-primera-izq.-a-der.clasific\u00f3-a-tres-finales-en-el-Grand-Prix-de-Hungr\u00eda-50x50.jpg","width":50,"height":50,"mime_type":"image\/jpeg","source_url":"https:\/\/agpnoticias.com\/news\/wp-content\/uploads\/2013\/09\/Karla-Retiz-primera-izq.-a-der.clasific\u00f3-a-tres-finales-en-el-Grand-Prix-de-Hungr\u00eda-50x50.jpg"},"full":{"file":"Karla-Retiz-primera-izq.-a-der.clasific\u00f3-a-tres-finales-en-el-Grand-Prix-de-Hungr\u00eda.jpg","width":779,"height":578,"mime_type":"image\/jpeg","source_url":"https:\/\/agpnoticias.com\/news\/wp-content\/uploads\/2013\/09\/Karla-Retiz-primera-izq.-a-der.clasific\u00f3-a-tres-finales-en-el-Grand-Prix-de-Hungr\u00eda.jpg"}},"image_meta":{"aperture":0,"credit":"","camera":"","caption":"","created_timestamp":0,"copyright":"","focal_length":0,"iso":0,"shutter_speed":0,"title":""}},"post":32074,"source_url":"https:\/\/agpnoticias.com\/news\/wp-content\/uploads\/2013\/09\/Karla-Retiz-primera-izq.-a-der.clasific\u00f3-a-tres-finales-en-el-Grand-Prix-de-Hungr\u00eda.jpg","_links":{"self":[{"href":"https:\/\/agpnoticias.com\/news\/index.php?rest_route=\/wp\/v2\/media\/32075","targetHints":{"allow":["GET"]}}],"collection":[{"href":"https:\/\/agpnoticias.com\/news\/index.php?rest_route=\/wp\/v2\/media"}],"about":[{"href":"https:\/\/agpnoticias.com\/news\/index.php?rest_route=\/wp\/v2\/types\/attachment"}],"author":[{"embeddable":true,"href":"https:\/\/agpnoticias.com\/news\/index.php?rest_route=\/wp\/v2\/users\/1"}],"replies":[{"embeddable":true,"href":"https:\/\/agpnoticias.com\/news\/index.php?rest_route=%2Fwp%2Fv2%2Fcomments&post=32075"}],"wp:attached-to":[{"embeddable":true,"post_type":"post","id":32074,"href":"https:\/\/agpnoticias.com\/news\/index.php?rest_route=\/wp\/v2\/posts\/32074"}],"curies":[{"name":"wp","href":"https:\/\/api.w.org\/{rel}","templated":true}]}}

http://agpnoticias.com/news/wp-content/uploads/2013/09/Karla-Retiz-primera-izq.-a-der.clasificó-a-tres-finales-en-el-Grand-Prix-de-Hungría.jpg

Karla Retiz (primera izq. a der.)clasificó a tres finales en el Grand Prix de Hungría

<p class="attachment"><a href='https://agpnoticias.com/news/wp-content/uploads/2013/09/Karla-Retiz-primera-izq.-a-der.clasificó-a-tres-finales-en-el-Grand-Prix-de-Hungría.jpg'><img loading="lazy" width="320" height="240" src="https://agpnoticias.com/news/wp-content/uploads/2013/09/Karla-Retiz-primera-izq.-a-der.clasificó-a-tres-finales-en-el-Grand-Prix-de-Hungría-320x240.jpg" class="attachment-medium size-medium" alt="Karla Retiz (primera izq. a der.)clasificó a tres finales en el Grand Prix de Hungría" srcset="https://agpnoticias.com/news/wp-content/uploads/2013/09/Karla-Retiz-primera-izq.-a-der.clasificó-a-tres-finales-en-el-Grand-Prix-de-Hungría-320x240.jpg 320w, https://agpnoticias.com/news/wp-content/uploads/2013/09/Karla-Retiz-primera-izq.-a-der.clasificó-a-tres-finales-en-el-Grand-Prix-de-Hungría-640x480.jpg 640w" sizes="auto, (max-width: 320px) 100vw, 320px" loading="lazy" decoding="async" /></a></p>

<p>Karla Retiz (primera izq. a der.)clasificó a tres finales en el Grand Prix de Hungría</p>

2013/09/Karla-Retiz-primera-izq.-a-der.clasificó-a-tres-finales-en-el-Grand-Prix-de-Hungría.jpg

Karla-Retiz-primera-izq.-a-der.clasificó-a-tres-finales-en-el-Grand-Prix-de-Hungría-200x148.jpg

https://agpnoticias.com/news/wp-content/uploads/2013/09/Karla-Retiz-primera-izq.-a-der.clasificó-a-tres-finales-en-el-Grand-Prix-de-Hungría-200x148.jpg

Karla-Retiz-primera-izq.-a-der.clasificó-a-tres-finales-en-el-Grand-Prix-de-Hungría-320x240.jpg

https://agpnoticias.com/news/wp-content/uploads/2013/09/Karla-Retiz-primera-izq.-a-der.clasificó-a-tres-finales-en-el-Grand-Prix-de-Hungría-320x240.jpg

Karla-Retiz-primera-izq.-a-der.clasificó-a-tres-finales-en-el-Grand-Prix-de-Hungría-640x480.jpg

https://agpnoticias.com/news/wp-content/uploads/2013/09/Karla-Retiz-primera-izq.-a-der.clasificó-a-tres-finales-en-el-Grand-Prix-de-Hungría-640x480.jpg

Karla-Retiz-primera-izq.-a-der.clasificó-a-tres-finales-en-el-Grand-Prix-de-Hungría-50x50.jpg

https://agpnoticias.com/news/wp-content/uploads/2013/09/Karla-Retiz-primera-izq.-a-der.clasificó-a-tres-finales-en-el-Grand-Prix-de-Hungría-50x50.jpg

Karla-Retiz-primera-izq.-a-der.clasificó-a-tres-finales-en-el-Grand-Prix-de-Hungría.jpg

https://agpnoticias.com/news/wp-content/uploads/2013/09/Karla-Retiz-primera-izq.-a-der.clasificó-a-tres-finales-en-el-Grand-Prix-de-Hungría.jpg
