{"id":32105,"date":"2013-09-08T17:11:47","date_gmt":"2013-09-09T00:11:47","guid":{"rendered":"http:\/\/agpnoticias.com\/news\/wp-content\/uploads\/2013\/09\/Sa\u00fal-\u00c1lvarez-fundador-de-la-carrera-atl\u00e9tica-de-Cicese.jpg"},"modified":"2013-09-08T17:11:47","modified_gmt":"2013-09-09T00:11:47","slug":"saul-alvarez-fundador-de-la-carrera-atletica-de-cicese","status":"inherit","type":"attachment","link":"https:\/\/agpnoticias.com\/news\/?attachment_id=32105","title":{"rendered":"Sa\u00fal \u00c1lvarez, fundador de la carrera atl\u00e9tica de Cicese"},"author":1,"featured_media":0,"comment_status":"open","ping_status":"closed","template":"","meta":[],"class_list":["post-32105","attachment","type-attachment","status-inherit","hentry"],"description":{"rendered":"<p class=\"attachment\"><a href='https:\/\/agpnoticias.com\/news\/wp-content\/uploads\/2013\/09\/Sa\u00fal-\u00c1lvarez-fundador-de-la-carrera-atl\u00e9tica-de-Cicese.jpg'><img loading=\"lazy\" width=\"320\" height=\"240\" src=\"https:\/\/agpnoticias.com\/news\/wp-content\/uploads\/2013\/09\/Sa\u00fal-\u00c1lvarez-fundador-de-la-carrera-atl\u00e9tica-de-Cicese-320x240.jpg\" class=\"attachment-medium size-medium\" alt=\"Sa\u00fal \u00c1lvarez, fundador de la carrera atl\u00e9tica de Cicese\" srcset=\"https:\/\/agpnoticias.com\/news\/wp-content\/uploads\/2013\/09\/Sa\u00fal-\u00c1lvarez-fundador-de-la-carrera-atl\u00e9tica-de-Cicese-320x240.jpg 320w, https:\/\/agpnoticias.com\/news\/wp-content\/uploads\/2013\/09\/Sa\u00fal-\u00c1lvarez-fundador-de-la-carrera-atl\u00e9tica-de-Cicese-640x480.jpg 640w\" sizes=\"auto, (max-width: 320px) 100vw, 320px\" loading=\"lazy\" decoding=\"async\" \/><\/a><\/p>\n"},"caption":{"rendered":"<p>Sa\u00fal \u00c1lvarez, fundador de la carrera atl\u00e9tica de Cicese<\/p>\n"},"alt_text":"","media_type":"image","mime_type":"image\/jpeg","media_details":{"width":1000,"height":666,"file":"2013\/09\/Sa\u00fal-\u00c1lvarez-fundador-de-la-carrera-atl\u00e9tica-de-Cicese.jpg","sizes":{"thumbnail":{"file":"Sa\u00fal-\u00c1lvarez-fundador-de-la-carrera-atl\u00e9tica-de-Cicese-200x133.jpg","width":200,"height":133,"mime_type":"image\/jpeg","source_url":"https:\/\/agpnoticias.com\/news\/wp-content\/uploads\/2013\/09\/Sa\u00fal-\u00c1lvarez-fundador-de-la-carrera-atl\u00e9tica-de-Cicese-200x133.jpg"},"medium":{"file":"Sa\u00fal-\u00c1lvarez-fundador-de-la-carrera-atl\u00e9tica-de-Cicese-320x240.jpg","width":320,"height":240,"mime_type":"image\/jpeg","source_url":"https:\/\/agpnoticias.com\/news\/wp-content\/uploads\/2013\/09\/Sa\u00fal-\u00c1lvarez-fundador-de-la-carrera-atl\u00e9tica-de-Cicese-320x240.jpg"},"large":{"file":"Sa\u00fal-\u00c1lvarez-fundador-de-la-carrera-atl\u00e9tica-de-Cicese-640x480.jpg","width":640,"height":480,"mime_type":"image\/jpeg","source_url":"https:\/\/agpnoticias.com\/news\/wp-content\/uploads\/2013\/09\/Sa\u00fal-\u00c1lvarez-fundador-de-la-carrera-atl\u00e9tica-de-Cicese-640x480.jpg"},"post-thumbnail":{"file":"Sa\u00fal-\u00c1lvarez-fundador-de-la-carrera-atl\u00e9tica-de-Cicese-50x50.jpg","width":50,"height":50,"mime_type":"image\/jpeg","source_url":"https:\/\/agpnoticias.com\/news\/wp-content\/uploads\/2013\/09\/Sa\u00fal-\u00c1lvarez-fundador-de-la-carrera-atl\u00e9tica-de-Cicese-50x50.jpg"},"full":{"file":"Sa\u00fal-\u00c1lvarez-fundador-de-la-carrera-atl\u00e9tica-de-Cicese.jpg","width":1000,"height":666,"mime_type":"image\/jpeg","source_url":"https:\/\/agpnoticias.com\/news\/wp-content\/uploads\/2013\/09\/Sa\u00fal-\u00c1lvarez-fundador-de-la-carrera-atl\u00e9tica-de-Cicese.jpg"}},"image_meta":{"aperture":0,"credit":"","camera":"","caption":"","created_timestamp":0,"copyright":"","focal_length":0,"iso":0,"shutter_speed":0,"title":""}},"post":32104,"source_url":"https:\/\/agpnoticias.com\/news\/wp-content\/uploads\/2013\/09\/Sa\u00fal-\u00c1lvarez-fundador-de-la-carrera-atl\u00e9tica-de-Cicese.jpg","_links":{"self":[{"href":"https:\/\/agpnoticias.com\/news\/index.php?rest_route=\/wp\/v2\/media\/32105","targetHints":{"allow":["GET"]}}],"collection":[{"href":"https:\/\/agpnoticias.com\/news\/index.php?rest_route=\/wp\/v2\/media"}],"about":[{"href":"https:\/\/agpnoticias.com\/news\/index.php?rest_route=\/wp\/v2\/types\/attachment"}],"author":[{"embeddable":true,"href":"https:\/\/agpnoticias.com\/news\/index.php?rest_route=\/wp\/v2\/users\/1"}],"replies":[{"embeddable":true,"href":"https:\/\/agpnoticias.com\/news\/index.php?rest_route=%2Fwp%2Fv2%2Fcomments&post=32105"}],"wp:attached-to":[{"embeddable":true,"post_type":"post","id":32104,"href":"https:\/\/agpnoticias.com\/news\/index.php?rest_route=\/wp\/v2\/posts\/32104"}],"curies":[{"name":"wp","href":"https:\/\/api.w.org\/{rel}","templated":true}]}}

http://agpnoticias.com/news/wp-content/uploads/2013/09/Saúl-Álvarez-fundador-de-la-carrera-atlética-de-Cicese.jpg

Saúl Álvarez, fundador de la carrera atlética de Cicese

<p class="attachment"><a href='https://agpnoticias.com/news/wp-content/uploads/2013/09/Saúl-Álvarez-fundador-de-la-carrera-atlética-de-Cicese.jpg'><img loading="lazy" width="320" height="240" src="https://agpnoticias.com/news/wp-content/uploads/2013/09/Saúl-Álvarez-fundador-de-la-carrera-atlética-de-Cicese-320x240.jpg" class="attachment-medium size-medium" alt="Saúl Álvarez, fundador de la carrera atlética de Cicese" srcset="https://agpnoticias.com/news/wp-content/uploads/2013/09/Saúl-Álvarez-fundador-de-la-carrera-atlética-de-Cicese-320x240.jpg 320w, https://agpnoticias.com/news/wp-content/uploads/2013/09/Saúl-Álvarez-fundador-de-la-carrera-atlética-de-Cicese-640x480.jpg 640w" sizes="auto, (max-width: 320px) 100vw, 320px" loading="lazy" decoding="async" /></a></p>

<p>Saúl Álvarez, fundador de la carrera atlética de Cicese</p>

2013/09/Saúl-Álvarez-fundador-de-la-carrera-atlética-de-Cicese.jpg

Saúl-Álvarez-fundador-de-la-carrera-atlética-de-Cicese-200x133.jpg

https://agpnoticias.com/news/wp-content/uploads/2013/09/Saúl-Álvarez-fundador-de-la-carrera-atlética-de-Cicese-200x133.jpg

Saúl-Álvarez-fundador-de-la-carrera-atlética-de-Cicese-320x240.jpg

https://agpnoticias.com/news/wp-content/uploads/2013/09/Saúl-Álvarez-fundador-de-la-carrera-atlética-de-Cicese-320x240.jpg

Saúl-Álvarez-fundador-de-la-carrera-atlética-de-Cicese-640x480.jpg

https://agpnoticias.com/news/wp-content/uploads/2013/09/Saúl-Álvarez-fundador-de-la-carrera-atlética-de-Cicese-640x480.jpg

Saúl-Álvarez-fundador-de-la-carrera-atlética-de-Cicese-50x50.jpg

https://agpnoticias.com/news/wp-content/uploads/2013/09/Saúl-Álvarez-fundador-de-la-carrera-atlética-de-Cicese-50x50.jpg

Saúl-Álvarez-fundador-de-la-carrera-atlética-de-Cicese.jpg

https://agpnoticias.com/news/wp-content/uploads/2013/09/Saúl-Álvarez-fundador-de-la-carrera-atlética-de-Cicese.jpg
