{"id":33076,"date":"2013-10-06T00:30:13","date_gmt":"2013-10-06T07:30:13","guid":{"rendered":"http:\/\/agpnoticias.com\/news\/wp-content\/uploads\/2013\/10\/El-entrenador-Carlos-Ram\u00f3n-Figueroa-eligi\u00f3-a-los-jugadores-que-debutar\u00e1n-el-domingo.jpg"},"modified":"2013-10-06T00:30:13","modified_gmt":"2013-10-06T07:30:13","slug":"el-entrenador-carlos-ramon-figueroa-eligio-a-los-jugadores-que-debutaran-el-domingo","status":"inherit","type":"attachment","link":"https:\/\/agpnoticias.com\/news\/?attachment_id=33076","title":{"rendered":"El entrenador Carlos Ram\u00f3n Figueroa eligi\u00f3 a los jugadores que debutar\u00e1n el domingo"},"author":1,"featured_media":0,"comment_status":"open","ping_status":"closed","template":"","meta":[],"class_list":["post-33076","attachment","type-attachment","status-inherit","hentry"],"description":{"rendered":"<p class=\"attachment\"><a href='https:\/\/agpnoticias.com\/news\/wp-content\/uploads\/2013\/10\/El-entrenador-Carlos-Ram\u00f3n-Figueroa-eligi\u00f3-a-los-jugadores-que-debutar\u00e1n-el-domingo.jpg'><img loading=\"lazy\" width=\"320\" height=\"240\" src=\"https:\/\/agpnoticias.com\/news\/wp-content\/uploads\/2013\/10\/El-entrenador-Carlos-Ram\u00f3n-Figueroa-eligi\u00f3-a-los-jugadores-que-debutar\u00e1n-el-domingo-320x240.jpg\" class=\"attachment-medium size-medium\" alt=\"El entrenador Carlos Ram\u00f3n Figueroa eligi\u00f3 a los jugadores que debutar\u00e1n el domingo\" srcset=\"https:\/\/agpnoticias.com\/news\/wp-content\/uploads\/2013\/10\/El-entrenador-Carlos-Ram\u00f3n-Figueroa-eligi\u00f3-a-los-jugadores-que-debutar\u00e1n-el-domingo-320x240.jpg 320w, https:\/\/agpnoticias.com\/news\/wp-content\/uploads\/2013\/10\/El-entrenador-Carlos-Ram\u00f3n-Figueroa-eligi\u00f3-a-los-jugadores-que-debutar\u00e1n-el-domingo-640x480.jpg 640w\" sizes=\"auto, (max-width: 320px) 100vw, 320px\" loading=\"lazy\" decoding=\"async\" \/><\/a><\/p>\n"},"caption":{"rendered":"<p>El entrenador Carlos Ram\u00f3n Figueroa eligi\u00f3 a los jugadores que debutar\u00e1n el domingo<\/p>\n"},"alt_text":"","media_type":"image","mime_type":"image\/jpeg","media_details":{"width":1000,"height":531,"file":"2013\/10\/El-entrenador-Carlos-Ram\u00f3n-Figueroa-eligi\u00f3-a-los-jugadores-que-debutar\u00e1n-el-domingo.jpg","sizes":{"thumbnail":{"file":"El-entrenador-Carlos-Ram\u00f3n-Figueroa-eligi\u00f3-a-los-jugadores-que-debutar\u00e1n-el-domingo-200x106.jpg","width":200,"height":106,"mime_type":"image\/jpeg","source_url":"https:\/\/agpnoticias.com\/news\/wp-content\/uploads\/2013\/10\/El-entrenador-Carlos-Ram\u00f3n-Figueroa-eligi\u00f3-a-los-jugadores-que-debutar\u00e1n-el-domingo-200x106.jpg"},"medium":{"file":"El-entrenador-Carlos-Ram\u00f3n-Figueroa-eligi\u00f3-a-los-jugadores-que-debutar\u00e1n-el-domingo-320x240.jpg","width":320,"height":240,"mime_type":"image\/jpeg","source_url":"https:\/\/agpnoticias.com\/news\/wp-content\/uploads\/2013\/10\/El-entrenador-Carlos-Ram\u00f3n-Figueroa-eligi\u00f3-a-los-jugadores-que-debutar\u00e1n-el-domingo-320x240.jpg"},"large":{"file":"El-entrenador-Carlos-Ram\u00f3n-Figueroa-eligi\u00f3-a-los-jugadores-que-debutar\u00e1n-el-domingo-640x480.jpg","width":640,"height":480,"mime_type":"image\/jpeg","source_url":"https:\/\/agpnoticias.com\/news\/wp-content\/uploads\/2013\/10\/El-entrenador-Carlos-Ram\u00f3n-Figueroa-eligi\u00f3-a-los-jugadores-que-debutar\u00e1n-el-domingo-640x480.jpg"},"wysija-newsletters-max":{"file":"El-entrenador-Carlos-Ram\u00f3n-Figueroa-eligi\u00f3-a-los-jugadores-que-debutar\u00e1n-el-domingo-600x318.jpg","width":600,"height":318,"mime_type":"image\/jpeg","source_url":"https:\/\/agpnoticias.com\/news\/wp-content\/uploads\/2013\/10\/El-entrenador-Carlos-Ram\u00f3n-Figueroa-eligi\u00f3-a-los-jugadores-que-debutar\u00e1n-el-domingo-600x318.jpg"},"post-thumbnail":{"file":"El-entrenador-Carlos-Ram\u00f3n-Figueroa-eligi\u00f3-a-los-jugadores-que-debutar\u00e1n-el-domingo-50x50.jpg","width":50,"height":50,"mime_type":"image\/jpeg","source_url":"https:\/\/agpnoticias.com\/news\/wp-content\/uploads\/2013\/10\/El-entrenador-Carlos-Ram\u00f3n-Figueroa-eligi\u00f3-a-los-jugadores-que-debutar\u00e1n-el-domingo-50x50.jpg"},"yarpp-thumbnail":{"file":"El-entrenador-Carlos-Ram\u00f3n-Figueroa-eligi\u00f3-a-los-jugadores-que-debutar\u00e1n-el-domingo-120x120.jpg","width":120,"height":120,"mime_type":"image\/jpeg","source_url":"https:\/\/agpnoticias.com\/news\/wp-content\/uploads\/2013\/10\/El-entrenador-Carlos-Ram\u00f3n-Figueroa-eligi\u00f3-a-los-jugadores-que-debutar\u00e1n-el-domingo-120x120.jpg"},"full":{"file":"El-entrenador-Carlos-Ram\u00f3n-Figueroa-eligi\u00f3-a-los-jugadores-que-debutar\u00e1n-el-domingo.jpg","width":1000,"height":531,"mime_type":"image\/jpeg","source_url":"https:\/\/agpnoticias.com\/news\/wp-content\/uploads\/2013\/10\/El-entrenador-Carlos-Ram\u00f3n-Figueroa-eligi\u00f3-a-los-jugadores-que-debutar\u00e1n-el-domingo.jpg"}},"image_meta":{"aperture":0,"credit":"","camera":"","caption":"","created_timestamp":0,"copyright":"","focal_length":0,"iso":0,"shutter_speed":0,"title":""}},"post":33070,"source_url":"https:\/\/agpnoticias.com\/news\/wp-content\/uploads\/2013\/10\/El-entrenador-Carlos-Ram\u00f3n-Figueroa-eligi\u00f3-a-los-jugadores-que-debutar\u00e1n-el-domingo.jpg","_links":{"self":[{"href":"https:\/\/agpnoticias.com\/news\/index.php?rest_route=\/wp\/v2\/media\/33076","targetHints":{"allow":["GET"]}}],"collection":[{"href":"https:\/\/agpnoticias.com\/news\/index.php?rest_route=\/wp\/v2\/media"}],"about":[{"href":"https:\/\/agpnoticias.com\/news\/index.php?rest_route=\/wp\/v2\/types\/attachment"}],"author":[{"embeddable":true,"href":"https:\/\/agpnoticias.com\/news\/index.php?rest_route=\/wp\/v2\/users\/1"}],"replies":[{"embeddable":true,"href":"https:\/\/agpnoticias.com\/news\/index.php?rest_route=%2Fwp%2Fv2%2Fcomments&post=33076"}],"wp:attached-to":[{"embeddable":true,"post_type":"post","id":33070,"href":"https:\/\/agpnoticias.com\/news\/index.php?rest_route=\/wp\/v2\/posts\/33070"}],"curies":[{"name":"wp","href":"https:\/\/api.w.org\/{rel}","templated":true}]}}

http://agpnoticias.com/news/wp-content/uploads/2013/10/El-entrenador-Carlos-Ramón-Figueroa-eligió-a-los-jugadores-que-debutarán-el-domingo.jpg

El entrenador Carlos Ramón Figueroa eligió a los jugadores que debutarán el domingo

<p class="attachment"><a href='https://agpnoticias.com/news/wp-content/uploads/2013/10/El-entrenador-Carlos-Ramón-Figueroa-eligió-a-los-jugadores-que-debutarán-el-domingo.jpg'><img loading="lazy" width="320" height="240" src="https://agpnoticias.com/news/wp-content/uploads/2013/10/El-entrenador-Carlos-Ramón-Figueroa-eligió-a-los-jugadores-que-debutarán-el-domingo-320x240.jpg" class="attachment-medium size-medium" alt="El entrenador Carlos Ramón Figueroa eligió a los jugadores que debutarán el domingo" srcset="https://agpnoticias.com/news/wp-content/uploads/2013/10/El-entrenador-Carlos-Ramón-Figueroa-eligió-a-los-jugadores-que-debutarán-el-domingo-320x240.jpg 320w, https://agpnoticias.com/news/wp-content/uploads/2013/10/El-entrenador-Carlos-Ramón-Figueroa-eligió-a-los-jugadores-que-debutarán-el-domingo-640x480.jpg 640w" sizes="auto, (max-width: 320px) 100vw, 320px" loading="lazy" decoding="async" /></a></p>

<p>El entrenador Carlos Ramón Figueroa eligió a los jugadores que debutarán el domingo</p>

2013/10/El-entrenador-Carlos-Ramón-Figueroa-eligió-a-los-jugadores-que-debutarán-el-domingo.jpg

El-entrenador-Carlos-Ramón-Figueroa-eligió-a-los-jugadores-que-debutarán-el-domingo-200x106.jpg

https://agpnoticias.com/news/wp-content/uploads/2013/10/El-entrenador-Carlos-Ramón-Figueroa-eligió-a-los-jugadores-que-debutarán-el-domingo-200x106.jpg

El-entrenador-Carlos-Ramón-Figueroa-eligió-a-los-jugadores-que-debutarán-el-domingo-320x240.jpg

https://agpnoticias.com/news/wp-content/uploads/2013/10/El-entrenador-Carlos-Ramón-Figueroa-eligió-a-los-jugadores-que-debutarán-el-domingo-320x240.jpg

El-entrenador-Carlos-Ramón-Figueroa-eligió-a-los-jugadores-que-debutarán-el-domingo-640x480.jpg

https://agpnoticias.com/news/wp-content/uploads/2013/10/El-entrenador-Carlos-Ramón-Figueroa-eligió-a-los-jugadores-que-debutarán-el-domingo-640x480.jpg

El-entrenador-Carlos-Ramón-Figueroa-eligió-a-los-jugadores-que-debutarán-el-domingo-600x318.jpg

https://agpnoticias.com/news/wp-content/uploads/2013/10/El-entrenador-Carlos-Ramón-Figueroa-eligió-a-los-jugadores-que-debutarán-el-domingo-600x318.jpg

El-entrenador-Carlos-Ramón-Figueroa-eligió-a-los-jugadores-que-debutarán-el-domingo-50x50.jpg

https://agpnoticias.com/news/wp-content/uploads/2013/10/El-entrenador-Carlos-Ramón-Figueroa-eligió-a-los-jugadores-que-debutarán-el-domingo-50x50.jpg

El-entrenador-Carlos-Ramón-Figueroa-eligió-a-los-jugadores-que-debutarán-el-domingo-120x120.jpg

https://agpnoticias.com/news/wp-content/uploads/2013/10/El-entrenador-Carlos-Ramón-Figueroa-eligió-a-los-jugadores-que-debutarán-el-domingo-120x120.jpg

El-entrenador-Carlos-Ramón-Figueroa-eligió-a-los-jugadores-que-debutarán-el-domingo.jpg

https://agpnoticias.com/news/wp-content/uploads/2013/10/El-entrenador-Carlos-Ramón-Figueroa-eligió-a-los-jugadores-que-debutarán-el-domingo.jpg
