{"id":33630,"date":"2013-10-20T19:03:17","date_gmt":"2013-10-21T02:03:17","guid":{"rendered":"http:\/\/agpnoticias.com\/news\/wp-content\/uploads\/2013\/10\/El-t\u00e9cnico-Juan-M\u00e1rquez-se\u00f1al\u00f3-la-falta-de-contundencia-de-sus-Pescadores.jpg"},"modified":"2013-10-20T19:03:17","modified_gmt":"2013-10-21T02:03:17","slug":"el-tecnico-juan-marquez-senalo-la-falta-de-contundencia-de-sus-pescadores","status":"inherit","type":"attachment","link":"https:\/\/agpnoticias.com\/news\/?attachment_id=33630","title":{"rendered":"El t\u00e9cnico Juan M\u00e1rquez se\u00f1al\u00f3 la falta de contundencia de sus Pescadores"},"author":1,"featured_media":0,"comment_status":"open","ping_status":"closed","template":"","meta":[],"class_list":["post-33630","attachment","type-attachment","status-inherit","hentry"],"description":{"rendered":"<p class=\"attachment\"><a href='https:\/\/agpnoticias.com\/news\/wp-content\/uploads\/2013\/10\/El-t\u00e9cnico-Juan-M\u00e1rquez-se\u00f1al\u00f3-la-falta-de-contundencia-de-sus-Pescadores.jpg'><img loading=\"lazy\" width=\"320\" height=\"240\" src=\"https:\/\/agpnoticias.com\/news\/wp-content\/uploads\/2013\/10\/El-t\u00e9cnico-Juan-M\u00e1rquez-se\u00f1al\u00f3-la-falta-de-contundencia-de-sus-Pescadores-320x240.jpg\" class=\"attachment-medium size-medium\" alt=\"El t\u00e9cnico Juan M\u00e1rquez se\u00f1al\u00f3 la falta de contundencia de sus Pescadores\" srcset=\"https:\/\/agpnoticias.com\/news\/wp-content\/uploads\/2013\/10\/El-t\u00e9cnico-Juan-M\u00e1rquez-se\u00f1al\u00f3-la-falta-de-contundencia-de-sus-Pescadores-320x240.jpg 320w, https:\/\/agpnoticias.com\/news\/wp-content\/uploads\/2013\/10\/El-t\u00e9cnico-Juan-M\u00e1rquez-se\u00f1al\u00f3-la-falta-de-contundencia-de-sus-Pescadores-640x480.jpg 640w\" sizes=\"auto, (max-width: 320px) 100vw, 320px\" loading=\"lazy\" decoding=\"async\" \/><\/a><\/p>\n"},"caption":{"rendered":"<p>El t\u00e9cnico Juan M\u00e1rquez se\u00f1al\u00f3 la falta de contundencia de sus Pescadores<\/p>\n"},"alt_text":"","media_type":"image","mime_type":"image\/jpeg","media_details":{"width":1000,"height":665,"file":"2013\/10\/El-t\u00e9cnico-Juan-M\u00e1rquez-se\u00f1al\u00f3-la-falta-de-contundencia-de-sus-Pescadores.jpg","sizes":{"thumbnail":{"file":"El-t\u00e9cnico-Juan-M\u00e1rquez-se\u00f1al\u00f3-la-falta-de-contundencia-de-sus-Pescadores-200x133.jpg","width":200,"height":133,"mime_type":"image\/jpeg","source_url":"https:\/\/agpnoticias.com\/news\/wp-content\/uploads\/2013\/10\/El-t\u00e9cnico-Juan-M\u00e1rquez-se\u00f1al\u00f3-la-falta-de-contundencia-de-sus-Pescadores-200x133.jpg"},"medium":{"file":"El-t\u00e9cnico-Juan-M\u00e1rquez-se\u00f1al\u00f3-la-falta-de-contundencia-de-sus-Pescadores-320x240.jpg","width":320,"height":240,"mime_type":"image\/jpeg","source_url":"https:\/\/agpnoticias.com\/news\/wp-content\/uploads\/2013\/10\/El-t\u00e9cnico-Juan-M\u00e1rquez-se\u00f1al\u00f3-la-falta-de-contundencia-de-sus-Pescadores-320x240.jpg"},"large":{"file":"El-t\u00e9cnico-Juan-M\u00e1rquez-se\u00f1al\u00f3-la-falta-de-contundencia-de-sus-Pescadores-640x480.jpg","width":640,"height":480,"mime_type":"image\/jpeg","source_url":"https:\/\/agpnoticias.com\/news\/wp-content\/uploads\/2013\/10\/El-t\u00e9cnico-Juan-M\u00e1rquez-se\u00f1al\u00f3-la-falta-de-contundencia-de-sus-Pescadores-640x480.jpg"},"wysija-newsletters-max":{"file":"El-t\u00e9cnico-Juan-M\u00e1rquez-se\u00f1al\u00f3-la-falta-de-contundencia-de-sus-Pescadores-600x399.jpg","width":600,"height":399,"mime_type":"image\/jpeg","source_url":"https:\/\/agpnoticias.com\/news\/wp-content\/uploads\/2013\/10\/El-t\u00e9cnico-Juan-M\u00e1rquez-se\u00f1al\u00f3-la-falta-de-contundencia-de-sus-Pescadores-600x399.jpg"},"post-thumbnail":{"file":"El-t\u00e9cnico-Juan-M\u00e1rquez-se\u00f1al\u00f3-la-falta-de-contundencia-de-sus-Pescadores-50x50.jpg","width":50,"height":50,"mime_type":"image\/jpeg","source_url":"https:\/\/agpnoticias.com\/news\/wp-content\/uploads\/2013\/10\/El-t\u00e9cnico-Juan-M\u00e1rquez-se\u00f1al\u00f3-la-falta-de-contundencia-de-sus-Pescadores-50x50.jpg"},"yarpp-thumbnail":{"file":"El-t\u00e9cnico-Juan-M\u00e1rquez-se\u00f1al\u00f3-la-falta-de-contundencia-de-sus-Pescadores-120x120.jpg","width":120,"height":120,"mime_type":"image\/jpeg","source_url":"https:\/\/agpnoticias.com\/news\/wp-content\/uploads\/2013\/10\/El-t\u00e9cnico-Juan-M\u00e1rquez-se\u00f1al\u00f3-la-falta-de-contundencia-de-sus-Pescadores-120x120.jpg"},"full":{"file":"El-t\u00e9cnico-Juan-M\u00e1rquez-se\u00f1al\u00f3-la-falta-de-contundencia-de-sus-Pescadores.jpg","width":1000,"height":665,"mime_type":"image\/jpeg","source_url":"https:\/\/agpnoticias.com\/news\/wp-content\/uploads\/2013\/10\/El-t\u00e9cnico-Juan-M\u00e1rquez-se\u00f1al\u00f3-la-falta-de-contundencia-de-sus-Pescadores.jpg"}},"image_meta":{"aperture":0,"credit":"","camera":"","caption":"","created_timestamp":0,"copyright":"","focal_length":0,"iso":0,"shutter_speed":0,"title":""}},"post":33629,"source_url":"https:\/\/agpnoticias.com\/news\/wp-content\/uploads\/2013\/10\/El-t\u00e9cnico-Juan-M\u00e1rquez-se\u00f1al\u00f3-la-falta-de-contundencia-de-sus-Pescadores.jpg","_links":{"self":[{"href":"https:\/\/agpnoticias.com\/news\/index.php?rest_route=\/wp\/v2\/media\/33630","targetHints":{"allow":["GET"]}}],"collection":[{"href":"https:\/\/agpnoticias.com\/news\/index.php?rest_route=\/wp\/v2\/media"}],"about":[{"href":"https:\/\/agpnoticias.com\/news\/index.php?rest_route=\/wp\/v2\/types\/attachment"}],"author":[{"embeddable":true,"href":"https:\/\/agpnoticias.com\/news\/index.php?rest_route=\/wp\/v2\/users\/1"}],"replies":[{"embeddable":true,"href":"https:\/\/agpnoticias.com\/news\/index.php?rest_route=%2Fwp%2Fv2%2Fcomments&post=33630"}],"wp:attached-to":[{"embeddable":true,"post_type":"post","id":33629,"href":"https:\/\/agpnoticias.com\/news\/index.php?rest_route=\/wp\/v2\/posts\/33629"}],"curies":[{"name":"wp","href":"https:\/\/api.w.org\/{rel}","templated":true}]}}

http://agpnoticias.com/news/wp-content/uploads/2013/10/El-técnico-Juan-Márquez-señaló-la-falta-de-contundencia-de-sus-Pescadores.jpg

El técnico Juan Márquez señaló la falta de contundencia de sus Pescadores

<p class="attachment"><a href='https://agpnoticias.com/news/wp-content/uploads/2013/10/El-técnico-Juan-Márquez-señaló-la-falta-de-contundencia-de-sus-Pescadores.jpg'><img loading="lazy" width="320" height="240" src="https://agpnoticias.com/news/wp-content/uploads/2013/10/El-técnico-Juan-Márquez-señaló-la-falta-de-contundencia-de-sus-Pescadores-320x240.jpg" class="attachment-medium size-medium" alt="El técnico Juan Márquez señaló la falta de contundencia de sus Pescadores" srcset="https://agpnoticias.com/news/wp-content/uploads/2013/10/El-técnico-Juan-Márquez-señaló-la-falta-de-contundencia-de-sus-Pescadores-320x240.jpg 320w, https://agpnoticias.com/news/wp-content/uploads/2013/10/El-técnico-Juan-Márquez-señaló-la-falta-de-contundencia-de-sus-Pescadores-640x480.jpg 640w" sizes="auto, (max-width: 320px) 100vw, 320px" loading="lazy" decoding="async" /></a></p>

<p>El técnico Juan Márquez señaló la falta de contundencia de sus Pescadores</p>

2013/10/El-técnico-Juan-Márquez-señaló-la-falta-de-contundencia-de-sus-Pescadores.jpg

El-técnico-Juan-Márquez-señaló-la-falta-de-contundencia-de-sus-Pescadores-200x133.jpg

https://agpnoticias.com/news/wp-content/uploads/2013/10/El-técnico-Juan-Márquez-señaló-la-falta-de-contundencia-de-sus-Pescadores-200x133.jpg

El-técnico-Juan-Márquez-señaló-la-falta-de-contundencia-de-sus-Pescadores-320x240.jpg

https://agpnoticias.com/news/wp-content/uploads/2013/10/El-técnico-Juan-Márquez-señaló-la-falta-de-contundencia-de-sus-Pescadores-320x240.jpg

El-técnico-Juan-Márquez-señaló-la-falta-de-contundencia-de-sus-Pescadores-640x480.jpg

https://agpnoticias.com/news/wp-content/uploads/2013/10/El-técnico-Juan-Márquez-señaló-la-falta-de-contundencia-de-sus-Pescadores-640x480.jpg

El-técnico-Juan-Márquez-señaló-la-falta-de-contundencia-de-sus-Pescadores-600x399.jpg

https://agpnoticias.com/news/wp-content/uploads/2013/10/El-técnico-Juan-Márquez-señaló-la-falta-de-contundencia-de-sus-Pescadores-600x399.jpg

El-técnico-Juan-Márquez-señaló-la-falta-de-contundencia-de-sus-Pescadores-50x50.jpg

https://agpnoticias.com/news/wp-content/uploads/2013/10/El-técnico-Juan-Márquez-señaló-la-falta-de-contundencia-de-sus-Pescadores-50x50.jpg

El-técnico-Juan-Márquez-señaló-la-falta-de-contundencia-de-sus-Pescadores-120x120.jpg

https://agpnoticias.com/news/wp-content/uploads/2013/10/El-técnico-Juan-Márquez-señaló-la-falta-de-contundencia-de-sus-Pescadores-120x120.jpg

El-técnico-Juan-Márquez-señaló-la-falta-de-contundencia-de-sus-Pescadores.jpg

https://agpnoticias.com/news/wp-content/uploads/2013/10/El-técnico-Juan-Márquez-señaló-la-falta-de-contundencia-de-sus-Pescadores.jpg
