{"id":34976,"date":"2013-11-27T17:42:19","date_gmt":"2013-11-28T01:42:19","guid":{"rendered":"http:\/\/agpnoticias.com\/news\/wp-content\/uploads\/2013\/11\/Sa\u00fal-Castro-y-Jes\u00fas-Mena-directores-respectivos-de-INDE-y-Conade.jpg"},"modified":"2013-11-27T17:42:19","modified_gmt":"2013-11-28T01:42:19","slug":"saul-castro-y-jesus-mena-directores-respectivos-de-inde-y-conade","status":"inherit","type":"attachment","link":"https:\/\/agpnoticias.com\/news\/?attachment_id=34976","title":{"rendered":"Sa\u00fal Castro y Jes\u00fas Mena, directores respectivos de INDE y Conade"},"author":1,"featured_media":0,"comment_status":"open","ping_status":"closed","template":"","meta":[],"class_list":["post-34976","attachment","type-attachment","status-inherit","hentry"],"description":{"rendered":"<p class=\"attachment\"><a href='https:\/\/agpnoticias.com\/news\/wp-content\/uploads\/2013\/11\/Sa\u00fal-Castro-y-Jes\u00fas-Mena-directores-respectivos-de-INDE-y-Conade.jpg'><img loading=\"lazy\" width=\"320\" height=\"240\" src=\"https:\/\/agpnoticias.com\/news\/wp-content\/uploads\/2013\/11\/Sa\u00fal-Castro-y-Jes\u00fas-Mena-directores-respectivos-de-INDE-y-Conade-320x240.jpg\" class=\"attachment-medium size-medium\" alt=\"Sa\u00fal Castro y Jes\u00fas Mena, directores respectivos de INDE y Conade\" loading=\"lazy\" decoding=\"async\" \/><\/a><\/p>\n"},"caption":{"rendered":"<p>Sa\u00fal Castro y Jes\u00fas Mena, directores respectivos de INDE y Conade<\/p>\n"},"alt_text":"","media_type":"image","mime_type":"image\/jpeg","media_details":{"width":640,"height":427,"file":"2013\/11\/Sa\u00fal-Castro-y-Jes\u00fas-Mena-directores-respectivos-de-INDE-y-Conade.jpg","sizes":{"thumbnail":{"file":"Sa\u00fal-Castro-y-Jes\u00fas-Mena-directores-respectivos-de-INDE-y-Conade-200x133.jpg","width":200,"height":133,"mime_type":"image\/jpeg","source_url":"https:\/\/agpnoticias.com\/news\/wp-content\/uploads\/2013\/11\/Sa\u00fal-Castro-y-Jes\u00fas-Mena-directores-respectivos-de-INDE-y-Conade-200x133.jpg"},"medium":{"file":"Sa\u00fal-Castro-y-Jes\u00fas-Mena-directores-respectivos-de-INDE-y-Conade-320x240.jpg","width":320,"height":240,"mime_type":"image\/jpeg","source_url":"https:\/\/agpnoticias.com\/news\/wp-content\/uploads\/2013\/11\/Sa\u00fal-Castro-y-Jes\u00fas-Mena-directores-respectivos-de-INDE-y-Conade-320x240.jpg"},"wysija-newsletters-max":{"file":"Sa\u00fal-Castro-y-Jes\u00fas-Mena-directores-respectivos-de-INDE-y-Conade-600x400.jpg","width":600,"height":400,"mime_type":"image\/jpeg","source_url":"https:\/\/agpnoticias.com\/news\/wp-content\/uploads\/2013\/11\/Sa\u00fal-Castro-y-Jes\u00fas-Mena-directores-respectivos-de-INDE-y-Conade-600x400.jpg"},"post-thumbnail":{"file":"Sa\u00fal-Castro-y-Jes\u00fas-Mena-directores-respectivos-de-INDE-y-Conade-50x50.jpg","width":50,"height":50,"mime_type":"image\/jpeg","source_url":"https:\/\/agpnoticias.com\/news\/wp-content\/uploads\/2013\/11\/Sa\u00fal-Castro-y-Jes\u00fas-Mena-directores-respectivos-de-INDE-y-Conade-50x50.jpg"},"yarpp-thumbnail":{"file":"Sa\u00fal-Castro-y-Jes\u00fas-Mena-directores-respectivos-de-INDE-y-Conade-120x120.jpg","width":120,"height":120,"mime_type":"image\/jpeg","source_url":"https:\/\/agpnoticias.com\/news\/wp-content\/uploads\/2013\/11\/Sa\u00fal-Castro-y-Jes\u00fas-Mena-directores-respectivos-de-INDE-y-Conade-120x120.jpg"},"full":{"file":"Sa\u00fal-Castro-y-Jes\u00fas-Mena-directores-respectivos-de-INDE-y-Conade.jpg","width":640,"height":427,"mime_type":"image\/jpeg","source_url":"https:\/\/agpnoticias.com\/news\/wp-content\/uploads\/2013\/11\/Sa\u00fal-Castro-y-Jes\u00fas-Mena-directores-respectivos-de-INDE-y-Conade.jpg"}},"image_meta":{"aperture":4,"credit":"","camera":"Canon EOS-1D Mark II","caption":"","created_timestamp":1385573335,"copyright":"","focal_length":"118","iso":"1600","shutter_speed":"0.008","title":""}},"post":34974,"source_url":"https:\/\/agpnoticias.com\/news\/wp-content\/uploads\/2013\/11\/Sa\u00fal-Castro-y-Jes\u00fas-Mena-directores-respectivos-de-INDE-y-Conade.jpg","_links":{"self":[{"href":"https:\/\/agpnoticias.com\/news\/index.php?rest_route=\/wp\/v2\/media\/34976","targetHints":{"allow":["GET"]}}],"collection":[{"href":"https:\/\/agpnoticias.com\/news\/index.php?rest_route=\/wp\/v2\/media"}],"about":[{"href":"https:\/\/agpnoticias.com\/news\/index.php?rest_route=\/wp\/v2\/types\/attachment"}],"author":[{"embeddable":true,"href":"https:\/\/agpnoticias.com\/news\/index.php?rest_route=\/wp\/v2\/users\/1"}],"replies":[{"embeddable":true,"href":"https:\/\/agpnoticias.com\/news\/index.php?rest_route=%2Fwp%2Fv2%2Fcomments&post=34976"}],"wp:attached-to":[{"embeddable":true,"post_type":"post","id":34974,"href":"https:\/\/agpnoticias.com\/news\/index.php?rest_route=\/wp\/v2\/posts\/34974"}],"curies":[{"name":"wp","href":"https:\/\/api.w.org\/{rel}","templated":true}]}}

http://agpnoticias.com/news/wp-content/uploads/2013/11/Saúl-Castro-y-Jesús-Mena-directores-respectivos-de-INDE-y-Conade.jpg

Saúl Castro y Jesús Mena, directores respectivos de INDE y Conade

<p class="attachment"><a href='https://agpnoticias.com/news/wp-content/uploads/2013/11/Saúl-Castro-y-Jesús-Mena-directores-respectivos-de-INDE-y-Conade.jpg'><img loading="lazy" width="320" height="240" src="https://agpnoticias.com/news/wp-content/uploads/2013/11/Saúl-Castro-y-Jesús-Mena-directores-respectivos-de-INDE-y-Conade-320x240.jpg" class="attachment-medium size-medium" alt="Saúl Castro y Jesús Mena, directores respectivos de INDE y Conade" loading="lazy" decoding="async" /></a></p>

<p>Saúl Castro y Jesús Mena, directores respectivos de INDE y Conade</p>

2013/11/Saúl-Castro-y-Jesús-Mena-directores-respectivos-de-INDE-y-Conade.jpg

Saúl-Castro-y-Jesús-Mena-directores-respectivos-de-INDE-y-Conade-200x133.jpg

https://agpnoticias.com/news/wp-content/uploads/2013/11/Saúl-Castro-y-Jesús-Mena-directores-respectivos-de-INDE-y-Conade-200x133.jpg

Saúl-Castro-y-Jesús-Mena-directores-respectivos-de-INDE-y-Conade-320x240.jpg

https://agpnoticias.com/news/wp-content/uploads/2013/11/Saúl-Castro-y-Jesús-Mena-directores-respectivos-de-INDE-y-Conade-320x240.jpg

Saúl-Castro-y-Jesús-Mena-directores-respectivos-de-INDE-y-Conade-600x400.jpg

https://agpnoticias.com/news/wp-content/uploads/2013/11/Saúl-Castro-y-Jesús-Mena-directores-respectivos-de-INDE-y-Conade-600x400.jpg

Saúl-Castro-y-Jesús-Mena-directores-respectivos-de-INDE-y-Conade-50x50.jpg

https://agpnoticias.com/news/wp-content/uploads/2013/11/Saúl-Castro-y-Jesús-Mena-directores-respectivos-de-INDE-y-Conade-50x50.jpg

Saúl-Castro-y-Jesús-Mena-directores-respectivos-de-INDE-y-Conade-120x120.jpg

https://agpnoticias.com/news/wp-content/uploads/2013/11/Saúl-Castro-y-Jesús-Mena-directores-respectivos-de-INDE-y-Conade-120x120.jpg

Saúl-Castro-y-Jesús-Mena-directores-respectivos-de-INDE-y-Conade.jpg

https://agpnoticias.com/news/wp-content/uploads/2013/11/Saúl-Castro-y-Jesús-Mena-directores-respectivos-de-INDE-y-Conade.jpg
