{"id":35161,"date":"2013-12-02T13:31:49","date_gmt":"2013-12-02T21:31:49","guid":{"rendered":"http:\/\/agpnoticias.com\/news\/wp-content\/uploads\/2013\/12\/El-ex-t\u00e9cnico-de-Venezuela-dijo-que-tiene-otras-dos-opciones-de-M\u00e9xico-adem\u00e1s-de-la-propuesta-de-Tijuana.jpg"},"modified":"2013-12-02T13:31:49","modified_gmt":"2013-12-02T21:31:49","slug":"india-venezuela-soccer","status":"inherit","type":"attachment","link":"https:\/\/agpnoticias.com\/news\/?attachment_id=35161","title":{"rendered":"El ex t\u00e9cnico de Venezuela dijo que tiene otras dos propuesta de M\u00e9xico, adem\u00e1s de la de Tijuana"},"author":1,"featured_media":0,"comment_status":"open","ping_status":"closed","template":"","meta":[],"class_list":["post-35161","attachment","type-attachment","status-inherit","hentry"],"description":{"rendered":"<p class=\"attachment\"><a href='https:\/\/agpnoticias.com\/news\/wp-content\/uploads\/2013\/12\/El-ex-t\u00e9cnico-de-Venezuela-dijo-que-tiene-otras-dos-opciones-de-M\u00e9xico-adem\u00e1s-de-la-propuesta-de-Tijuana.jpg'><img loading=\"lazy\" width=\"320\" height=\"240\" src=\"https:\/\/agpnoticias.com\/news\/wp-content\/uploads\/2013\/12\/El-ex-t\u00e9cnico-de-Venezuela-dijo-que-tiene-otras-dos-opciones-de-M\u00e9xico-adem\u00e1s-de-la-propuesta-de-Tijuana-320x240.jpg\" class=\"attachment-medium size-medium\" alt=\"El ex t\u00e9cnico de Venezuela dijo que tiene otras dos propuesta de M\u00e9xico, adem\u00e1s de la de Tijuana\" loading=\"lazy\" decoding=\"async\" \/><\/a><\/p>\n"},"caption":{"rendered":"<p>El ex t\u00e9cnico de Venezuela dijo que tiene otras dos propuesta de M\u00e9xico, adem\u00e1s de la de Tijuana<\/p>\n"},"alt_text":"","media_type":"image","mime_type":"image\/jpeg","media_details":{"width":640,"height":438,"file":"2013\/12\/El-ex-t\u00e9cnico-de-Venezuela-dijo-que-tiene-otras-dos-opciones-de-M\u00e9xico-adem\u00e1s-de-la-propuesta-de-Tijuana.jpg","sizes":{"thumbnail":{"file":"El-ex-t\u00e9cnico-de-Venezuela-dijo-que-tiene-otras-dos-opciones-de-M\u00e9xico-adem\u00e1s-de-la-propuesta-de-Tijuana-200x136.jpg","width":200,"height":136,"mime_type":"image\/jpeg","source_url":"https:\/\/agpnoticias.com\/news\/wp-content\/uploads\/2013\/12\/El-ex-t\u00e9cnico-de-Venezuela-dijo-que-tiene-otras-dos-opciones-de-M\u00e9xico-adem\u00e1s-de-la-propuesta-de-Tijuana-200x136.jpg"},"medium":{"file":"El-ex-t\u00e9cnico-de-Venezuela-dijo-que-tiene-otras-dos-opciones-de-M\u00e9xico-adem\u00e1s-de-la-propuesta-de-Tijuana-320x240.jpg","width":320,"height":240,"mime_type":"image\/jpeg","source_url":"https:\/\/agpnoticias.com\/news\/wp-content\/uploads\/2013\/12\/El-ex-t\u00e9cnico-de-Venezuela-dijo-que-tiene-otras-dos-opciones-de-M\u00e9xico-adem\u00e1s-de-la-propuesta-de-Tijuana-320x240.jpg"},"wysija-newsletters-max":{"file":"El-ex-t\u00e9cnico-de-Venezuela-dijo-que-tiene-otras-dos-opciones-de-M\u00e9xico-adem\u00e1s-de-la-propuesta-de-Tijuana-600x410.jpg","width":600,"height":410,"mime_type":"image\/jpeg","source_url":"https:\/\/agpnoticias.com\/news\/wp-content\/uploads\/2013\/12\/El-ex-t\u00e9cnico-de-Venezuela-dijo-que-tiene-otras-dos-opciones-de-M\u00e9xico-adem\u00e1s-de-la-propuesta-de-Tijuana-600x410.jpg"},"post-thumbnail":{"file":"El-ex-t\u00e9cnico-de-Venezuela-dijo-que-tiene-otras-dos-opciones-de-M\u00e9xico-adem\u00e1s-de-la-propuesta-de-Tijuana-50x50.jpg","width":50,"height":50,"mime_type":"image\/jpeg","source_url":"https:\/\/agpnoticias.com\/news\/wp-content\/uploads\/2013\/12\/El-ex-t\u00e9cnico-de-Venezuela-dijo-que-tiene-otras-dos-opciones-de-M\u00e9xico-adem\u00e1s-de-la-propuesta-de-Tijuana-50x50.jpg"},"yarpp-thumbnail":{"file":"El-ex-t\u00e9cnico-de-Venezuela-dijo-que-tiene-otras-dos-opciones-de-M\u00e9xico-adem\u00e1s-de-la-propuesta-de-Tijuana-120x120.jpg","width":120,"height":120,"mime_type":"image\/jpeg","source_url":"https:\/\/agpnoticias.com\/news\/wp-content\/uploads\/2013\/12\/El-ex-t\u00e9cnico-de-Venezuela-dijo-que-tiene-otras-dos-opciones-de-M\u00e9xico-adem\u00e1s-de-la-propuesta-de-Tijuana-120x120.jpg"},"full":{"file":"El-ex-t\u00e9cnico-de-Venezuela-dijo-que-tiene-otras-dos-opciones-de-M\u00e9xico-adem\u00e1s-de-la-propuesta-de-Tijuana.jpg","width":640,"height":438,"mime_type":"image\/jpeg","source_url":"https:\/\/agpnoticias.com\/news\/wp-content\/uploads\/2013\/12\/El-ex-t\u00e9cnico-de-Venezuela-dijo-que-tiene-otras-dos-opciones-de-M\u00e9xico-adem\u00e1s-de-la-propuesta-de-Tijuana.jpg"}},"image_meta":{"aperture":0,"credit":"Bikas Das","camera":"","caption":"","created_timestamp":1314800562,"copyright":"AP2011","focal_length":0,"iso":0,"shutter_speed":0,"title":"India Venezuela Soccer"}},"post":35160,"source_url":"https:\/\/agpnoticias.com\/news\/wp-content\/uploads\/2013\/12\/El-ex-t\u00e9cnico-de-Venezuela-dijo-que-tiene-otras-dos-opciones-de-M\u00e9xico-adem\u00e1s-de-la-propuesta-de-Tijuana.jpg","_links":{"self":[{"href":"https:\/\/agpnoticias.com\/news\/index.php?rest_route=\/wp\/v2\/media\/35161","targetHints":{"allow":["GET"]}}],"collection":[{"href":"https:\/\/agpnoticias.com\/news\/index.php?rest_route=\/wp\/v2\/media"}],"about":[{"href":"https:\/\/agpnoticias.com\/news\/index.php?rest_route=\/wp\/v2\/types\/attachment"}],"author":[{"embeddable":true,"href":"https:\/\/agpnoticias.com\/news\/index.php?rest_route=\/wp\/v2\/users\/1"}],"replies":[{"embeddable":true,"href":"https:\/\/agpnoticias.com\/news\/index.php?rest_route=%2Fwp%2Fv2%2Fcomments&post=35161"}],"wp:attached-to":[{"embeddable":true,"post_type":"post","id":35160,"href":"https:\/\/agpnoticias.com\/news\/index.php?rest_route=\/wp\/v2\/posts\/35160"}],"curies":[{"name":"wp","href":"https:\/\/api.w.org\/{rel}","templated":true}]}}

http://agpnoticias.com/news/wp-content/uploads/2013/12/El-ex-técnico-de-Venezuela-dijo-que-tiene-otras-dos-opciones-de-México-además-de-la-propuesta-de-Tijuana.jpg

El ex técnico de Venezuela dijo que tiene otras dos propuesta de México, además de la de Tijuana

<p class="attachment"><a href='https://agpnoticias.com/news/wp-content/uploads/2013/12/El-ex-técnico-de-Venezuela-dijo-que-tiene-otras-dos-opciones-de-México-además-de-la-propuesta-de-Tijuana.jpg'><img loading="lazy" width="320" height="240" src="https://agpnoticias.com/news/wp-content/uploads/2013/12/El-ex-técnico-de-Venezuela-dijo-que-tiene-otras-dos-opciones-de-México-además-de-la-propuesta-de-Tijuana-320x240.jpg" class="attachment-medium size-medium" alt="El ex técnico de Venezuela dijo que tiene otras dos propuesta de México, además de la de Tijuana" loading="lazy" decoding="async" /></a></p>

<p>El ex técnico de Venezuela dijo que tiene otras dos propuesta de México, además de la de Tijuana</p>

2013/12/El-ex-técnico-de-Venezuela-dijo-que-tiene-otras-dos-opciones-de-México-además-de-la-propuesta-de-Tijuana.jpg

El-ex-técnico-de-Venezuela-dijo-que-tiene-otras-dos-opciones-de-México-además-de-la-propuesta-de-Tijuana-200x136.jpg

https://agpnoticias.com/news/wp-content/uploads/2013/12/El-ex-técnico-de-Venezuela-dijo-que-tiene-otras-dos-opciones-de-México-además-de-la-propuesta-de-Tijuana-200x136.jpg

El-ex-técnico-de-Venezuela-dijo-que-tiene-otras-dos-opciones-de-México-además-de-la-propuesta-de-Tijuana-320x240.jpg

https://agpnoticias.com/news/wp-content/uploads/2013/12/El-ex-técnico-de-Venezuela-dijo-que-tiene-otras-dos-opciones-de-México-además-de-la-propuesta-de-Tijuana-320x240.jpg

El-ex-técnico-de-Venezuela-dijo-que-tiene-otras-dos-opciones-de-México-además-de-la-propuesta-de-Tijuana-600x410.jpg

https://agpnoticias.com/news/wp-content/uploads/2013/12/El-ex-técnico-de-Venezuela-dijo-que-tiene-otras-dos-opciones-de-México-además-de-la-propuesta-de-Tijuana-600x410.jpg

El-ex-técnico-de-Venezuela-dijo-que-tiene-otras-dos-opciones-de-México-además-de-la-propuesta-de-Tijuana-50x50.jpg

https://agpnoticias.com/news/wp-content/uploads/2013/12/El-ex-técnico-de-Venezuela-dijo-que-tiene-otras-dos-opciones-de-México-además-de-la-propuesta-de-Tijuana-50x50.jpg

El-ex-técnico-de-Venezuela-dijo-que-tiene-otras-dos-opciones-de-México-además-de-la-propuesta-de-Tijuana-120x120.jpg

https://agpnoticias.com/news/wp-content/uploads/2013/12/El-ex-técnico-de-Venezuela-dijo-que-tiene-otras-dos-opciones-de-México-además-de-la-propuesta-de-Tijuana-120x120.jpg

El-ex-técnico-de-Venezuela-dijo-que-tiene-otras-dos-opciones-de-México-además-de-la-propuesta-de-Tijuana.jpg

https://agpnoticias.com/news/wp-content/uploads/2013/12/El-ex-técnico-de-Venezuela-dijo-que-tiene-otras-dos-opciones-de-México-además-de-la-propuesta-de-Tijuana.jpg
