{"id":35174,"date":"2013-12-02T16:05:16","date_gmt":"2013-12-03T00:05:16","guid":{"rendered":"http:\/\/agpnoticias.com\/news\/wp-content\/uploads\/2013\/12\/Sergio-L\u00f3pez-considera-que-cuenta-con-el-apoyo-necesario-para-la-reelecci\u00f3n.jpg"},"modified":"2013-12-02T16:05:16","modified_gmt":"2013-12-03T00:05:16","slug":"sergio-lopez-considera-que-cuenta-con-el-apoyo-necesario-para-la-reeleccion","status":"inherit","type":"attachment","link":"https:\/\/agpnoticias.com\/news\/?attachment_id=35174","title":{"rendered":"Sergio L\u00f3pez considera que cuenta con el apoyo necesario para la reelecci\u00f3n"},"author":1,"featured_media":0,"comment_status":"open","ping_status":"closed","template":"","meta":[],"class_list":["post-35174","attachment","type-attachment","status-inherit","hentry"],"description":{"rendered":"<p class=\"attachment\"><a href='https:\/\/agpnoticias.com\/news\/wp-content\/uploads\/2013\/12\/Sergio-L\u00f3pez-considera-que-cuenta-con-el-apoyo-necesario-para-la-reelecci\u00f3n.jpg'><img loading=\"lazy\" width=\"320\" height=\"240\" src=\"https:\/\/agpnoticias.com\/news\/wp-content\/uploads\/2013\/12\/Sergio-L\u00f3pez-considera-que-cuenta-con-el-apoyo-necesario-para-la-reelecci\u00f3n-320x240.jpg\" class=\"attachment-medium size-medium\" alt=\"Sergio L\u00f3pez considera que cuenta con el apoyo necesario para la reelecci\u00f3n\" srcset=\"https:\/\/agpnoticias.com\/news\/wp-content\/uploads\/2013\/12\/Sergio-L\u00f3pez-considera-que-cuenta-con-el-apoyo-necesario-para-la-reelecci\u00f3n-320x240.jpg 320w, https:\/\/agpnoticias.com\/news\/wp-content\/uploads\/2013\/12\/Sergio-L\u00f3pez-considera-que-cuenta-con-el-apoyo-necesario-para-la-reelecci\u00f3n-640x480.jpg 640w\" sizes=\"auto, (max-width: 320px) 100vw, 320px\" loading=\"lazy\" decoding=\"async\" \/><\/a><\/p>\n"},"caption":{"rendered":"<p>Sergio L\u00f3pez considera que cuenta con el apoyo necesario para seguir al frente de la Liga Municipal<\/p>\n"},"alt_text":"","media_type":"image","mime_type":"image\/jpeg","media_details":{"width":1000,"height":641,"file":"2013\/12\/Sergio-L\u00f3pez-considera-que-cuenta-con-el-apoyo-necesario-para-la-reelecci\u00f3n.jpg","sizes":{"thumbnail":{"file":"Sergio-L\u00f3pez-considera-que-cuenta-con-el-apoyo-necesario-para-la-reelecci\u00f3n-200x128.jpg","width":200,"height":128,"mime_type":"image\/jpeg","source_url":"https:\/\/agpnoticias.com\/news\/wp-content\/uploads\/2013\/12\/Sergio-L\u00f3pez-considera-que-cuenta-con-el-apoyo-necesario-para-la-reelecci\u00f3n-200x128.jpg"},"medium":{"file":"Sergio-L\u00f3pez-considera-que-cuenta-con-el-apoyo-necesario-para-la-reelecci\u00f3n-320x240.jpg","width":320,"height":240,"mime_type":"image\/jpeg","source_url":"https:\/\/agpnoticias.com\/news\/wp-content\/uploads\/2013\/12\/Sergio-L\u00f3pez-considera-que-cuenta-con-el-apoyo-necesario-para-la-reelecci\u00f3n-320x240.jpg"},"large":{"file":"Sergio-L\u00f3pez-considera-que-cuenta-con-el-apoyo-necesario-para-la-reelecci\u00f3n-640x480.jpg","width":640,"height":480,"mime_type":"image\/jpeg","source_url":"https:\/\/agpnoticias.com\/news\/wp-content\/uploads\/2013\/12\/Sergio-L\u00f3pez-considera-que-cuenta-con-el-apoyo-necesario-para-la-reelecci\u00f3n-640x480.jpg"},"wysija-newsletters-max":{"file":"Sergio-L\u00f3pez-considera-que-cuenta-con-el-apoyo-necesario-para-la-reelecci\u00f3n-600x384.jpg","width":600,"height":384,"mime_type":"image\/jpeg","source_url":"https:\/\/agpnoticias.com\/news\/wp-content\/uploads\/2013\/12\/Sergio-L\u00f3pez-considera-que-cuenta-con-el-apoyo-necesario-para-la-reelecci\u00f3n-600x384.jpg"},"post-thumbnail":{"file":"Sergio-L\u00f3pez-considera-que-cuenta-con-el-apoyo-necesario-para-la-reelecci\u00f3n-50x50.jpg","width":50,"height":50,"mime_type":"image\/jpeg","source_url":"https:\/\/agpnoticias.com\/news\/wp-content\/uploads\/2013\/12\/Sergio-L\u00f3pez-considera-que-cuenta-con-el-apoyo-necesario-para-la-reelecci\u00f3n-50x50.jpg"},"yarpp-thumbnail":{"file":"Sergio-L\u00f3pez-considera-que-cuenta-con-el-apoyo-necesario-para-la-reelecci\u00f3n-120x120.jpg","width":120,"height":120,"mime_type":"image\/jpeg","source_url":"https:\/\/agpnoticias.com\/news\/wp-content\/uploads\/2013\/12\/Sergio-L\u00f3pez-considera-que-cuenta-con-el-apoyo-necesario-para-la-reelecci\u00f3n-120x120.jpg"},"full":{"file":"Sergio-L\u00f3pez-considera-que-cuenta-con-el-apoyo-necesario-para-la-reelecci\u00f3n.jpg","width":1000,"height":641,"mime_type":"image\/jpeg","source_url":"https:\/\/agpnoticias.com\/news\/wp-content\/uploads\/2013\/12\/Sergio-L\u00f3pez-considera-que-cuenta-con-el-apoyo-necesario-para-la-reelecci\u00f3n.jpg"}},"image_meta":{"aperture":0,"credit":"","camera":"","caption":"","created_timestamp":0,"copyright":"","focal_length":0,"iso":0,"shutter_speed":0,"title":""}},"post":35173,"source_url":"https:\/\/agpnoticias.com\/news\/wp-content\/uploads\/2013\/12\/Sergio-L\u00f3pez-considera-que-cuenta-con-el-apoyo-necesario-para-la-reelecci\u00f3n.jpg","_links":{"self":[{"href":"https:\/\/agpnoticias.com\/news\/index.php?rest_route=\/wp\/v2\/media\/35174","targetHints":{"allow":["GET"]}}],"collection":[{"href":"https:\/\/agpnoticias.com\/news\/index.php?rest_route=\/wp\/v2\/media"}],"about":[{"href":"https:\/\/agpnoticias.com\/news\/index.php?rest_route=\/wp\/v2\/types\/attachment"}],"author":[{"embeddable":true,"href":"https:\/\/agpnoticias.com\/news\/index.php?rest_route=\/wp\/v2\/users\/1"}],"replies":[{"embeddable":true,"href":"https:\/\/agpnoticias.com\/news\/index.php?rest_route=%2Fwp%2Fv2%2Fcomments&post=35174"}],"wp:attached-to":[{"embeddable":true,"post_type":"post","id":35173,"href":"https:\/\/agpnoticias.com\/news\/index.php?rest_route=\/wp\/v2\/posts\/35173"}],"curies":[{"name":"wp","href":"https:\/\/api.w.org\/{rel}","templated":true}]}}

http://agpnoticias.com/news/wp-content/uploads/2013/12/Sergio-López-considera-que-cuenta-con-el-apoyo-necesario-para-la-reelección.jpg

Sergio López considera que cuenta con el apoyo necesario para la reelección

<p class="attachment"><a href='https://agpnoticias.com/news/wp-content/uploads/2013/12/Sergio-López-considera-que-cuenta-con-el-apoyo-necesario-para-la-reelección.jpg'><img loading="lazy" width="320" height="240" src="https://agpnoticias.com/news/wp-content/uploads/2013/12/Sergio-López-considera-que-cuenta-con-el-apoyo-necesario-para-la-reelección-320x240.jpg" class="attachment-medium size-medium" alt="Sergio López considera que cuenta con el apoyo necesario para la reelección" srcset="https://agpnoticias.com/news/wp-content/uploads/2013/12/Sergio-López-considera-que-cuenta-con-el-apoyo-necesario-para-la-reelección-320x240.jpg 320w, https://agpnoticias.com/news/wp-content/uploads/2013/12/Sergio-López-considera-que-cuenta-con-el-apoyo-necesario-para-la-reelección-640x480.jpg 640w" sizes="auto, (max-width: 320px) 100vw, 320px" loading="lazy" decoding="async" /></a></p>

<p>Sergio López considera que cuenta con el apoyo necesario para seguir al frente de la Liga Municipal</p>

2013/12/Sergio-López-considera-que-cuenta-con-el-apoyo-necesario-para-la-reelección.jpg

Sergio-López-considera-que-cuenta-con-el-apoyo-necesario-para-la-reelección-200x128.jpg

https://agpnoticias.com/news/wp-content/uploads/2013/12/Sergio-López-considera-que-cuenta-con-el-apoyo-necesario-para-la-reelección-200x128.jpg

Sergio-López-considera-que-cuenta-con-el-apoyo-necesario-para-la-reelección-320x240.jpg

https://agpnoticias.com/news/wp-content/uploads/2013/12/Sergio-López-considera-que-cuenta-con-el-apoyo-necesario-para-la-reelección-320x240.jpg

Sergio-López-considera-que-cuenta-con-el-apoyo-necesario-para-la-reelección-640x480.jpg

https://agpnoticias.com/news/wp-content/uploads/2013/12/Sergio-López-considera-que-cuenta-con-el-apoyo-necesario-para-la-reelección-640x480.jpg

Sergio-López-considera-que-cuenta-con-el-apoyo-necesario-para-la-reelección-600x384.jpg

https://agpnoticias.com/news/wp-content/uploads/2013/12/Sergio-López-considera-que-cuenta-con-el-apoyo-necesario-para-la-reelección-600x384.jpg

Sergio-López-considera-que-cuenta-con-el-apoyo-necesario-para-la-reelección-50x50.jpg

https://agpnoticias.com/news/wp-content/uploads/2013/12/Sergio-López-considera-que-cuenta-con-el-apoyo-necesario-para-la-reelección-50x50.jpg

Sergio-López-considera-que-cuenta-con-el-apoyo-necesario-para-la-reelección-120x120.jpg

https://agpnoticias.com/news/wp-content/uploads/2013/12/Sergio-López-considera-que-cuenta-con-el-apoyo-necesario-para-la-reelección-120x120.jpg

Sergio-López-considera-que-cuenta-con-el-apoyo-necesario-para-la-reelección.jpg

https://agpnoticias.com/news/wp-content/uploads/2013/12/Sergio-López-considera-que-cuenta-con-el-apoyo-necesario-para-la-reelección.jpg
