{"id":36255,"date":"2013-12-20T19:54:33","date_gmt":"2013-12-21T03:54:33","guid":{"rendered":"http:\/\/agpnoticias.com\/news\/wp-content\/uploads\/2013\/12\/Fernando-P\u00e9rez-Jr.-public\u00f3-estas-fotograf\u00edas-junto-a-su-t\u00edo.jpg"},"modified":"2013-12-20T19:54:33","modified_gmt":"2013-12-21T03:54:33","slug":"fernando-perez-jr-publico-estas-fotografias-junto-a-su-tio","status":"inherit","type":"attachment","link":"https:\/\/agpnoticias.com\/news\/?attachment_id=36255","title":{"rendered":"Fernando P\u00e9rez Jr. public\u00f3 estas fotograf\u00edas junto a su t\u00edo"},"author":1,"featured_media":0,"comment_status":"closed","ping_status":"closed","template":"","meta":[],"class_list":["post-36255","attachment","type-attachment","status-inherit","hentry"],"description":{"rendered":"<p class=\"attachment\"><a href='https:\/\/agpnoticias.com\/news\/wp-content\/uploads\/2013\/12\/Fernando-P\u00e9rez-Jr.-public\u00f3-estas-fotograf\u00edas-junto-a-su-t\u00edo.jpg'><img loading=\"lazy\" width=\"320\" height=\"240\" src=\"https:\/\/agpnoticias.com\/news\/wp-content\/uploads\/2013\/12\/Fernando-P\u00e9rez-Jr.-public\u00f3-estas-fotograf\u00edas-junto-a-su-t\u00edo-320x240.jpg\" class=\"attachment-medium size-medium\" alt=\"Fernando P\u00e9rez Jr. public\u00f3 estas fotograf\u00edas junto a su t\u00edo\" srcset=\"https:\/\/agpnoticias.com\/news\/wp-content\/uploads\/2013\/12\/Fernando-P\u00e9rez-Jr.-public\u00f3-estas-fotograf\u00edas-junto-a-su-t\u00edo-320x240.jpg 320w, https:\/\/agpnoticias.com\/news\/wp-content\/uploads\/2013\/12\/Fernando-P\u00e9rez-Jr.-public\u00f3-estas-fotograf\u00edas-junto-a-su-t\u00edo-640x480.jpg 640w\" sizes=\"auto, (max-width: 320px) 100vw, 320px\" loading=\"lazy\" decoding=\"async\" \/><\/a><\/p>\n"},"caption":{"rendered":"<p>Fernando P\u00e9rez Jr. public\u00f3 estas fotograf\u00edas junto a su t\u00edo<\/p>\n"},"alt_text":"","media_type":"image","mime_type":"image\/jpeg","media_details":{"width":640,"height":640,"file":"2013\/12\/Fernando-P\u00e9rez-Jr.-public\u00f3-estas-fotograf\u00edas-junto-a-su-t\u00edo.jpg","sizes":{"thumbnail":{"file":"Fernando-P\u00e9rez-Jr.-public\u00f3-estas-fotograf\u00edas-junto-a-su-t\u00edo-200x200.jpg","width":200,"height":200,"mime_type":"image\/jpeg","source_url":"https:\/\/agpnoticias.com\/news\/wp-content\/uploads\/2013\/12\/Fernando-P\u00e9rez-Jr.-public\u00f3-estas-fotograf\u00edas-junto-a-su-t\u00edo-200x200.jpg"},"medium":{"file":"Fernando-P\u00e9rez-Jr.-public\u00f3-estas-fotograf\u00edas-junto-a-su-t\u00edo-320x240.jpg","width":320,"height":240,"mime_type":"image\/jpeg","source_url":"https:\/\/agpnoticias.com\/news\/wp-content\/uploads\/2013\/12\/Fernando-P\u00e9rez-Jr.-public\u00f3-estas-fotograf\u00edas-junto-a-su-t\u00edo-320x240.jpg"},"large":{"file":"Fernando-P\u00e9rez-Jr.-public\u00f3-estas-fotograf\u00edas-junto-a-su-t\u00edo-640x480.jpg","width":640,"height":480,"mime_type":"image\/jpeg","source_url":"https:\/\/agpnoticias.com\/news\/wp-content\/uploads\/2013\/12\/Fernando-P\u00e9rez-Jr.-public\u00f3-estas-fotograf\u00edas-junto-a-su-t\u00edo-640x480.jpg"},"wysija-newsletters-max":{"file":"Fernando-P\u00e9rez-Jr.-public\u00f3-estas-fotograf\u00edas-junto-a-su-t\u00edo-600x600.jpg","width":600,"height":600,"mime_type":"image\/jpeg","source_url":"https:\/\/agpnoticias.com\/news\/wp-content\/uploads\/2013\/12\/Fernando-P\u00e9rez-Jr.-public\u00f3-estas-fotograf\u00edas-junto-a-su-t\u00edo-600x600.jpg"},"post-thumbnail":{"file":"Fernando-P\u00e9rez-Jr.-public\u00f3-estas-fotograf\u00edas-junto-a-su-t\u00edo-50x50.jpg","width":50,"height":50,"mime_type":"image\/jpeg","source_url":"https:\/\/agpnoticias.com\/news\/wp-content\/uploads\/2013\/12\/Fernando-P\u00e9rez-Jr.-public\u00f3-estas-fotograf\u00edas-junto-a-su-t\u00edo-50x50.jpg"},"yarpp-thumbnail":{"file":"Fernando-P\u00e9rez-Jr.-public\u00f3-estas-fotograf\u00edas-junto-a-su-t\u00edo-120x120.jpg","width":120,"height":120,"mime_type":"image\/jpeg","source_url":"https:\/\/agpnoticias.com\/news\/wp-content\/uploads\/2013\/12\/Fernando-P\u00e9rez-Jr.-public\u00f3-estas-fotograf\u00edas-junto-a-su-t\u00edo-120x120.jpg"},"full":{"file":"Fernando-P\u00e9rez-Jr.-public\u00f3-estas-fotograf\u00edas-junto-a-su-t\u00edo.jpg","width":640,"height":640,"mime_type":"image\/jpeg","source_url":"https:\/\/agpnoticias.com\/news\/wp-content\/uploads\/2013\/12\/Fernando-P\u00e9rez-Jr.-public\u00f3-estas-fotograf\u00edas-junto-a-su-t\u00edo.jpg"}},"image_meta":{"aperture":0,"credit":"","camera":"","caption":"","created_timestamp":0,"copyright":"","focal_length":0,"iso":0,"shutter_speed":0,"title":""}},"post":36254,"source_url":"https:\/\/agpnoticias.com\/news\/wp-content\/uploads\/2013\/12\/Fernando-P\u00e9rez-Jr.-public\u00f3-estas-fotograf\u00edas-junto-a-su-t\u00edo.jpg","_links":{"self":[{"href":"https:\/\/agpnoticias.com\/news\/index.php?rest_route=\/wp\/v2\/media\/36255","targetHints":{"allow":["GET"]}}],"collection":[{"href":"https:\/\/agpnoticias.com\/news\/index.php?rest_route=\/wp\/v2\/media"}],"about":[{"href":"https:\/\/agpnoticias.com\/news\/index.php?rest_route=\/wp\/v2\/types\/attachment"}],"author":[{"embeddable":true,"href":"https:\/\/agpnoticias.com\/news\/index.php?rest_route=\/wp\/v2\/users\/1"}],"replies":[{"embeddable":true,"href":"https:\/\/agpnoticias.com\/news\/index.php?rest_route=%2Fwp%2Fv2%2Fcomments&post=36255"}],"wp:attached-to":[{"embeddable":true,"post_type":"post","id":36254,"href":"https:\/\/agpnoticias.com\/news\/index.php?rest_route=\/wp\/v2\/posts\/36254"}],"curies":[{"name":"wp","href":"https:\/\/api.w.org\/{rel}","templated":true}]}}

http://agpnoticias.com/news/wp-content/uploads/2013/12/Fernando-Pérez-Jr.-publicó-estas-fotografías-junto-a-su-tío.jpg

Fernando Pérez Jr. publicó estas fotografías junto a su tío

<p class="attachment"><a href='https://agpnoticias.com/news/wp-content/uploads/2013/12/Fernando-Pérez-Jr.-publicó-estas-fotografías-junto-a-su-tío.jpg'><img loading="lazy" width="320" height="240" src="https://agpnoticias.com/news/wp-content/uploads/2013/12/Fernando-Pérez-Jr.-publicó-estas-fotografías-junto-a-su-tío-320x240.jpg" class="attachment-medium size-medium" alt="Fernando Pérez Jr. publicó estas fotografías junto a su tío" srcset="https://agpnoticias.com/news/wp-content/uploads/2013/12/Fernando-Pérez-Jr.-publicó-estas-fotografías-junto-a-su-tío-320x240.jpg 320w, https://agpnoticias.com/news/wp-content/uploads/2013/12/Fernando-Pérez-Jr.-publicó-estas-fotografías-junto-a-su-tío-640x480.jpg 640w" sizes="auto, (max-width: 320px) 100vw, 320px" loading="lazy" decoding="async" /></a></p>

<p>Fernando Pérez Jr. publicó estas fotografías junto a su tío</p>

2013/12/Fernando-Pérez-Jr.-publicó-estas-fotografías-junto-a-su-tío.jpg

Fernando-Pérez-Jr.-publicó-estas-fotografías-junto-a-su-tío-200x200.jpg

https://agpnoticias.com/news/wp-content/uploads/2013/12/Fernando-Pérez-Jr.-publicó-estas-fotografías-junto-a-su-tío-200x200.jpg

Fernando-Pérez-Jr.-publicó-estas-fotografías-junto-a-su-tío-320x240.jpg

https://agpnoticias.com/news/wp-content/uploads/2013/12/Fernando-Pérez-Jr.-publicó-estas-fotografías-junto-a-su-tío-320x240.jpg

Fernando-Pérez-Jr.-publicó-estas-fotografías-junto-a-su-tío-640x480.jpg

https://agpnoticias.com/news/wp-content/uploads/2013/12/Fernando-Pérez-Jr.-publicó-estas-fotografías-junto-a-su-tío-640x480.jpg

Fernando-Pérez-Jr.-publicó-estas-fotografías-junto-a-su-tío-600x600.jpg

https://agpnoticias.com/news/wp-content/uploads/2013/12/Fernando-Pérez-Jr.-publicó-estas-fotografías-junto-a-su-tío-600x600.jpg

Fernando-Pérez-Jr.-publicó-estas-fotografías-junto-a-su-tío-50x50.jpg

https://agpnoticias.com/news/wp-content/uploads/2013/12/Fernando-Pérez-Jr.-publicó-estas-fotografías-junto-a-su-tío-50x50.jpg

Fernando-Pérez-Jr.-publicó-estas-fotografías-junto-a-su-tío-120x120.jpg

https://agpnoticias.com/news/wp-content/uploads/2013/12/Fernando-Pérez-Jr.-publicó-estas-fotografías-junto-a-su-tío-120x120.jpg

Fernando-Pérez-Jr.-publicó-estas-fotografías-junto-a-su-tío.jpg

https://agpnoticias.com/news/wp-content/uploads/2013/12/Fernando-Pérez-Jr.-publicó-estas-fotografías-junto-a-su-tío.jpg
