{"id":37781,"date":"2014-01-25T17:23:09","date_gmt":"2014-01-26T01:23:09","guid":{"rendered":"http:\/\/agpnoticias.com\/news\/wp-content\/uploads\/2014\/01\/Egidio-Ar\u00e9valo-regres\u00f3-a-la-cancha-del-Estadio-Caliente.jpg"},"modified":"2014-01-25T17:23:09","modified_gmt":"2014-01-26T01:23:09","slug":"egidio-arevalo-regreso-a-la-cancha-del-estadio-caliente","status":"inherit","type":"attachment","link":"https:\/\/agpnoticias.com\/news\/?attachment_id=37781","title":{"rendered":"Egidio Ar\u00e9valo regres\u00f3 a la cancha del Estadio Caliente"},"author":1,"featured_media":0,"comment_status":"closed","ping_status":"closed","template":"","meta":[],"class_list":["post-37781","attachment","type-attachment","status-inherit","hentry"],"description":{"rendered":"<p class=\"attachment\"><a href='https:\/\/agpnoticias.com\/news\/wp-content\/uploads\/2014\/01\/Egidio-Ar\u00e9valo-regres\u00f3-a-la-cancha-del-Estadio-Caliente.jpg'><img loading=\"lazy\" width=\"320\" height=\"240\" src=\"https:\/\/agpnoticias.com\/news\/wp-content\/uploads\/2014\/01\/Egidio-Ar\u00e9valo-regres\u00f3-a-la-cancha-del-Estadio-Caliente-320x240.jpg\" class=\"attachment-medium size-medium\" alt=\"Egidio Ar\u00e9valo regres\u00f3 a la cancha del Estadio Caliente\" loading=\"lazy\" decoding=\"async\" \/><\/a><\/p>\n"},"caption":{"rendered":"<p>Egidio Ar\u00e9valo regres\u00f3 a la cancha del Estadio Caliente<\/p>\n"},"alt_text":"","media_type":"image","mime_type":"image\/jpeg","media_details":{"width":600,"height":419,"file":"2014\/01\/Egidio-Ar\u00e9valo-regres\u00f3-a-la-cancha-del-Estadio-Caliente.jpg","sizes":{"thumbnail":{"file":"Egidio-Ar\u00e9valo-regres\u00f3-a-la-cancha-del-Estadio-Caliente-200x139.jpg","width":200,"height":139,"mime_type":"image\/jpeg","source_url":"https:\/\/agpnoticias.com\/news\/wp-content\/uploads\/2014\/01\/Egidio-Ar\u00e9valo-regres\u00f3-a-la-cancha-del-Estadio-Caliente-200x139.jpg"},"medium":{"file":"Egidio-Ar\u00e9valo-regres\u00f3-a-la-cancha-del-Estadio-Caliente-320x240.jpg","width":320,"height":240,"mime_type":"image\/jpeg","source_url":"https:\/\/agpnoticias.com\/news\/wp-content\/uploads\/2014\/01\/Egidio-Ar\u00e9valo-regres\u00f3-a-la-cancha-del-Estadio-Caliente-320x240.jpg"},"post-thumbnail":{"file":"Egidio-Ar\u00e9valo-regres\u00f3-a-la-cancha-del-Estadio-Caliente-50x50.jpg","width":50,"height":50,"mime_type":"image\/jpeg","source_url":"https:\/\/agpnoticias.com\/news\/wp-content\/uploads\/2014\/01\/Egidio-Ar\u00e9valo-regres\u00f3-a-la-cancha-del-Estadio-Caliente-50x50.jpg"},"yarpp-thumbnail":{"file":"Egidio-Ar\u00e9valo-regres\u00f3-a-la-cancha-del-Estadio-Caliente-120x120.jpg","width":120,"height":120,"mime_type":"image\/jpeg","source_url":"https:\/\/agpnoticias.com\/news\/wp-content\/uploads\/2014\/01\/Egidio-Ar\u00e9valo-regres\u00f3-a-la-cancha-del-Estadio-Caliente-120x120.jpg"},"full":{"file":"Egidio-Ar\u00e9valo-regres\u00f3-a-la-cancha-del-Estadio-Caliente.jpg","width":600,"height":419,"mime_type":"image\/jpeg","source_url":"https:\/\/agpnoticias.com\/news\/wp-content\/uploads\/2014\/01\/Egidio-Ar\u00e9valo-regres\u00f3-a-la-cancha-del-Estadio-Caliente.jpg"}},"image_meta":{"aperture":0,"credit":"","camera":"","caption":"","created_timestamp":0,"copyright":"","focal_length":0,"iso":0,"shutter_speed":0,"title":""}},"post":37731,"source_url":"https:\/\/agpnoticias.com\/news\/wp-content\/uploads\/2014\/01\/Egidio-Ar\u00e9valo-regres\u00f3-a-la-cancha-del-Estadio-Caliente.jpg","_links":{"self":[{"href":"https:\/\/agpnoticias.com\/news\/index.php?rest_route=\/wp\/v2\/media\/37781","targetHints":{"allow":["GET"]}}],"collection":[{"href":"https:\/\/agpnoticias.com\/news\/index.php?rest_route=\/wp\/v2\/media"}],"about":[{"href":"https:\/\/agpnoticias.com\/news\/index.php?rest_route=\/wp\/v2\/types\/attachment"}],"author":[{"embeddable":true,"href":"https:\/\/agpnoticias.com\/news\/index.php?rest_route=\/wp\/v2\/users\/1"}],"replies":[{"embeddable":true,"href":"https:\/\/agpnoticias.com\/news\/index.php?rest_route=%2Fwp%2Fv2%2Fcomments&post=37781"}],"wp:attached-to":[{"embeddable":true,"post_type":"post","id":37731,"href":"https:\/\/agpnoticias.com\/news\/index.php?rest_route=\/wp\/v2\/posts\/37731"}],"curies":[{"name":"wp","href":"https:\/\/api.w.org\/{rel}","templated":true}]}}

http://agpnoticias.com/news/wp-content/uploads/2014/01/Egidio-Arévalo-regresó-a-la-cancha-del-Estadio-Caliente.jpg

Egidio Arévalo regresó a la cancha del Estadio Caliente

<p class="attachment"><a href='https://agpnoticias.com/news/wp-content/uploads/2014/01/Egidio-Arévalo-regresó-a-la-cancha-del-Estadio-Caliente.jpg'><img loading="lazy" width="320" height="240" src="https://agpnoticias.com/news/wp-content/uploads/2014/01/Egidio-Arévalo-regresó-a-la-cancha-del-Estadio-Caliente-320x240.jpg" class="attachment-medium size-medium" alt="Egidio Arévalo regresó a la cancha del Estadio Caliente" loading="lazy" decoding="async" /></a></p>

<p>Egidio Arévalo regresó a la cancha del Estadio Caliente</p>

2014/01/Egidio-Arévalo-regresó-a-la-cancha-del-Estadio-Caliente.jpg

Egidio-Arévalo-regresó-a-la-cancha-del-Estadio-Caliente-200x139.jpg

https://agpnoticias.com/news/wp-content/uploads/2014/01/Egidio-Arévalo-regresó-a-la-cancha-del-Estadio-Caliente-200x139.jpg

Egidio-Arévalo-regresó-a-la-cancha-del-Estadio-Caliente-320x240.jpg

https://agpnoticias.com/news/wp-content/uploads/2014/01/Egidio-Arévalo-regresó-a-la-cancha-del-Estadio-Caliente-320x240.jpg

Egidio-Arévalo-regresó-a-la-cancha-del-Estadio-Caliente-50x50.jpg

https://agpnoticias.com/news/wp-content/uploads/2014/01/Egidio-Arévalo-regresó-a-la-cancha-del-Estadio-Caliente-50x50.jpg

Egidio-Arévalo-regresó-a-la-cancha-del-Estadio-Caliente-120x120.jpg

https://agpnoticias.com/news/wp-content/uploads/2014/01/Egidio-Arévalo-regresó-a-la-cancha-del-Estadio-Caliente-120x120.jpg

Egidio-Arévalo-regresó-a-la-cancha-del-Estadio-Caliente.jpg

https://agpnoticias.com/news/wp-content/uploads/2014/01/Egidio-Arévalo-regresó-a-la-cancha-del-Estadio-Caliente.jpg
