{"id":37835,"date":"2014-01-26T21:39:11","date_gmt":"2014-01-27T05:39:11","guid":{"rendered":"http:\/\/agpnoticias.com\/news\/wp-content\/uploads\/2014\/01\/Los-corredores-locales-recordaron-a-quien-los-acompa\u00f1\u00f3-durante-las-fechas-atl\u00e9ticas-celebradas-en-Ensenada.jpg"},"modified":"2014-01-26T21:39:11","modified_gmt":"2014-01-27T05:39:11","slug":"los-corredores-locales-recordaron-a-quien-los-acompano-durante-las-fechas-atleticas-celebradas-en-ensenada","status":"inherit","type":"attachment","link":"https:\/\/agpnoticias.com\/news\/?attachment_id=37835","title":{"rendered":"Los corredores locales recordaron a quien los acompa\u00f1\u00f3 durante las fechas atl\u00e9ticas celebradas en Ensenada"},"author":1,"featured_media":0,"comment_status":"closed","ping_status":"closed","template":"","meta":[],"class_list":["post-37835","attachment","type-attachment","status-inherit","hentry"],"description":{"rendered":"<p class=\"attachment\"><a href='https:\/\/agpnoticias.com\/news\/wp-content\/uploads\/2014\/01\/Los-corredores-locales-recordaron-a-quien-los-acompa\u00f1\u00f3-durante-las-fechas-atl\u00e9ticas-celebradas-en-Ensenada.jpg'><img loading=\"lazy\" width=\"320\" height=\"240\" src=\"https:\/\/agpnoticias.com\/news\/wp-content\/uploads\/2014\/01\/Los-corredores-locales-recordaron-a-quien-los-acompa\u00f1\u00f3-durante-las-fechas-atl\u00e9ticas-celebradas-en-Ensenada-320x240.jpg\" class=\"attachment-medium size-medium\" alt=\"Los corredores locales recordaron a quien los acompa\u00f1\u00f3 durante las fechas atl\u00e9ticas celebradas en Ensenada\" loading=\"lazy\" decoding=\"async\" \/><\/a><\/p>\n"},"caption":{"rendered":"<p>Los corredores locales recordaron a quien los acompa\u00f1\u00f3 durante las fechas atl\u00e9ticas celebradas en Ensenada<\/p>\n"},"alt_text":"","media_type":"image","mime_type":"image\/jpeg","media_details":{"width":640,"height":427,"file":"2014\/01\/Los-corredores-locales-recordaron-a-quien-los-acompa\u00f1\u00f3-durante-las-fechas-atl\u00e9ticas-celebradas-en-Ensenada.jpg","sizes":{"thumbnail":{"file":"Los-corredores-locales-recordaron-a-quien-los-acompa\u00f1\u00f3-durante-las-fechas-atl\u00e9ticas-celebradas-en-Ensenada-200x133.jpg","width":200,"height":133,"mime_type":"image\/jpeg","source_url":"https:\/\/agpnoticias.com\/news\/wp-content\/uploads\/2014\/01\/Los-corredores-locales-recordaron-a-quien-los-acompa\u00f1\u00f3-durante-las-fechas-atl\u00e9ticas-celebradas-en-Ensenada-200x133.jpg"},"medium":{"file":"Los-corredores-locales-recordaron-a-quien-los-acompa\u00f1\u00f3-durante-las-fechas-atl\u00e9ticas-celebradas-en-Ensenada-320x240.jpg","width":320,"height":240,"mime_type":"image\/jpeg","source_url":"https:\/\/agpnoticias.com\/news\/wp-content\/uploads\/2014\/01\/Los-corredores-locales-recordaron-a-quien-los-acompa\u00f1\u00f3-durante-las-fechas-atl\u00e9ticas-celebradas-en-Ensenada-320x240.jpg"},"wysija-newsletters-max":{"file":"Los-corredores-locales-recordaron-a-quien-los-acompa\u00f1\u00f3-durante-las-fechas-atl\u00e9ticas-celebradas-en-Ensenada-600x400.jpg","width":600,"height":400,"mime_type":"image\/jpeg","source_url":"https:\/\/agpnoticias.com\/news\/wp-content\/uploads\/2014\/01\/Los-corredores-locales-recordaron-a-quien-los-acompa\u00f1\u00f3-durante-las-fechas-atl\u00e9ticas-celebradas-en-Ensenada-600x400.jpg"},"post-thumbnail":{"file":"Los-corredores-locales-recordaron-a-quien-los-acompa\u00f1\u00f3-durante-las-fechas-atl\u00e9ticas-celebradas-en-Ensenada-50x50.jpg","width":50,"height":50,"mime_type":"image\/jpeg","source_url":"https:\/\/agpnoticias.com\/news\/wp-content\/uploads\/2014\/01\/Los-corredores-locales-recordaron-a-quien-los-acompa\u00f1\u00f3-durante-las-fechas-atl\u00e9ticas-celebradas-en-Ensenada-50x50.jpg"},"yarpp-thumbnail":{"file":"Los-corredores-locales-recordaron-a-quien-los-acompa\u00f1\u00f3-durante-las-fechas-atl\u00e9ticas-celebradas-en-Ensenada-120x120.jpg","width":120,"height":120,"mime_type":"image\/jpeg","source_url":"https:\/\/agpnoticias.com\/news\/wp-content\/uploads\/2014\/01\/Los-corredores-locales-recordaron-a-quien-los-acompa\u00f1\u00f3-durante-las-fechas-atl\u00e9ticas-celebradas-en-Ensenada-120x120.jpg"},"full":{"file":"Los-corredores-locales-recordaron-a-quien-los-acompa\u00f1\u00f3-durante-las-fechas-atl\u00e9ticas-celebradas-en-Ensenada.jpg","width":640,"height":427,"mime_type":"image\/jpeg","source_url":"https:\/\/agpnoticias.com\/news\/wp-content\/uploads\/2014\/01\/Los-corredores-locales-recordaron-a-quien-los-acompa\u00f1\u00f3-durante-las-fechas-atl\u00e9ticas-celebradas-en-Ensenada.jpg"}},"image_meta":{"aperture":4,"credit":"","camera":"Canon EOS-1D Mark II","caption":"","created_timestamp":1390729199,"copyright":"","focal_length":"135","iso":"500","shutter_speed":"0.0005","title":""}},"post":37834,"source_url":"https:\/\/agpnoticias.com\/news\/wp-content\/uploads\/2014\/01\/Los-corredores-locales-recordaron-a-quien-los-acompa\u00f1\u00f3-durante-las-fechas-atl\u00e9ticas-celebradas-en-Ensenada.jpg","_links":{"self":[{"href":"https:\/\/agpnoticias.com\/news\/index.php?rest_route=\/wp\/v2\/media\/37835","targetHints":{"allow":["GET"]}}],"collection":[{"href":"https:\/\/agpnoticias.com\/news\/index.php?rest_route=\/wp\/v2\/media"}],"about":[{"href":"https:\/\/agpnoticias.com\/news\/index.php?rest_route=\/wp\/v2\/types\/attachment"}],"author":[{"embeddable":true,"href":"https:\/\/agpnoticias.com\/news\/index.php?rest_route=\/wp\/v2\/users\/1"}],"replies":[{"embeddable":true,"href":"https:\/\/agpnoticias.com\/news\/index.php?rest_route=%2Fwp%2Fv2%2Fcomments&post=37835"}],"wp:attached-to":[{"embeddable":true,"post_type":"post","id":37834,"href":"https:\/\/agpnoticias.com\/news\/index.php?rest_route=\/wp\/v2\/posts\/37834"}],"curies":[{"name":"wp","href":"https:\/\/api.w.org\/{rel}","templated":true}]}}

http://agpnoticias.com/news/wp-content/uploads/2014/01/Los-corredores-locales-recordaron-a-quien-los-acompañó-durante-las-fechas-atléticas-celebradas-en-Ensenada.jpg

Los corredores locales recordaron a quien los acompañó durante las fechas atléticas celebradas en Ensenada

<p class="attachment"><a href='https://agpnoticias.com/news/wp-content/uploads/2014/01/Los-corredores-locales-recordaron-a-quien-los-acompañó-durante-las-fechas-atléticas-celebradas-en-Ensenada.jpg'><img loading="lazy" width="320" height="240" src="https://agpnoticias.com/news/wp-content/uploads/2014/01/Los-corredores-locales-recordaron-a-quien-los-acompañó-durante-las-fechas-atléticas-celebradas-en-Ensenada-320x240.jpg" class="attachment-medium size-medium" alt="Los corredores locales recordaron a quien los acompañó durante las fechas atléticas celebradas en Ensenada" loading="lazy" decoding="async" /></a></p>

<p>Los corredores locales recordaron a quien los acompañó durante las fechas atléticas celebradas en Ensenada</p>

2014/01/Los-corredores-locales-recordaron-a-quien-los-acompañó-durante-las-fechas-atléticas-celebradas-en-Ensenada.jpg

Los-corredores-locales-recordaron-a-quien-los-acompañó-durante-las-fechas-atléticas-celebradas-en-Ensenada-200x133.jpg

https://agpnoticias.com/news/wp-content/uploads/2014/01/Los-corredores-locales-recordaron-a-quien-los-acompañó-durante-las-fechas-atléticas-celebradas-en-Ensenada-200x133.jpg

Los-corredores-locales-recordaron-a-quien-los-acompañó-durante-las-fechas-atléticas-celebradas-en-Ensenada-320x240.jpg

https://agpnoticias.com/news/wp-content/uploads/2014/01/Los-corredores-locales-recordaron-a-quien-los-acompañó-durante-las-fechas-atléticas-celebradas-en-Ensenada-320x240.jpg

Los-corredores-locales-recordaron-a-quien-los-acompañó-durante-las-fechas-atléticas-celebradas-en-Ensenada-600x400.jpg

https://agpnoticias.com/news/wp-content/uploads/2014/01/Los-corredores-locales-recordaron-a-quien-los-acompañó-durante-las-fechas-atléticas-celebradas-en-Ensenada-600x400.jpg

Los-corredores-locales-recordaron-a-quien-los-acompañó-durante-las-fechas-atléticas-celebradas-en-Ensenada-50x50.jpg

https://agpnoticias.com/news/wp-content/uploads/2014/01/Los-corredores-locales-recordaron-a-quien-los-acompañó-durante-las-fechas-atléticas-celebradas-en-Ensenada-50x50.jpg

Los-corredores-locales-recordaron-a-quien-los-acompañó-durante-las-fechas-atléticas-celebradas-en-Ensenada-120x120.jpg

https://agpnoticias.com/news/wp-content/uploads/2014/01/Los-corredores-locales-recordaron-a-quien-los-acompañó-durante-las-fechas-atléticas-celebradas-en-Ensenada-120x120.jpg

Los-corredores-locales-recordaron-a-quien-los-acompañó-durante-las-fechas-atléticas-celebradas-en-Ensenada.jpg

https://agpnoticias.com/news/wp-content/uploads/2014/01/Los-corredores-locales-recordaron-a-quien-los-acompañó-durante-las-fechas-atléticas-celebradas-en-Ensenada.jpg
