{"id":37886,"date":"2014-01-27T17:58:05","date_gmt":"2014-01-28T01:58:05","guid":{"rendered":"http:\/\/agpnoticias.com\/news\/wp-content\/uploads\/2014\/01\/El-patrocinador-de-la-Liga-Municipal-de-Ensenada-invit\u00f3-a-los-representantes-de-liga-a-que-manifiesten-su-oposici\u00f3n-contra-un-nuevo-periodo-del-presidente-de-la-asociaci\u00f3n-estatal.jpg"},"modified":"2014-01-27T17:58:05","modified_gmt":"2014-01-28T01:58:05","slug":"el-patrocinador-de-la-liga-municipal-de-ensenada-invito-a-los-representantes-de-liga-a-que-manifiesten-su-oposicion-contra-un-nuevo-periodo-del-presidente-de-la-asociacion-estatal","status":"inherit","type":"attachment","link":"https:\/\/agpnoticias.com\/news\/?attachment_id=37886","title":{"rendered":"El patrocinador de la Liga Municipal de Ensenada invit\u00f3 a los representantes de liga a que manifiesten su oposici\u00f3n contra un nuevo periodo del presidente de la asociaci\u00f3n estatal"},"author":1,"featured_media":0,"comment_status":"closed","ping_status":"closed","template":"","meta":[],"class_list":["post-37886","attachment","type-attachment","status-inherit","hentry"],"description":{"rendered":"<p class=\"attachment\"><a href='https:\/\/agpnoticias.com\/news\/wp-content\/uploads\/2014\/01\/El-patrocinador-de-la-Liga-Municipal-de-Ensenada-invit\u00f3-a-los-representantes-de-liga-a-que-manifiesten-su-oposici\u00f3n-contra-un-nuevo-periodo-del-presidente-de-la-asociaci\u00f3n-estatal.jpg'><img loading=\"lazy\" width=\"320\" height=\"240\" src=\"https:\/\/agpnoticias.com\/news\/wp-content\/uploads\/2014\/01\/El-patrocinador-de-la-Liga-Municipal-de-Ensenada-invit\u00f3-a-los-representantes-de-liga-a-que-manifiesten-su-oposici\u00f3n-contra-un-nuevo-periodo-del-presidente-de-la-asociaci\u00f3n-estatal-320x240.jpg\" class=\"attachment-medium size-medium\" alt=\"El patrocinador de la Liga Municipal de Ensenada invit\u00f3 a los representantes de liga a que manifiesten su oposici\u00f3n contra un nuevo periodo del presidente de la asociaci\u00f3n estatal\" loading=\"lazy\" decoding=\"async\" \/><\/a><\/p>\n"},"caption":{"rendered":"<p>El patrocinador de la Liga Municipal de Ensenada invit\u00f3 a los representantes de liga a que manifiesten su oposici\u00f3n contra un nuevo periodo del presidente de la asociaci\u00f3n estatal<\/p>\n"},"alt_text":"","media_type":"image","mime_type":"image\/jpeg","media_details":{"width":640,"height":438,"file":"2014\/01\/El-patrocinador-de-la-Liga-Municipal-de-Ensenada-invit\u00f3-a-los-representantes-de-liga-a-que-manifiesten-su-oposici\u00f3n-contra-un-nuevo-periodo-del-presidente-de-la-asociaci\u00f3n-estatal.jpg","sizes":{"thumbnail":{"file":"El-patrocinador-de-la-Liga-Municipal-de-Ensenada-invit\u00f3-a-los-representantes-de-liga-a-que-manifiesten-su-oposici\u00f3n-contra-un-nuevo-periodo-del-presidente-de-la-asociaci\u00f3n-estatal-200x136.jpg","width":200,"height":136,"mime_type":"image\/jpeg","source_url":"https:\/\/agpnoticias.com\/news\/wp-content\/uploads\/2014\/01\/El-patrocinador-de-la-Liga-Municipal-de-Ensenada-invit\u00f3-a-los-representantes-de-liga-a-que-manifiesten-su-oposici\u00f3n-contra-un-nuevo-periodo-del-presidente-de-la-asociaci\u00f3n-estatal-200x136.jpg"},"medium":{"file":"El-patrocinador-de-la-Liga-Municipal-de-Ensenada-invit\u00f3-a-los-representantes-de-liga-a-que-manifiesten-su-oposici\u00f3n-contra-un-nuevo-periodo-del-presidente-de-la-asociaci\u00f3n-estatal-320x240.jpg","width":320,"height":240,"mime_type":"image\/jpeg","source_url":"https:\/\/agpnoticias.com\/news\/wp-content\/uploads\/2014\/01\/El-patrocinador-de-la-Liga-Municipal-de-Ensenada-invit\u00f3-a-los-representantes-de-liga-a-que-manifiesten-su-oposici\u00f3n-contra-un-nuevo-periodo-del-presidente-de-la-asociaci\u00f3n-estatal-320x240.jpg"},"wysija-newsletters-max":{"file":"El-patrocinador-de-la-Liga-Municipal-de-Ensenada-invit\u00f3-a-los-representantes-de-liga-a-que-manifiesten-su-oposici\u00f3n-contra-un-nuevo-periodo-del-presidente-de-la-asociaci\u00f3n-estatal-600x410.jpg","width":600,"height":410,"mime_type":"image\/jpeg","source_url":"https:\/\/agpnoticias.com\/news\/wp-content\/uploads\/2014\/01\/El-patrocinador-de-la-Liga-Municipal-de-Ensenada-invit\u00f3-a-los-representantes-de-liga-a-que-manifiesten-su-oposici\u00f3n-contra-un-nuevo-periodo-del-presidente-de-la-asociaci\u00f3n-estatal-600x410.jpg"},"post-thumbnail":{"file":"El-patrocinador-de-la-Liga-Municipal-de-Ensenada-invit\u00f3-a-los-representantes-de-liga-a-que-manifiesten-su-oposici\u00f3n-contra-un-nuevo-periodo-del-presidente-de-la-asociaci\u00f3n-estatal-50x50.jpg","width":50,"height":50,"mime_type":"image\/jpeg","source_url":"https:\/\/agpnoticias.com\/news\/wp-content\/uploads\/2014\/01\/El-patrocinador-de-la-Liga-Municipal-de-Ensenada-invit\u00f3-a-los-representantes-de-liga-a-que-manifiesten-su-oposici\u00f3n-contra-un-nuevo-periodo-del-presidente-de-la-asociaci\u00f3n-estatal-50x50.jpg"},"yarpp-thumbnail":{"file":"El-patrocinador-de-la-Liga-Municipal-de-Ensenada-invit\u00f3-a-los-representantes-de-liga-a-que-manifiesten-su-oposici\u00f3n-contra-un-nuevo-periodo-del-presidente-de-la-asociaci\u00f3n-estatal-120x120.jpg","width":120,"height":120,"mime_type":"image\/jpeg","source_url":"https:\/\/agpnoticias.com\/news\/wp-content\/uploads\/2014\/01\/El-patrocinador-de-la-Liga-Municipal-de-Ensenada-invit\u00f3-a-los-representantes-de-liga-a-que-manifiesten-su-oposici\u00f3n-contra-un-nuevo-periodo-del-presidente-de-la-asociaci\u00f3n-estatal-120x120.jpg"},"full":{"file":"El-patrocinador-de-la-Liga-Municipal-de-Ensenada-invit\u00f3-a-los-representantes-de-liga-a-que-manifiesten-su-oposici\u00f3n-contra-un-nuevo-periodo-del-presidente-de-la-asociaci\u00f3n-estatal.jpg","width":640,"height":438,"mime_type":"image\/jpeg","source_url":"https:\/\/agpnoticias.com\/news\/wp-content\/uploads\/2014\/01\/El-patrocinador-de-la-Liga-Municipal-de-Ensenada-invit\u00f3-a-los-representantes-de-liga-a-que-manifiesten-su-oposici\u00f3n-contra-un-nuevo-periodo-del-presidente-de-la-asociaci\u00f3n-estatal.jpg"}},"image_meta":{"aperture":4,"credit":"","camera":"Canon EOS-1D Mark II","caption":"","created_timestamp":1390752102,"copyright":"","focal_length":"200","iso":"640","shutter_speed":"0.00625","title":""}},"post":37885,"source_url":"https:\/\/agpnoticias.com\/news\/wp-content\/uploads\/2014\/01\/El-patrocinador-de-la-Liga-Municipal-de-Ensenada-invit\u00f3-a-los-representantes-de-liga-a-que-manifiesten-su-oposici\u00f3n-contra-un-nuevo-periodo-del-presidente-de-la-asociaci\u00f3n-estatal.jpg","_links":{"self":[{"href":"https:\/\/agpnoticias.com\/news\/index.php?rest_route=\/wp\/v2\/media\/37886","targetHints":{"allow":["GET"]}}],"collection":[{"href":"https:\/\/agpnoticias.com\/news\/index.php?rest_route=\/wp\/v2\/media"}],"about":[{"href":"https:\/\/agpnoticias.com\/news\/index.php?rest_route=\/wp\/v2\/types\/attachment"}],"author":[{"embeddable":true,"href":"https:\/\/agpnoticias.com\/news\/index.php?rest_route=\/wp\/v2\/users\/1"}],"replies":[{"embeddable":true,"href":"https:\/\/agpnoticias.com\/news\/index.php?rest_route=%2Fwp%2Fv2%2Fcomments&post=37886"}],"wp:attached-to":[{"embeddable":true,"post_type":"post","id":37885,"href":"https:\/\/agpnoticias.com\/news\/index.php?rest_route=\/wp\/v2\/posts\/37885"}],"curies":[{"name":"wp","href":"https:\/\/api.w.org\/{rel}","templated":true}]}}

http://agpnoticias.com/news/wp-content/uploads/2014/01/El-patrocinador-de-la-Liga-Municipal-de-Ensenada-invitó-a-los-representantes-de-liga-a-que-manifiesten-su-oposición-contra-un-nuevo-periodo-del-presidente-de-la-asociación-estatal.jpg

El patrocinador de la Liga Municipal de Ensenada invitó a los representantes de liga a que manifiesten su oposición contra un nuevo periodo del presidente de la asociación estatal

<p class="attachment"><a href='https://agpnoticias.com/news/wp-content/uploads/2014/01/El-patrocinador-de-la-Liga-Municipal-de-Ensenada-invitó-a-los-representantes-de-liga-a-que-manifiesten-su-oposición-contra-un-nuevo-periodo-del-presidente-de-la-asociación-estatal.jpg'><img loading="lazy" width="320" height="240" src="https://agpnoticias.com/news/wp-content/uploads/2014/01/El-patrocinador-de-la-Liga-Municipal-de-Ensenada-invitó-a-los-representantes-de-liga-a-que-manifiesten-su-oposición-contra-un-nuevo-periodo-del-presidente-de-la-asociación-estatal-320x240.jpg" class="attachment-medium size-medium" alt="El patrocinador de la Liga Municipal de Ensenada invitó a los representantes de liga a que manifiesten su oposición contra un nuevo periodo del presidente de la asociación estatal" loading="lazy" decoding="async" /></a></p>

<p>El patrocinador de la Liga Municipal de Ensenada invitó a los representantes de liga a que manifiesten su oposición contra un nuevo periodo del presidente de la asociación estatal</p>

2014/01/El-patrocinador-de-la-Liga-Municipal-de-Ensenada-invitó-a-los-representantes-de-liga-a-que-manifiesten-su-oposición-contra-un-nuevo-periodo-del-presidente-de-la-asociación-estatal.jpg

El-patrocinador-de-la-Liga-Municipal-de-Ensenada-invitó-a-los-representantes-de-liga-a-que-manifiesten-su-oposición-contra-un-nuevo-periodo-del-presidente-de-la-asociación-estatal-200x136.jpg

https://agpnoticias.com/news/wp-content/uploads/2014/01/El-patrocinador-de-la-Liga-Municipal-de-Ensenada-invitó-a-los-representantes-de-liga-a-que-manifiesten-su-oposición-contra-un-nuevo-periodo-del-presidente-de-la-asociación-estatal-200x136.jpg

El-patrocinador-de-la-Liga-Municipal-de-Ensenada-invitó-a-los-representantes-de-liga-a-que-manifiesten-su-oposición-contra-un-nuevo-periodo-del-presidente-de-la-asociación-estatal-320x240.jpg

https://agpnoticias.com/news/wp-content/uploads/2014/01/El-patrocinador-de-la-Liga-Municipal-de-Ensenada-invitó-a-los-representantes-de-liga-a-que-manifiesten-su-oposición-contra-un-nuevo-periodo-del-presidente-de-la-asociación-estatal-320x240.jpg

El-patrocinador-de-la-Liga-Municipal-de-Ensenada-invitó-a-los-representantes-de-liga-a-que-manifiesten-su-oposición-contra-un-nuevo-periodo-del-presidente-de-la-asociación-estatal-600x410.jpg

https://agpnoticias.com/news/wp-content/uploads/2014/01/El-patrocinador-de-la-Liga-Municipal-de-Ensenada-invitó-a-los-representantes-de-liga-a-que-manifiesten-su-oposición-contra-un-nuevo-periodo-del-presidente-de-la-asociación-estatal-600x410.jpg

El-patrocinador-de-la-Liga-Municipal-de-Ensenada-invitó-a-los-representantes-de-liga-a-que-manifiesten-su-oposición-contra-un-nuevo-periodo-del-presidente-de-la-asociación-estatal-50x50.jpg

https://agpnoticias.com/news/wp-content/uploads/2014/01/El-patrocinador-de-la-Liga-Municipal-de-Ensenada-invitó-a-los-representantes-de-liga-a-que-manifiesten-su-oposición-contra-un-nuevo-periodo-del-presidente-de-la-asociación-estatal-50x50.jpg

El-patrocinador-de-la-Liga-Municipal-de-Ensenada-invitó-a-los-representantes-de-liga-a-que-manifiesten-su-oposición-contra-un-nuevo-periodo-del-presidente-de-la-asociación-estatal-120x120.jpg

https://agpnoticias.com/news/wp-content/uploads/2014/01/El-patrocinador-de-la-Liga-Municipal-de-Ensenada-invitó-a-los-representantes-de-liga-a-que-manifiesten-su-oposición-contra-un-nuevo-periodo-del-presidente-de-la-asociación-estatal-120x120.jpg

El-patrocinador-de-la-Liga-Municipal-de-Ensenada-invitó-a-los-representantes-de-liga-a-que-manifiesten-su-oposición-contra-un-nuevo-periodo-del-presidente-de-la-asociación-estatal.jpg

https://agpnoticias.com/news/wp-content/uploads/2014/01/El-patrocinador-de-la-Liga-Municipal-de-Ensenada-invitó-a-los-representantes-de-liga-a-que-manifiesten-su-oposición-contra-un-nuevo-periodo-del-presidente-de-la-asociación-estatal.jpg
