{"id":38125,"date":"2014-02-02T20:19:14","date_gmt":"2014-02-03T04:19:14","guid":{"rendered":"http:\/\/agpnoticias.com\/news\/wp-content\/uploads\/2014\/02\/El-campe\u00f3n-de-primera-fuerza-Los-Olivos-super\u00f3-2-0-al-conjunto-de-Tercera-Divisi\u00f3n.jpg"},"modified":"2014-02-02T20:19:14","modified_gmt":"2014-02-03T04:19:14","slug":"el-campeon-de-primera-fuerza-los-olivos-supero-2-0-al-conjunto-de-tercera-division","status":"inherit","type":"attachment","link":"https:\/\/agpnoticias.com\/news\/?attachment_id=38125","title":{"rendered":"El campe\u00f3n de primera fuerza, Los Olivos, super\u00f3 2-0 al conjunto de Tercera Divisi\u00f3n"},"author":1,"featured_media":0,"comment_status":"closed","ping_status":"closed","template":"","meta":[],"class_list":["post-38125","attachment","type-attachment","status-inherit","hentry"],"description":{"rendered":"<p class=\"attachment\"><a href='https:\/\/agpnoticias.com\/news\/wp-content\/uploads\/2014\/02\/El-campe\u00f3n-de-primera-fuerza-Los-Olivos-super\u00f3-2-0-al-conjunto-de-Tercera-Divisi\u00f3n.jpg'><img loading=\"lazy\" width=\"320\" height=\"240\" src=\"https:\/\/agpnoticias.com\/news\/wp-content\/uploads\/2014\/02\/El-campe\u00f3n-de-primera-fuerza-Los-Olivos-super\u00f3-2-0-al-conjunto-de-Tercera-Divisi\u00f3n-320x240.jpg\" class=\"attachment-medium size-medium\" alt=\"El campe\u00f3n de primera fuerza, Los Olivos, super\u00f3 2-0 al conjunto de Tercera Divisi\u00f3n\" loading=\"lazy\" decoding=\"async\" \/><\/a><\/p>\n"},"caption":{"rendered":"<p>El campe\u00f3n de primera fuerza, Los Olivos, super\u00f3 2-0 al conjunto de Tercera Divisi\u00f3n<\/p>\n"},"alt_text":"","media_type":"image","mime_type":"image\/jpeg","media_details":{"width":539,"height":480,"file":"2014\/02\/El-campe\u00f3n-de-primera-fuerza-Los-Olivos-super\u00f3-2-0-al-conjunto-de-Tercera-Divisi\u00f3n.jpg","sizes":{"thumbnail":{"file":"El-campe\u00f3n-de-primera-fuerza-Los-Olivos-super\u00f3-2-0-al-conjunto-de-Tercera-Divisi\u00f3n-200x178.jpg","width":200,"height":178,"mime_type":"image\/jpeg","source_url":"https:\/\/agpnoticias.com\/news\/wp-content\/uploads\/2014\/02\/El-campe\u00f3n-de-primera-fuerza-Los-Olivos-super\u00f3-2-0-al-conjunto-de-Tercera-Divisi\u00f3n-200x178.jpg"},"medium":{"file":"El-campe\u00f3n-de-primera-fuerza-Los-Olivos-super\u00f3-2-0-al-conjunto-de-Tercera-Divisi\u00f3n-320x240.jpg","width":320,"height":240,"mime_type":"image\/jpeg","source_url":"https:\/\/agpnoticias.com\/news\/wp-content\/uploads\/2014\/02\/El-campe\u00f3n-de-primera-fuerza-Los-Olivos-super\u00f3-2-0-al-conjunto-de-Tercera-Divisi\u00f3n-320x240.jpg"},"post-thumbnail":{"file":"El-campe\u00f3n-de-primera-fuerza-Los-Olivos-super\u00f3-2-0-al-conjunto-de-Tercera-Divisi\u00f3n-50x50.jpg","width":50,"height":50,"mime_type":"image\/jpeg","source_url":"https:\/\/agpnoticias.com\/news\/wp-content\/uploads\/2014\/02\/El-campe\u00f3n-de-primera-fuerza-Los-Olivos-super\u00f3-2-0-al-conjunto-de-Tercera-Divisi\u00f3n-50x50.jpg"},"yarpp-thumbnail":{"file":"El-campe\u00f3n-de-primera-fuerza-Los-Olivos-super\u00f3-2-0-al-conjunto-de-Tercera-Divisi\u00f3n-120x120.jpg","width":120,"height":120,"mime_type":"image\/jpeg","source_url":"https:\/\/agpnoticias.com\/news\/wp-content\/uploads\/2014\/02\/El-campe\u00f3n-de-primera-fuerza-Los-Olivos-super\u00f3-2-0-al-conjunto-de-Tercera-Divisi\u00f3n-120x120.jpg"},"full":{"file":"El-campe\u00f3n-de-primera-fuerza-Los-Olivos-super\u00f3-2-0-al-conjunto-de-Tercera-Divisi\u00f3n.jpg","width":539,"height":480,"mime_type":"image\/jpeg","source_url":"https:\/\/agpnoticias.com\/news\/wp-content\/uploads\/2014\/02\/El-campe\u00f3n-de-primera-fuerza-Los-Olivos-super\u00f3-2-0-al-conjunto-de-Tercera-Divisi\u00f3n.jpg"}},"image_meta":{"aperture":4,"credit":"","camera":"Canon EOS-1D Mark II","caption":"","created_timestamp":1391355689,"copyright":"","focal_length":"200","iso":"640","shutter_speed":"0.0005","title":""}},"post":38123,"source_url":"https:\/\/agpnoticias.com\/news\/wp-content\/uploads\/2014\/02\/El-campe\u00f3n-de-primera-fuerza-Los-Olivos-super\u00f3-2-0-al-conjunto-de-Tercera-Divisi\u00f3n.jpg","_links":{"self":[{"href":"https:\/\/agpnoticias.com\/news\/index.php?rest_route=\/wp\/v2\/media\/38125","targetHints":{"allow":["GET"]}}],"collection":[{"href":"https:\/\/agpnoticias.com\/news\/index.php?rest_route=\/wp\/v2\/media"}],"about":[{"href":"https:\/\/agpnoticias.com\/news\/index.php?rest_route=\/wp\/v2\/types\/attachment"}],"author":[{"embeddable":true,"href":"https:\/\/agpnoticias.com\/news\/index.php?rest_route=\/wp\/v2\/users\/1"}],"replies":[{"embeddable":true,"href":"https:\/\/agpnoticias.com\/news\/index.php?rest_route=%2Fwp%2Fv2%2Fcomments&post=38125"}],"wp:attached-to":[{"embeddable":true,"post_type":"post","id":38123,"href":"https:\/\/agpnoticias.com\/news\/index.php?rest_route=\/wp\/v2\/posts\/38123"}],"curies":[{"name":"wp","href":"https:\/\/api.w.org\/{rel}","templated":true}]}}

http://agpnoticias.com/news/wp-content/uploads/2014/02/El-campeón-de-primera-fuerza-Los-Olivos-superó-2-0-al-conjunto-de-Tercera-División.jpg

El campeón de primera fuerza, Los Olivos, superó 2-0 al conjunto de Tercera División

<p class="attachment"><a href='https://agpnoticias.com/news/wp-content/uploads/2014/02/El-campeón-de-primera-fuerza-Los-Olivos-superó-2-0-al-conjunto-de-Tercera-División.jpg'><img loading="lazy" width="320" height="240" src="https://agpnoticias.com/news/wp-content/uploads/2014/02/El-campeón-de-primera-fuerza-Los-Olivos-superó-2-0-al-conjunto-de-Tercera-División-320x240.jpg" class="attachment-medium size-medium" alt="El campeón de primera fuerza, Los Olivos, superó 2-0 al conjunto de Tercera División" loading="lazy" decoding="async" /></a></p>

<p>El campeón de primera fuerza, Los Olivos, superó 2-0 al conjunto de Tercera División</p>

2014/02/El-campeón-de-primera-fuerza-Los-Olivos-superó-2-0-al-conjunto-de-Tercera-División.jpg

El-campeón-de-primera-fuerza-Los-Olivos-superó-2-0-al-conjunto-de-Tercera-División-200x178.jpg

https://agpnoticias.com/news/wp-content/uploads/2014/02/El-campeón-de-primera-fuerza-Los-Olivos-superó-2-0-al-conjunto-de-Tercera-División-200x178.jpg

El-campeón-de-primera-fuerza-Los-Olivos-superó-2-0-al-conjunto-de-Tercera-División-320x240.jpg

https://agpnoticias.com/news/wp-content/uploads/2014/02/El-campeón-de-primera-fuerza-Los-Olivos-superó-2-0-al-conjunto-de-Tercera-División-320x240.jpg

El-campeón-de-primera-fuerza-Los-Olivos-superó-2-0-al-conjunto-de-Tercera-División-50x50.jpg

https://agpnoticias.com/news/wp-content/uploads/2014/02/El-campeón-de-primera-fuerza-Los-Olivos-superó-2-0-al-conjunto-de-Tercera-División-50x50.jpg

El-campeón-de-primera-fuerza-Los-Olivos-superó-2-0-al-conjunto-de-Tercera-División-120x120.jpg

https://agpnoticias.com/news/wp-content/uploads/2014/02/El-campeón-de-primera-fuerza-Los-Olivos-superó-2-0-al-conjunto-de-Tercera-División-120x120.jpg

El-campeón-de-primera-fuerza-Los-Olivos-superó-2-0-al-conjunto-de-Tercera-División.jpg

https://agpnoticias.com/news/wp-content/uploads/2014/02/El-campeón-de-primera-fuerza-Los-Olivos-superó-2-0-al-conjunto-de-Tercera-División.jpg
