{"id":38147,"date":"2014-02-03T13:47:56","date_gmt":"2014-02-03T21:47:56","guid":{"rendered":"http:\/\/agpnoticias.com\/news\/wp-content\/uploads\/2014\/02\/La-selecci\u00f3n-varonil-trabaj\u00f3-en-Ensenada.jpg"},"modified":"2014-02-03T13:47:56","modified_gmt":"2014-02-03T21:47:56","slug":"la-seleccion-varonil-trabajo-en-ensenada","status":"inherit","type":"attachment","link":"https:\/\/agpnoticias.com\/news\/?attachment_id=38147","title":{"rendered":"La selecci\u00f3n varonil trabaj\u00f3 en Ensenada"},"author":1,"featured_media":0,"comment_status":"closed","ping_status":"closed","template":"","meta":[],"class_list":["post-38147","attachment","type-attachment","status-inherit","hentry"],"description":{"rendered":"<p class=\"attachment\"><a href='https:\/\/agpnoticias.com\/news\/wp-content\/uploads\/2014\/02\/La-selecci\u00f3n-varonil-trabaj\u00f3-en-Ensenada.jpg'><img loading=\"lazy\" width=\"320\" height=\"240\" src=\"https:\/\/agpnoticias.com\/news\/wp-content\/uploads\/2014\/02\/La-selecci\u00f3n-varonil-trabaj\u00f3-en-Ensenada-320x240.jpg\" class=\"attachment-medium size-medium\" alt=\"La selecci\u00f3n varonil trabaj\u00f3 en Ensenada\" loading=\"lazy\" decoding=\"async\" \/><\/a><\/p>\n"},"caption":{"rendered":"<p>La selecci\u00f3n varonil trabaj\u00f3 en Ensenada<\/p>\n"},"alt_text":"","media_type":"image","mime_type":"image\/jpeg","media_details":{"width":534,"height":480,"file":"2014\/02\/La-selecci\u00f3n-varonil-trabaj\u00f3-en-Ensenada.jpg","sizes":{"thumbnail":{"file":"La-selecci\u00f3n-varonil-trabaj\u00f3-en-Ensenada-200x179.jpg","width":200,"height":179,"mime_type":"image\/jpeg","source_url":"https:\/\/agpnoticias.com\/news\/wp-content\/uploads\/2014\/02\/La-selecci\u00f3n-varonil-trabaj\u00f3-en-Ensenada-200x179.jpg"},"medium":{"file":"La-selecci\u00f3n-varonil-trabaj\u00f3-en-Ensenada-320x240.jpg","width":320,"height":240,"mime_type":"image\/jpeg","source_url":"https:\/\/agpnoticias.com\/news\/wp-content\/uploads\/2014\/02\/La-selecci\u00f3n-varonil-trabaj\u00f3-en-Ensenada-320x240.jpg"},"post-thumbnail":{"file":"La-selecci\u00f3n-varonil-trabaj\u00f3-en-Ensenada-50x50.jpg","width":50,"height":50,"mime_type":"image\/jpeg","source_url":"https:\/\/agpnoticias.com\/news\/wp-content\/uploads\/2014\/02\/La-selecci\u00f3n-varonil-trabaj\u00f3-en-Ensenada-50x50.jpg"},"yarpp-thumbnail":{"file":"La-selecci\u00f3n-varonil-trabaj\u00f3-en-Ensenada-120x120.jpg","width":120,"height":120,"mime_type":"image\/jpeg","source_url":"https:\/\/agpnoticias.com\/news\/wp-content\/uploads\/2014\/02\/La-selecci\u00f3n-varonil-trabaj\u00f3-en-Ensenada-120x120.jpg"},"full":{"file":"La-selecci\u00f3n-varonil-trabaj\u00f3-en-Ensenada.jpg","width":534,"height":480,"mime_type":"image\/jpeg","source_url":"https:\/\/agpnoticias.com\/news\/wp-content\/uploads\/2014\/02\/La-selecci\u00f3n-varonil-trabaj\u00f3-en-Ensenada.jpg"}},"image_meta":{"aperture":4,"credit":"","camera":"Canon EOS-1D Mark II","caption":"","created_timestamp":1391277481,"copyright":"","focal_length":"200","iso":"320","shutter_speed":"0.0025","title":""}},"post":38142,"source_url":"https:\/\/agpnoticias.com\/news\/wp-content\/uploads\/2014\/02\/La-selecci\u00f3n-varonil-trabaj\u00f3-en-Ensenada.jpg","_links":{"self":[{"href":"https:\/\/agpnoticias.com\/news\/index.php?rest_route=\/wp\/v2\/media\/38147","targetHints":{"allow":["GET"]}}],"collection":[{"href":"https:\/\/agpnoticias.com\/news\/index.php?rest_route=\/wp\/v2\/media"}],"about":[{"href":"https:\/\/agpnoticias.com\/news\/index.php?rest_route=\/wp\/v2\/types\/attachment"}],"author":[{"embeddable":true,"href":"https:\/\/agpnoticias.com\/news\/index.php?rest_route=\/wp\/v2\/users\/1"}],"replies":[{"embeddable":true,"href":"https:\/\/agpnoticias.com\/news\/index.php?rest_route=%2Fwp%2Fv2%2Fcomments&post=38147"}],"wp:attached-to":[{"embeddable":true,"post_type":"post","id":38142,"href":"https:\/\/agpnoticias.com\/news\/index.php?rest_route=\/wp\/v2\/posts\/38142"}],"curies":[{"name":"wp","href":"https:\/\/api.w.org\/{rel}","templated":true}]}}

http://agpnoticias.com/news/wp-content/uploads/2014/02/La-selección-varonil-trabajó-en-Ensenada.jpg

La selección varonil trabajó en Ensenada

<p class="attachment"><a href='https://agpnoticias.com/news/wp-content/uploads/2014/02/La-selección-varonil-trabajó-en-Ensenada.jpg'><img loading="lazy" width="320" height="240" src="https://agpnoticias.com/news/wp-content/uploads/2014/02/La-selección-varonil-trabajó-en-Ensenada-320x240.jpg" class="attachment-medium size-medium" alt="La selección varonil trabajó en Ensenada" loading="lazy" decoding="async" /></a></p>

<p>La selección varonil trabajó en Ensenada</p>

2014/02/La-selección-varonil-trabajó-en-Ensenada.jpg

La-selección-varonil-trabajó-en-Ensenada-200x179.jpg

https://agpnoticias.com/news/wp-content/uploads/2014/02/La-selección-varonil-trabajó-en-Ensenada-200x179.jpg

La-selección-varonil-trabajó-en-Ensenada-320x240.jpg

https://agpnoticias.com/news/wp-content/uploads/2014/02/La-selección-varonil-trabajó-en-Ensenada-320x240.jpg

La-selección-varonil-trabajó-en-Ensenada-50x50.jpg

https://agpnoticias.com/news/wp-content/uploads/2014/02/La-selección-varonil-trabajó-en-Ensenada-50x50.jpg

La-selección-varonil-trabajó-en-Ensenada-120x120.jpg

https://agpnoticias.com/news/wp-content/uploads/2014/02/La-selección-varonil-trabajó-en-Ensenada-120x120.jpg

La-selección-varonil-trabajó-en-Ensenada.jpg

https://agpnoticias.com/news/wp-content/uploads/2014/02/La-selección-varonil-trabajó-en-Ensenada.jpg
