{"id":38534,"date":"2014-02-15T17:25:55","date_gmt":"2014-02-16T01:25:55","guid":{"rendered":"http:\/\/agpnoticias.com\/news\/wp-content\/uploads\/2014\/02\/La-selecci\u00f3n-Juvenil-Mayor-Varonil-durante-su-concentraci\u00f3n-en-Ensenada.jpg"},"modified":"2014-02-15T17:25:55","modified_gmt":"2014-02-16T01:25:55","slug":"sony-dsc-749","status":"inherit","type":"attachment","link":"https:\/\/agpnoticias.com\/news\/?attachment_id=38534","title":{"rendered":"La selecci\u00f3n Juvenil Mayor Varonil durante su concentraci\u00f3n en Ensenada"},"author":1,"featured_media":0,"comment_status":"closed","ping_status":"closed","template":"","meta":[],"class_list":["post-38534","attachment","type-attachment","status-inherit","hentry"],"description":{"rendered":"<p class=\"attachment\"><a href='https:\/\/agpnoticias.com\/news\/wp-content\/uploads\/2014\/02\/La-selecci\u00f3n-Juvenil-Mayor-Varonil-durante-su-concentraci\u00f3n-en-Ensenada.jpg'><img loading=\"lazy\" width=\"320\" height=\"240\" src=\"https:\/\/agpnoticias.com\/news\/wp-content\/uploads\/2014\/02\/La-selecci\u00f3n-Juvenil-Mayor-Varonil-durante-su-concentraci\u00f3n-en-Ensenada-320x240.jpg\" class=\"attachment-medium size-medium\" alt=\"La selecci\u00f3n Juvenil Mayor Varonil durante su concentraci\u00f3n en Ensenada\" loading=\"lazy\" decoding=\"async\" \/><\/a><\/p>\n"},"caption":{"rendered":"<p>La selecci\u00f3n Juvenil Mayor Varonil durante su concentraci\u00f3n en Ensenada<\/p>\n"},"alt_text":"","media_type":"image","mime_type":"image\/jpeg","media_details":{"width":640,"height":395,"file":"2014\/02\/La-selecci\u00f3n-Juvenil-Mayor-Varonil-durante-su-concentraci\u00f3n-en-Ensenada.jpg","sizes":{"thumbnail":{"file":"La-selecci\u00f3n-Juvenil-Mayor-Varonil-durante-su-concentraci\u00f3n-en-Ensenada-200x123.jpg","width":200,"height":123,"mime_type":"image\/jpeg","source_url":"https:\/\/agpnoticias.com\/news\/wp-content\/uploads\/2014\/02\/La-selecci\u00f3n-Juvenil-Mayor-Varonil-durante-su-concentraci\u00f3n-en-Ensenada-200x123.jpg"},"medium":{"file":"La-selecci\u00f3n-Juvenil-Mayor-Varonil-durante-su-concentraci\u00f3n-en-Ensenada-320x240.jpg","width":320,"height":240,"mime_type":"image\/jpeg","source_url":"https:\/\/agpnoticias.com\/news\/wp-content\/uploads\/2014\/02\/La-selecci\u00f3n-Juvenil-Mayor-Varonil-durante-su-concentraci\u00f3n-en-Ensenada-320x240.jpg"},"wysija-newsletters-max":{"file":"La-selecci\u00f3n-Juvenil-Mayor-Varonil-durante-su-concentraci\u00f3n-en-Ensenada-600x370.jpg","width":600,"height":370,"mime_type":"image\/jpeg","source_url":"https:\/\/agpnoticias.com\/news\/wp-content\/uploads\/2014\/02\/La-selecci\u00f3n-Juvenil-Mayor-Varonil-durante-su-concentraci\u00f3n-en-Ensenada-600x370.jpg"},"post-thumbnail":{"file":"La-selecci\u00f3n-Juvenil-Mayor-Varonil-durante-su-concentraci\u00f3n-en-Ensenada-50x50.jpg","width":50,"height":50,"mime_type":"image\/jpeg","source_url":"https:\/\/agpnoticias.com\/news\/wp-content\/uploads\/2014\/02\/La-selecci\u00f3n-Juvenil-Mayor-Varonil-durante-su-concentraci\u00f3n-en-Ensenada-50x50.jpg"},"yarpp-thumbnail":{"file":"La-selecci\u00f3n-Juvenil-Mayor-Varonil-durante-su-concentraci\u00f3n-en-Ensenada-120x120.jpg","width":120,"height":120,"mime_type":"image\/jpeg","source_url":"https:\/\/agpnoticias.com\/news\/wp-content\/uploads\/2014\/02\/La-selecci\u00f3n-Juvenil-Mayor-Varonil-durante-su-concentraci\u00f3n-en-Ensenada-120x120.jpg"},"full":{"file":"La-selecci\u00f3n-Juvenil-Mayor-Varonil-durante-su-concentraci\u00f3n-en-Ensenada.jpg","width":640,"height":395,"mime_type":"image\/jpeg","source_url":"https:\/\/agpnoticias.com\/news\/wp-content\/uploads\/2014\/02\/La-selecci\u00f3n-Juvenil-Mayor-Varonil-durante-su-concentraci\u00f3n-en-Ensenada.jpg"}},"image_meta":{"aperture":6.3,"credit":"","camera":"DSLR-A200","caption":"","created_timestamp":1392467299,"copyright":"","focal_length":"18","iso":"400","shutter_speed":"0.0015625","title":"SONY DSC"}},"post":38533,"source_url":"https:\/\/agpnoticias.com\/news\/wp-content\/uploads\/2014\/02\/La-selecci\u00f3n-Juvenil-Mayor-Varonil-durante-su-concentraci\u00f3n-en-Ensenada.jpg","_links":{"self":[{"href":"https:\/\/agpnoticias.com\/news\/index.php?rest_route=\/wp\/v2\/media\/38534","targetHints":{"allow":["GET"]}}],"collection":[{"href":"https:\/\/agpnoticias.com\/news\/index.php?rest_route=\/wp\/v2\/media"}],"about":[{"href":"https:\/\/agpnoticias.com\/news\/index.php?rest_route=\/wp\/v2\/types\/attachment"}],"author":[{"embeddable":true,"href":"https:\/\/agpnoticias.com\/news\/index.php?rest_route=\/wp\/v2\/users\/1"}],"replies":[{"embeddable":true,"href":"https:\/\/agpnoticias.com\/news\/index.php?rest_route=%2Fwp%2Fv2%2Fcomments&post=38534"}],"wp:attached-to":[{"embeddable":true,"post_type":"post","id":38533,"href":"https:\/\/agpnoticias.com\/news\/index.php?rest_route=\/wp\/v2\/posts\/38533"}],"curies":[{"name":"wp","href":"https:\/\/api.w.org\/{rel}","templated":true}]}}

http://agpnoticias.com/news/wp-content/uploads/2014/02/La-selección-Juvenil-Mayor-Varonil-durante-su-concentración-en-Ensenada.jpg

La selección Juvenil Mayor Varonil durante su concentración en Ensenada

<p class="attachment"><a href='https://agpnoticias.com/news/wp-content/uploads/2014/02/La-selección-Juvenil-Mayor-Varonil-durante-su-concentración-en-Ensenada.jpg'><img loading="lazy" width="320" height="240" src="https://agpnoticias.com/news/wp-content/uploads/2014/02/La-selección-Juvenil-Mayor-Varonil-durante-su-concentración-en-Ensenada-320x240.jpg" class="attachment-medium size-medium" alt="La selección Juvenil Mayor Varonil durante su concentración en Ensenada" loading="lazy" decoding="async" /></a></p>

<p>La selección Juvenil Mayor Varonil durante su concentración en Ensenada</p>

2014/02/La-selección-Juvenil-Mayor-Varonil-durante-su-concentración-en-Ensenada.jpg

La-selección-Juvenil-Mayor-Varonil-durante-su-concentración-en-Ensenada-200x123.jpg

https://agpnoticias.com/news/wp-content/uploads/2014/02/La-selección-Juvenil-Mayor-Varonil-durante-su-concentración-en-Ensenada-200x123.jpg

La-selección-Juvenil-Mayor-Varonil-durante-su-concentración-en-Ensenada-320x240.jpg

https://agpnoticias.com/news/wp-content/uploads/2014/02/La-selección-Juvenil-Mayor-Varonil-durante-su-concentración-en-Ensenada-320x240.jpg

La-selección-Juvenil-Mayor-Varonil-durante-su-concentración-en-Ensenada-600x370.jpg

https://agpnoticias.com/news/wp-content/uploads/2014/02/La-selección-Juvenil-Mayor-Varonil-durante-su-concentración-en-Ensenada-600x370.jpg

La-selección-Juvenil-Mayor-Varonil-durante-su-concentración-en-Ensenada-50x50.jpg

https://agpnoticias.com/news/wp-content/uploads/2014/02/La-selección-Juvenil-Mayor-Varonil-durante-su-concentración-en-Ensenada-50x50.jpg

La-selección-Juvenil-Mayor-Varonil-durante-su-concentración-en-Ensenada-120x120.jpg

https://agpnoticias.com/news/wp-content/uploads/2014/02/La-selección-Juvenil-Mayor-Varonil-durante-su-concentración-en-Ensenada-120x120.jpg

La-selección-Juvenil-Mayor-Varonil-durante-su-concentración-en-Ensenada.jpg

https://agpnoticias.com/news/wp-content/uploads/2014/02/La-selección-Juvenil-Mayor-Varonil-durante-su-concentración-en-Ensenada.jpg
