{"id":38551,"date":"2014-02-15T18:01:35","date_gmt":"2014-02-16T02:01:35","guid":{"rendered":"http:\/\/agpnoticias.com\/news\/wp-content\/uploads\/2014\/02\/La-selecci\u00f3n-Sub-17-se-concentr\u00f3-en-Ensenada.jpg"},"modified":"2014-02-15T18:01:35","modified_gmt":"2014-02-16T02:01:35","slug":"sony-dsc-753","status":"inherit","type":"attachment","link":"https:\/\/agpnoticias.com\/news\/?attachment_id=38551","title":{"rendered":"La selecci\u00f3n Sub 17 de Baja California se concentr\u00f3 en Ensenada"},"author":1,"featured_media":0,"comment_status":"closed","ping_status":"closed","template":"","meta":[],"class_list":["post-38551","attachment","type-attachment","status-inherit","hentry"],"description":{"rendered":"<p class=\"attachment\"><a href='https:\/\/agpnoticias.com\/news\/wp-content\/uploads\/2014\/02\/La-selecci\u00f3n-Sub-17-se-concentr\u00f3-en-Ensenada.jpg'><img loading=\"lazy\" width=\"320\" height=\"240\" src=\"https:\/\/agpnoticias.com\/news\/wp-content\/uploads\/2014\/02\/La-selecci\u00f3n-Sub-17-se-concentr\u00f3-en-Ensenada-320x240.jpg\" class=\"attachment-medium size-medium\" alt=\"La selecci\u00f3n Sub 17 de Baja California se concentr\u00f3 en Ensenada\" loading=\"lazy\" decoding=\"async\" \/><\/a><\/p>\n"},"caption":{"rendered":"<p>La selecci\u00f3n Sub 17 de Baja California se concentr\u00f3 en Ensenada<\/p>\n"},"alt_text":"","media_type":"image","mime_type":"image\/jpeg","media_details":{"width":640,"height":347,"file":"2014\/02\/La-selecci\u00f3n-Sub-17-se-concentr\u00f3-en-Ensenada.jpg","sizes":{"thumbnail":{"file":"La-selecci\u00f3n-Sub-17-se-concentr\u00f3-en-Ensenada-200x108.jpg","width":200,"height":108,"mime_type":"image\/jpeg","source_url":"https:\/\/agpnoticias.com\/news\/wp-content\/uploads\/2014\/02\/La-selecci\u00f3n-Sub-17-se-concentr\u00f3-en-Ensenada-200x108.jpg"},"medium":{"file":"La-selecci\u00f3n-Sub-17-se-concentr\u00f3-en-Ensenada-320x240.jpg","width":320,"height":240,"mime_type":"image\/jpeg","source_url":"https:\/\/agpnoticias.com\/news\/wp-content\/uploads\/2014\/02\/La-selecci\u00f3n-Sub-17-se-concentr\u00f3-en-Ensenada-320x240.jpg"},"wysija-newsletters-max":{"file":"La-selecci\u00f3n-Sub-17-se-concentr\u00f3-en-Ensenada-600x325.jpg","width":600,"height":325,"mime_type":"image\/jpeg","source_url":"https:\/\/agpnoticias.com\/news\/wp-content\/uploads\/2014\/02\/La-selecci\u00f3n-Sub-17-se-concentr\u00f3-en-Ensenada-600x325.jpg"},"post-thumbnail":{"file":"La-selecci\u00f3n-Sub-17-se-concentr\u00f3-en-Ensenada-50x50.jpg","width":50,"height":50,"mime_type":"image\/jpeg","source_url":"https:\/\/agpnoticias.com\/news\/wp-content\/uploads\/2014\/02\/La-selecci\u00f3n-Sub-17-se-concentr\u00f3-en-Ensenada-50x50.jpg"},"yarpp-thumbnail":{"file":"La-selecci\u00f3n-Sub-17-se-concentr\u00f3-en-Ensenada-120x120.jpg","width":120,"height":120,"mime_type":"image\/jpeg","source_url":"https:\/\/agpnoticias.com\/news\/wp-content\/uploads\/2014\/02\/La-selecci\u00f3n-Sub-17-se-concentr\u00f3-en-Ensenada-120x120.jpg"},"full":{"file":"La-selecci\u00f3n-Sub-17-se-concentr\u00f3-en-Ensenada.jpg","width":640,"height":347,"mime_type":"image\/jpeg","source_url":"https:\/\/agpnoticias.com\/news\/wp-content\/uploads\/2014\/02\/La-selecci\u00f3n-Sub-17-se-concentr\u00f3-en-Ensenada.jpg"}},"image_meta":{"aperture":6.3,"credit":"","camera":"DSLR-A200","caption":"","created_timestamp":1392465649,"copyright":"","focal_length":"18","iso":"1600","shutter_speed":"0.0125","title":"SONY DSC"}},"post":38549,"source_url":"https:\/\/agpnoticias.com\/news\/wp-content\/uploads\/2014\/02\/La-selecci\u00f3n-Sub-17-se-concentr\u00f3-en-Ensenada.jpg","_links":{"self":[{"href":"https:\/\/agpnoticias.com\/news\/index.php?rest_route=\/wp\/v2\/media\/38551","targetHints":{"allow":["GET"]}}],"collection":[{"href":"https:\/\/agpnoticias.com\/news\/index.php?rest_route=\/wp\/v2\/media"}],"about":[{"href":"https:\/\/agpnoticias.com\/news\/index.php?rest_route=\/wp\/v2\/types\/attachment"}],"author":[{"embeddable":true,"href":"https:\/\/agpnoticias.com\/news\/index.php?rest_route=\/wp\/v2\/users\/1"}],"replies":[{"embeddable":true,"href":"https:\/\/agpnoticias.com\/news\/index.php?rest_route=%2Fwp%2Fv2%2Fcomments&post=38551"}],"wp:attached-to":[{"embeddable":true,"post_type":"post","id":38549,"href":"https:\/\/agpnoticias.com\/news\/index.php?rest_route=\/wp\/v2\/posts\/38549"}],"curies":[{"name":"wp","href":"https:\/\/api.w.org\/{rel}","templated":true}]}}

http://agpnoticias.com/news/wp-content/uploads/2014/02/La-selección-Sub-17-se-concentró-en-Ensenada.jpg

La selección Sub 17 de Baja California se concentró en Ensenada

<p class="attachment"><a href='https://agpnoticias.com/news/wp-content/uploads/2014/02/La-selección-Sub-17-se-concentró-en-Ensenada.jpg'><img loading="lazy" width="320" height="240" src="https://agpnoticias.com/news/wp-content/uploads/2014/02/La-selección-Sub-17-se-concentró-en-Ensenada-320x240.jpg" class="attachment-medium size-medium" alt="La selección Sub 17 de Baja California se concentró en Ensenada" loading="lazy" decoding="async" /></a></p>

<p>La selección Sub 17 de Baja California se concentró en Ensenada</p>

2014/02/La-selección-Sub-17-se-concentró-en-Ensenada.jpg

La-selección-Sub-17-se-concentró-en-Ensenada-200x108.jpg

https://agpnoticias.com/news/wp-content/uploads/2014/02/La-selección-Sub-17-se-concentró-en-Ensenada-200x108.jpg

La-selección-Sub-17-se-concentró-en-Ensenada-320x240.jpg

https://agpnoticias.com/news/wp-content/uploads/2014/02/La-selección-Sub-17-se-concentró-en-Ensenada-320x240.jpg

La-selección-Sub-17-se-concentró-en-Ensenada-600x325.jpg

https://agpnoticias.com/news/wp-content/uploads/2014/02/La-selección-Sub-17-se-concentró-en-Ensenada-600x325.jpg

La-selección-Sub-17-se-concentró-en-Ensenada-50x50.jpg

https://agpnoticias.com/news/wp-content/uploads/2014/02/La-selección-Sub-17-se-concentró-en-Ensenada-50x50.jpg

La-selección-Sub-17-se-concentró-en-Ensenada-120x120.jpg

https://agpnoticias.com/news/wp-content/uploads/2014/02/La-selección-Sub-17-se-concentró-en-Ensenada-120x120.jpg

La-selección-Sub-17-se-concentró-en-Ensenada.jpg

https://agpnoticias.com/news/wp-content/uploads/2014/02/La-selección-Sub-17-se-concentró-en-Ensenada.jpg
