{"id":38561,"date":"2014-02-15T20:46:35","date_gmt":"2014-02-16T04:46:35","guid":{"rendered":"http:\/\/agpnoticias.com\/news\/wp-content\/uploads\/2014\/02\/La-pre-selecci\u00f3n-de-Baja-California-se-concentra-en-Ensenada-bajo-la-direcci\u00f3n-de-Fernando-Lozano.jpg"},"modified":"2014-02-15T20:46:35","modified_gmt":"2014-02-16T04:46:35","slug":"la-pre-seleccion-de-baja-california-se-concentra-en-ensenada-bajo-la-direccion-de-fernando-lozano","status":"inherit","type":"attachment","link":"https:\/\/agpnoticias.com\/news\/?attachment_id=38561","title":{"rendered":"La pre selecci\u00f3n de Baja California se concentra en Ensenada bajo la direcci\u00f3n de Fernando Lozano"},"author":1,"featured_media":0,"comment_status":"closed","ping_status":"closed","template":"","meta":[],"class_list":["post-38561","attachment","type-attachment","status-inherit","hentry"],"description":{"rendered":"<p class=\"attachment\"><a href='https:\/\/agpnoticias.com\/news\/wp-content\/uploads\/2014\/02\/La-pre-selecci\u00f3n-de-Baja-California-se-concentra-en-Ensenada-bajo-la-direcci\u00f3n-de-Fernando-Lozano.jpg'><img loading=\"lazy\" width=\"320\" height=\"240\" src=\"https:\/\/agpnoticias.com\/news\/wp-content\/uploads\/2014\/02\/La-pre-selecci\u00f3n-de-Baja-California-se-concentra-en-Ensenada-bajo-la-direcci\u00f3n-de-Fernando-Lozano-320x240.jpg\" class=\"attachment-medium size-medium\" alt=\"La pre selecci\u00f3n de Baja California se concentra en Ensenada bajo la direcci\u00f3n de Fernando Lozano\" loading=\"lazy\" decoding=\"async\" \/><\/a><\/p>\n"},"caption":{"rendered":"<p>La pre selecci\u00f3n de Baja California se concentra en Ensenada bajo la direcci\u00f3n de Fernando Lozano<\/p>\n"},"alt_text":"","media_type":"image","mime_type":"image\/jpeg","media_details":{"width":640,"height":404,"file":"2014\/02\/La-pre-selecci\u00f3n-de-Baja-California-se-concentra-en-Ensenada-bajo-la-direcci\u00f3n-de-Fernando-Lozano.jpg","sizes":{"thumbnail":{"file":"La-pre-selecci\u00f3n-de-Baja-California-se-concentra-en-Ensenada-bajo-la-direcci\u00f3n-de-Fernando-Lozano-200x126.jpg","width":200,"height":126,"mime_type":"image\/jpeg","source_url":"https:\/\/agpnoticias.com\/news\/wp-content\/uploads\/2014\/02\/La-pre-selecci\u00f3n-de-Baja-California-se-concentra-en-Ensenada-bajo-la-direcci\u00f3n-de-Fernando-Lozano-200x126.jpg"},"medium":{"file":"La-pre-selecci\u00f3n-de-Baja-California-se-concentra-en-Ensenada-bajo-la-direcci\u00f3n-de-Fernando-Lozano-320x240.jpg","width":320,"height":240,"mime_type":"image\/jpeg","source_url":"https:\/\/agpnoticias.com\/news\/wp-content\/uploads\/2014\/02\/La-pre-selecci\u00f3n-de-Baja-California-se-concentra-en-Ensenada-bajo-la-direcci\u00f3n-de-Fernando-Lozano-320x240.jpg"},"wysija-newsletters-max":{"file":"La-pre-selecci\u00f3n-de-Baja-California-se-concentra-en-Ensenada-bajo-la-direcci\u00f3n-de-Fernando-Lozano-600x378.jpg","width":600,"height":378,"mime_type":"image\/jpeg","source_url":"https:\/\/agpnoticias.com\/news\/wp-content\/uploads\/2014\/02\/La-pre-selecci\u00f3n-de-Baja-California-se-concentra-en-Ensenada-bajo-la-direcci\u00f3n-de-Fernando-Lozano-600x378.jpg"},"post-thumbnail":{"file":"La-pre-selecci\u00f3n-de-Baja-California-se-concentra-en-Ensenada-bajo-la-direcci\u00f3n-de-Fernando-Lozano-50x50.jpg","width":50,"height":50,"mime_type":"image\/jpeg","source_url":"https:\/\/agpnoticias.com\/news\/wp-content\/uploads\/2014\/02\/La-pre-selecci\u00f3n-de-Baja-California-se-concentra-en-Ensenada-bajo-la-direcci\u00f3n-de-Fernando-Lozano-50x50.jpg"},"yarpp-thumbnail":{"file":"La-pre-selecci\u00f3n-de-Baja-California-se-concentra-en-Ensenada-bajo-la-direcci\u00f3n-de-Fernando-Lozano-120x120.jpg","width":120,"height":120,"mime_type":"image\/jpeg","source_url":"https:\/\/agpnoticias.com\/news\/wp-content\/uploads\/2014\/02\/La-pre-selecci\u00f3n-de-Baja-California-se-concentra-en-Ensenada-bajo-la-direcci\u00f3n-de-Fernando-Lozano-120x120.jpg"},"full":{"file":"La-pre-selecci\u00f3n-de-Baja-California-se-concentra-en-Ensenada-bajo-la-direcci\u00f3n-de-Fernando-Lozano.jpg","width":640,"height":404,"mime_type":"image\/jpeg","source_url":"https:\/\/agpnoticias.com\/news\/wp-content\/uploads\/2014\/02\/La-pre-selecci\u00f3n-de-Baja-California-se-concentra-en-Ensenada-bajo-la-direcci\u00f3n-de-Fernando-Lozano.jpg"}},"image_meta":{"aperture":4,"credit":"","camera":"Canon EOS-1D Mark II","caption":"","created_timestamp":1391863335,"copyright":"","focal_length":"154","iso":"320","shutter_speed":"0.0002","title":""}},"post":38560,"source_url":"https:\/\/agpnoticias.com\/news\/wp-content\/uploads\/2014\/02\/La-pre-selecci\u00f3n-de-Baja-California-se-concentra-en-Ensenada-bajo-la-direcci\u00f3n-de-Fernando-Lozano.jpg","_links":{"self":[{"href":"https:\/\/agpnoticias.com\/news\/index.php?rest_route=\/wp\/v2\/media\/38561","targetHints":{"allow":["GET"]}}],"collection":[{"href":"https:\/\/agpnoticias.com\/news\/index.php?rest_route=\/wp\/v2\/media"}],"about":[{"href":"https:\/\/agpnoticias.com\/news\/index.php?rest_route=\/wp\/v2\/types\/attachment"}],"author":[{"embeddable":true,"href":"https:\/\/agpnoticias.com\/news\/index.php?rest_route=\/wp\/v2\/users\/1"}],"replies":[{"embeddable":true,"href":"https:\/\/agpnoticias.com\/news\/index.php?rest_route=%2Fwp%2Fv2%2Fcomments&post=38561"}],"wp:attached-to":[{"embeddable":true,"post_type":"post","id":38560,"href":"https:\/\/agpnoticias.com\/news\/index.php?rest_route=\/wp\/v2\/posts\/38560"}],"curies":[{"name":"wp","href":"https:\/\/api.w.org\/{rel}","templated":true}]}}

http://agpnoticias.com/news/wp-content/uploads/2014/02/La-pre-selección-de-Baja-California-se-concentra-en-Ensenada-bajo-la-dirección-de-Fernando-Lozano.jpg

La pre selección de Baja California se concentra en Ensenada bajo la dirección de Fernando Lozano

<p class="attachment"><a href='https://agpnoticias.com/news/wp-content/uploads/2014/02/La-pre-selección-de-Baja-California-se-concentra-en-Ensenada-bajo-la-dirección-de-Fernando-Lozano.jpg'><img loading="lazy" width="320" height="240" src="https://agpnoticias.com/news/wp-content/uploads/2014/02/La-pre-selección-de-Baja-California-se-concentra-en-Ensenada-bajo-la-dirección-de-Fernando-Lozano-320x240.jpg" class="attachment-medium size-medium" alt="La pre selección de Baja California se concentra en Ensenada bajo la dirección de Fernando Lozano" loading="lazy" decoding="async" /></a></p>

<p>La pre selección de Baja California se concentra en Ensenada bajo la dirección de Fernando Lozano</p>

2014/02/La-pre-selección-de-Baja-California-se-concentra-en-Ensenada-bajo-la-dirección-de-Fernando-Lozano.jpg

La-pre-selección-de-Baja-California-se-concentra-en-Ensenada-bajo-la-dirección-de-Fernando-Lozano-200x126.jpg

https://agpnoticias.com/news/wp-content/uploads/2014/02/La-pre-selección-de-Baja-California-se-concentra-en-Ensenada-bajo-la-dirección-de-Fernando-Lozano-200x126.jpg

La-pre-selección-de-Baja-California-se-concentra-en-Ensenada-bajo-la-dirección-de-Fernando-Lozano-320x240.jpg

https://agpnoticias.com/news/wp-content/uploads/2014/02/La-pre-selección-de-Baja-California-se-concentra-en-Ensenada-bajo-la-dirección-de-Fernando-Lozano-320x240.jpg

La-pre-selección-de-Baja-California-se-concentra-en-Ensenada-bajo-la-dirección-de-Fernando-Lozano-600x378.jpg

https://agpnoticias.com/news/wp-content/uploads/2014/02/La-pre-selección-de-Baja-California-se-concentra-en-Ensenada-bajo-la-dirección-de-Fernando-Lozano-600x378.jpg

La-pre-selección-de-Baja-California-se-concentra-en-Ensenada-bajo-la-dirección-de-Fernando-Lozano-50x50.jpg

https://agpnoticias.com/news/wp-content/uploads/2014/02/La-pre-selección-de-Baja-California-se-concentra-en-Ensenada-bajo-la-dirección-de-Fernando-Lozano-50x50.jpg

La-pre-selección-de-Baja-California-se-concentra-en-Ensenada-bajo-la-dirección-de-Fernando-Lozano-120x120.jpg

https://agpnoticias.com/news/wp-content/uploads/2014/02/La-pre-selección-de-Baja-California-se-concentra-en-Ensenada-bajo-la-dirección-de-Fernando-Lozano-120x120.jpg

La-pre-selección-de-Baja-California-se-concentra-en-Ensenada-bajo-la-dirección-de-Fernando-Lozano.jpg

https://agpnoticias.com/news/wp-content/uploads/2014/02/La-pre-selección-de-Baja-California-se-concentra-en-Ensenada-bajo-la-dirección-de-Fernando-Lozano.jpg
