{"id":437338,"date":"2014-06-10T17:08:47","date_gmt":"2014-06-11T00:08:47","guid":{"rendered":"http:\/\/agpnoticias.com\/news\/wp-content\/uploads\/2014\/06\/Do\u00f1a-Manuela-M\u00e1rquez-de-Reyes-falleci\u00f3-el-lunes-por-la-noche.jpg"},"modified":"2014-06-10T17:08:47","modified_gmt":"2014-06-11T00:08:47","slug":"dona-manuela-marquez-de-reyes-fallecio-el-lunes-por-la-noche","status":"inherit","type":"attachment","link":"https:\/\/agpnoticias.com\/news\/?attachment_id=437338","title":{"rendered":"Do\u00f1a Manuela M\u00e1rquez de Reyes falleci\u00f3 el lunes por la noche"},"author":1,"featured_media":0,"comment_status":"closed","ping_status":"closed","template":"","meta":[],"class_list":["post-437338","attachment","type-attachment","status-inherit","hentry"],"description":{"rendered":"<p class=\"attachment\"><a href='https:\/\/agpnoticias.com\/news\/wp-content\/uploads\/2014\/06\/Do\u00f1a-Manuela-M\u00e1rquez-de-Reyes-falleci\u00f3-el-lunes-por-la-noche.jpg'><img loading=\"lazy\" width=\"320\" height=\"240\" src=\"https:\/\/agpnoticias.com\/news\/wp-content\/uploads\/2014\/06\/Do\u00f1a-Manuela-M\u00e1rquez-de-Reyes-falleci\u00f3-el-lunes-por-la-noche-320x240.jpg\" class=\"attachment-medium size-medium\" alt=\"Do\u00f1a Manuela M\u00e1rquez de Reyes falleci\u00f3 el lunes por la noche\" loading=\"lazy\" decoding=\"async\" \/><\/a><\/p>\n"},"caption":{"rendered":"<p>Do\u00f1a Manuela M\u00e1rquez de Reyes falleci\u00f3 el lunes por la noche<\/p>\n"},"alt_text":"","media_type":"image","mime_type":"image\/jpeg","media_details":{"width":336,"height":434,"file":"2014\/06\/Do\u00f1a-Manuela-M\u00e1rquez-de-Reyes-falleci\u00f3-el-lunes-por-la-noche.jpg","sizes":{"thumbnail":{"file":"Do\u00f1a-Manuela-M\u00e1rquez-de-Reyes-falleci\u00f3-el-lunes-por-la-noche-154x200.jpg","width":154,"height":200,"mime_type":"image\/jpeg","source_url":"https:\/\/agpnoticias.com\/news\/wp-content\/uploads\/2014\/06\/Do\u00f1a-Manuela-M\u00e1rquez-de-Reyes-falleci\u00f3-el-lunes-por-la-noche-154x200.jpg"},"medium":{"file":"Do\u00f1a-Manuela-M\u00e1rquez-de-Reyes-falleci\u00f3-el-lunes-por-la-noche-320x240.jpg","width":320,"height":240,"mime_type":"image\/jpeg","source_url":"https:\/\/agpnoticias.com\/news\/wp-content\/uploads\/2014\/06\/Do\u00f1a-Manuela-M\u00e1rquez-de-Reyes-falleci\u00f3-el-lunes-por-la-noche-320x240.jpg"},"post-thumbnail":{"file":"Do\u00f1a-Manuela-M\u00e1rquez-de-Reyes-falleci\u00f3-el-lunes-por-la-noche-300x300.jpg","width":300,"height":300,"mime_type":"image\/jpeg","source_url":"https:\/\/agpnoticias.com\/news\/wp-content\/uploads\/2014\/06\/Do\u00f1a-Manuela-M\u00e1rquez-de-Reyes-falleci\u00f3-el-lunes-por-la-noche-300x300.jpg"},"yarpp-thumbnail":{"file":"Do\u00f1a-Manuela-M\u00e1rquez-de-Reyes-falleci\u00f3-el-lunes-por-la-noche-120x120.jpg","width":120,"height":120,"mime_type":"image\/jpeg","source_url":"https:\/\/agpnoticias.com\/news\/wp-content\/uploads\/2014\/06\/Do\u00f1a-Manuela-M\u00e1rquez-de-Reyes-falleci\u00f3-el-lunes-por-la-noche-120x120.jpg"},"full":{"file":"Do\u00f1a-Manuela-M\u00e1rquez-de-Reyes-falleci\u00f3-el-lunes-por-la-noche.jpg","width":336,"height":434,"mime_type":"image\/jpeg","source_url":"https:\/\/agpnoticias.com\/news\/wp-content\/uploads\/2014\/06\/Do\u00f1a-Manuela-M\u00e1rquez-de-Reyes-falleci\u00f3-el-lunes-por-la-noche.jpg"}},"image_meta":{"aperture":0,"credit":"","camera":"","caption":"","created_timestamp":0,"copyright":"","focal_length":0,"iso":0,"shutter_speed":0,"title":""}},"post":437311,"source_url":"https:\/\/agpnoticias.com\/news\/wp-content\/uploads\/2014\/06\/Do\u00f1a-Manuela-M\u00e1rquez-de-Reyes-falleci\u00f3-el-lunes-por-la-noche.jpg","_links":{"self":[{"href":"https:\/\/agpnoticias.com\/news\/index.php?rest_route=\/wp\/v2\/media\/437338","targetHints":{"allow":["GET"]}}],"collection":[{"href":"https:\/\/agpnoticias.com\/news\/index.php?rest_route=\/wp\/v2\/media"}],"about":[{"href":"https:\/\/agpnoticias.com\/news\/index.php?rest_route=\/wp\/v2\/types\/attachment"}],"author":[{"embeddable":true,"href":"https:\/\/agpnoticias.com\/news\/index.php?rest_route=\/wp\/v2\/users\/1"}],"replies":[{"embeddable":true,"href":"https:\/\/agpnoticias.com\/news\/index.php?rest_route=%2Fwp%2Fv2%2Fcomments&post=437338"}],"wp:attached-to":[{"embeddable":true,"post_type":"post","id":437311,"href":"https:\/\/agpnoticias.com\/news\/index.php?rest_route=\/wp\/v2\/posts\/437311"}],"curies":[{"name":"wp","href":"https:\/\/api.w.org\/{rel}","templated":true}]}}

http://agpnoticias.com/news/wp-content/uploads/2014/06/Doña-Manuela-Márquez-de-Reyes-falleció-el-lunes-por-la-noche.jpg

Doña Manuela Márquez de Reyes falleció el lunes por la noche

<p class="attachment"><a href='https://agpnoticias.com/news/wp-content/uploads/2014/06/Doña-Manuela-Márquez-de-Reyes-falleció-el-lunes-por-la-noche.jpg'><img loading="lazy" width="320" height="240" src="https://agpnoticias.com/news/wp-content/uploads/2014/06/Doña-Manuela-Márquez-de-Reyes-falleció-el-lunes-por-la-noche-320x240.jpg" class="attachment-medium size-medium" alt="Doña Manuela Márquez de Reyes falleció el lunes por la noche" loading="lazy" decoding="async" /></a></p>

<p>Doña Manuela Márquez de Reyes falleció el lunes por la noche</p>

2014/06/Doña-Manuela-Márquez-de-Reyes-falleció-el-lunes-por-la-noche.jpg

Doña-Manuela-Márquez-de-Reyes-falleció-el-lunes-por-la-noche-154x200.jpg

https://agpnoticias.com/news/wp-content/uploads/2014/06/Doña-Manuela-Márquez-de-Reyes-falleció-el-lunes-por-la-noche-154x200.jpg

Doña-Manuela-Márquez-de-Reyes-falleció-el-lunes-por-la-noche-320x240.jpg

https://agpnoticias.com/news/wp-content/uploads/2014/06/Doña-Manuela-Márquez-de-Reyes-falleció-el-lunes-por-la-noche-320x240.jpg

Doña-Manuela-Márquez-de-Reyes-falleció-el-lunes-por-la-noche-300x300.jpg

https://agpnoticias.com/news/wp-content/uploads/2014/06/Doña-Manuela-Márquez-de-Reyes-falleció-el-lunes-por-la-noche-300x300.jpg

Doña-Manuela-Márquez-de-Reyes-falleció-el-lunes-por-la-noche-120x120.jpg

https://agpnoticias.com/news/wp-content/uploads/2014/06/Doña-Manuela-Márquez-de-Reyes-falleció-el-lunes-por-la-noche-120x120.jpg

Doña-Manuela-Márquez-de-Reyes-falleció-el-lunes-por-la-noche.jpg

https://agpnoticias.com/news/wp-content/uploads/2014/06/Doña-Manuela-Márquez-de-Reyes-falleció-el-lunes-por-la-noche.jpg
