{"id":61249,"date":"2014-05-01T15:36:29","date_gmt":"2014-05-01T22:36:29","guid":{"rendered":"http:\/\/agpnoticias.com\/news\/wp-content\/uploads\/2014\/05\/El-presidente-municipal-Gilberto-Hirata-inaugur\u00f3-la-instalaci\u00f3n.jpg"},"modified":"2014-05-01T15:36:29","modified_gmt":"2014-05-01T22:36:29","slug":"sony-dsc-876","status":"inherit","type":"attachment","link":"https:\/\/agpnoticias.com\/news\/?attachment_id=61249","title":{"rendered":"SONY DSC"},"author":1,"featured_media":0,"comment_status":"closed","ping_status":"closed","template":"","meta":[],"class_list":["post-61249","attachment","type-attachment","status-inherit","hentry"],"description":{"rendered":"<p class=\"attachment\"><a href='https:\/\/agpnoticias.com\/news\/wp-content\/uploads\/2014\/05\/El-presidente-municipal-Gilberto-Hirata-inaugur\u00f3-la-instalaci\u00f3n.jpg'><img loading=\"lazy\" width=\"320\" height=\"240\" src=\"https:\/\/agpnoticias.com\/news\/wp-content\/uploads\/2014\/05\/El-presidente-municipal-Gilberto-Hirata-inaugur\u00f3-la-instalaci\u00f3n-320x240.jpg\" class=\"attachment-medium size-medium\" alt=\"SONY DSC\" loading=\"lazy\" decoding=\"async\" \/><\/a><\/p>\n"},"caption":{"rendered":"<p>El presidente municipal cort\u00f3 el list\u00f3n durante la ceremonia<\/p>\n"},"alt_text":"","media_type":"image","mime_type":"image\/jpeg","media_details":{"width":640,"height":371,"file":"2014\/05\/El-presidente-municipal-Gilberto-Hirata-inaugur\u00f3-la-instalaci\u00f3n.jpg","sizes":{"thumbnail":{"file":"El-presidente-municipal-Gilberto-Hirata-inaugur\u00f3-la-instalaci\u00f3n-200x115.jpg","width":200,"height":115,"mime_type":"image\/jpeg","source_url":"https:\/\/agpnoticias.com\/news\/wp-content\/uploads\/2014\/05\/El-presidente-municipal-Gilberto-Hirata-inaugur\u00f3-la-instalaci\u00f3n-200x115.jpg"},"medium":{"file":"El-presidente-municipal-Gilberto-Hirata-inaugur\u00f3-la-instalaci\u00f3n-320x240.jpg","width":320,"height":240,"mime_type":"image\/jpeg","source_url":"https:\/\/agpnoticias.com\/news\/wp-content\/uploads\/2014\/05\/El-presidente-municipal-Gilberto-Hirata-inaugur\u00f3-la-instalaci\u00f3n-320x240.jpg"},"wysija-newsletters-max":{"file":"El-presidente-municipal-Gilberto-Hirata-inaugur\u00f3-la-instalaci\u00f3n-600x347.jpg","width":600,"height":347,"mime_type":"image\/jpeg","source_url":"https:\/\/agpnoticias.com\/news\/wp-content\/uploads\/2014\/05\/El-presidente-municipal-Gilberto-Hirata-inaugur\u00f3-la-instalaci\u00f3n-600x347.jpg"},"post-thumbnail":{"file":"El-presidente-municipal-Gilberto-Hirata-inaugur\u00f3-la-instalaci\u00f3n-300x300.jpg","width":300,"height":300,"mime_type":"image\/jpeg","source_url":"https:\/\/agpnoticias.com\/news\/wp-content\/uploads\/2014\/05\/El-presidente-municipal-Gilberto-Hirata-inaugur\u00f3-la-instalaci\u00f3n-300x300.jpg"},"yarpp-thumbnail":{"file":"El-presidente-municipal-Gilberto-Hirata-inaugur\u00f3-la-instalaci\u00f3n-120x120.jpg","width":120,"height":120,"mime_type":"image\/jpeg","source_url":"https:\/\/agpnoticias.com\/news\/wp-content\/uploads\/2014\/05\/El-presidente-municipal-Gilberto-Hirata-inaugur\u00f3-la-instalaci\u00f3n-120x120.jpg"},"full":{"file":"El-presidente-municipal-Gilberto-Hirata-inaugur\u00f3-la-instalaci\u00f3n.jpg","width":640,"height":371,"mime_type":"image\/jpeg","source_url":"https:\/\/agpnoticias.com\/news\/wp-content\/uploads\/2014\/05\/El-presidente-municipal-Gilberto-Hirata-inaugur\u00f3-la-instalaci\u00f3n.jpg"}},"image_meta":{"aperture":9,"credit":"","camera":"DSLR-A200","caption":"","created_timestamp":1398936982,"copyright":"","focal_length":"18","iso":"200","shutter_speed":"0.003125","title":"SONY DSC"}},"post":61238,"source_url":"https:\/\/agpnoticias.com\/news\/wp-content\/uploads\/2014\/05\/El-presidente-municipal-Gilberto-Hirata-inaugur\u00f3-la-instalaci\u00f3n.jpg","_links":{"self":[{"href":"https:\/\/agpnoticias.com\/news\/index.php?rest_route=\/wp\/v2\/media\/61249","targetHints":{"allow":["GET"]}}],"collection":[{"href":"https:\/\/agpnoticias.com\/news\/index.php?rest_route=\/wp\/v2\/media"}],"about":[{"href":"https:\/\/agpnoticias.com\/news\/index.php?rest_route=\/wp\/v2\/types\/attachment"}],"author":[{"embeddable":true,"href":"https:\/\/agpnoticias.com\/news\/index.php?rest_route=\/wp\/v2\/users\/1"}],"replies":[{"embeddable":true,"href":"https:\/\/agpnoticias.com\/news\/index.php?rest_route=%2Fwp%2Fv2%2Fcomments&post=61249"}],"wp:attached-to":[{"embeddable":true,"post_type":"post","id":61238,"href":"https:\/\/agpnoticias.com\/news\/index.php?rest_route=\/wp\/v2\/posts\/61238"}],"curies":[{"name":"wp","href":"https:\/\/api.w.org\/{rel}","templated":true}]}}

http://agpnoticias.com/news/wp-content/uploads/2014/05/El-presidente-municipal-Gilberto-Hirata-inauguró-la-instalación.jpg

<p class="attachment"><a href='https://agpnoticias.com/news/wp-content/uploads/2014/05/El-presidente-municipal-Gilberto-Hirata-inauguró-la-instalación.jpg'><img loading="lazy" width="320" height="240" src="https://agpnoticias.com/news/wp-content/uploads/2014/05/El-presidente-municipal-Gilberto-Hirata-inauguró-la-instalación-320x240.jpg" class="attachment-medium size-medium" alt="SONY DSC" loading="lazy" decoding="async" /></a></p>

<p>El presidente municipal cortó el listón durante la ceremonia</p>

2014/05/El-presidente-municipal-Gilberto-Hirata-inauguró-la-instalación.jpg

El-presidente-municipal-Gilberto-Hirata-inauguró-la-instalación-200x115.jpg

https://agpnoticias.com/news/wp-content/uploads/2014/05/El-presidente-municipal-Gilberto-Hirata-inauguró-la-instalación-200x115.jpg

El-presidente-municipal-Gilberto-Hirata-inauguró-la-instalación-320x240.jpg

https://agpnoticias.com/news/wp-content/uploads/2014/05/El-presidente-municipal-Gilberto-Hirata-inauguró-la-instalación-320x240.jpg

El-presidente-municipal-Gilberto-Hirata-inauguró-la-instalación-600x347.jpg

https://agpnoticias.com/news/wp-content/uploads/2014/05/El-presidente-municipal-Gilberto-Hirata-inauguró-la-instalación-600x347.jpg

El-presidente-municipal-Gilberto-Hirata-inauguró-la-instalación-300x300.jpg

https://agpnoticias.com/news/wp-content/uploads/2014/05/El-presidente-municipal-Gilberto-Hirata-inauguró-la-instalación-300x300.jpg

El-presidente-municipal-Gilberto-Hirata-inauguró-la-instalación-120x120.jpg

https://agpnoticias.com/news/wp-content/uploads/2014/05/El-presidente-municipal-Gilberto-Hirata-inauguró-la-instalación-120x120.jpg

El-presidente-municipal-Gilberto-Hirata-inauguró-la-instalación.jpg

https://agpnoticias.com/news/wp-content/uploads/2014/05/El-presidente-municipal-Gilberto-Hirata-inauguró-la-instalación.jpg
