{"id":622088,"date":"2014-07-01T17:36:44","date_gmt":"2014-07-02T00:36:44","guid":{"rendered":"http:\/\/agpnoticias.com\/news\/wp-content\/uploads\/2014\/07\/M\u00e1rquez-Team-gan\u00f3-el-torneo-internacional.jpg"},"modified":"2014-07-01T17:36:44","modified_gmt":"2014-07-02T00:36:44","slug":"marquez-team-gano-el-torneo-internacional","status":"inherit","type":"attachment","link":"https:\/\/agpnoticias.com\/news\/?attachment_id=622088","title":{"rendered":"M\u00e1rquez Team gan\u00f3 el torneo internacional"},"author":1,"featured_media":0,"comment_status":"closed","ping_status":"closed","template":"","meta":[],"class_list":["post-622088","attachment","type-attachment","status-inherit","hentry"],"description":{"rendered":"<p class=\"attachment\"><a href='https:\/\/agpnoticias.com\/news\/wp-content\/uploads\/2014\/07\/M\u00e1rquez-Team-gan\u00f3-el-torneo-internacional.jpg'><img loading=\"lazy\" width=\"320\" height=\"240\" src=\"https:\/\/agpnoticias.com\/news\/wp-content\/uploads\/2014\/07\/M\u00e1rquez-Team-gan\u00f3-el-torneo-internacional-320x240.jpg\" class=\"attachment-medium size-medium\" alt=\"M\u00e1rquez Team gan\u00f3 el torneo internacional\" loading=\"lazy\" decoding=\"async\" \/><\/a><\/p>\n"},"caption":{"rendered":"<p>M\u00e1rquez Team gan\u00f3 el torneo internacional<\/p>\n"},"alt_text":"","media_type":"image","mime_type":"image\/jpeg","media_details":{"width":640,"height":425,"file":"2014\/07\/M\u00e1rquez-Team-gan\u00f3-el-torneo-internacional.jpg","sizes":{"thumbnail":{"file":"M\u00e1rquez-Team-gan\u00f3-el-torneo-internacional-200x132.jpg","width":200,"height":132,"mime_type":"image\/jpeg","source_url":"https:\/\/agpnoticias.com\/news\/wp-content\/uploads\/2014\/07\/M\u00e1rquez-Team-gan\u00f3-el-torneo-internacional-200x132.jpg"},"medium":{"file":"M\u00e1rquez-Team-gan\u00f3-el-torneo-internacional-320x240.jpg","width":320,"height":240,"mime_type":"image\/jpeg","source_url":"https:\/\/agpnoticias.com\/news\/wp-content\/uploads\/2014\/07\/M\u00e1rquez-Team-gan\u00f3-el-torneo-internacional-320x240.jpg"},"post-thumbnail":{"file":"M\u00e1rquez-Team-gan\u00f3-el-torneo-internacional-300x300.jpg","width":300,"height":300,"mime_type":"image\/jpeg","source_url":"https:\/\/agpnoticias.com\/news\/wp-content\/uploads\/2014\/07\/M\u00e1rquez-Team-gan\u00f3-el-torneo-internacional-300x300.jpg"},"yarpp-thumbnail":{"file":"M\u00e1rquez-Team-gan\u00f3-el-torneo-internacional-120x120.jpg","width":120,"height":120,"mime_type":"image\/jpeg","source_url":"https:\/\/agpnoticias.com\/news\/wp-content\/uploads\/2014\/07\/M\u00e1rquez-Team-gan\u00f3-el-torneo-internacional-120x120.jpg"},"full":{"file":"M\u00e1rquez-Team-gan\u00f3-el-torneo-internacional.jpg","width":640,"height":425,"mime_type":"image\/jpeg","source_url":"https:\/\/agpnoticias.com\/news\/wp-content\/uploads\/2014\/07\/M\u00e1rquez-Team-gan\u00f3-el-torneo-internacional.jpg"}},"image_meta":{"aperture":0,"credit":"","camera":"","caption":"","created_timestamp":0,"copyright":"","focal_length":0,"iso":0,"shutter_speed":0,"title":""}},"post":622081,"source_url":"https:\/\/agpnoticias.com\/news\/wp-content\/uploads\/2014\/07\/M\u00e1rquez-Team-gan\u00f3-el-torneo-internacional.jpg","_links":{"self":[{"href":"https:\/\/agpnoticias.com\/news\/index.php?rest_route=\/wp\/v2\/media\/622088","targetHints":{"allow":["GET"]}}],"collection":[{"href":"https:\/\/agpnoticias.com\/news\/index.php?rest_route=\/wp\/v2\/media"}],"about":[{"href":"https:\/\/agpnoticias.com\/news\/index.php?rest_route=\/wp\/v2\/types\/attachment"}],"author":[{"embeddable":true,"href":"https:\/\/agpnoticias.com\/news\/index.php?rest_route=\/wp\/v2\/users\/1"}],"replies":[{"embeddable":true,"href":"https:\/\/agpnoticias.com\/news\/index.php?rest_route=%2Fwp%2Fv2%2Fcomments&post=622088"}],"wp:attached-to":[{"embeddable":true,"post_type":"post","id":622081,"href":"https:\/\/agpnoticias.com\/news\/index.php?rest_route=\/wp\/v2\/posts\/622081"}],"curies":[{"name":"wp","href":"https:\/\/api.w.org\/{rel}","templated":true}]}}

http://agpnoticias.com/news/wp-content/uploads/2014/07/Márquez-Team-ganó-el-torneo-internacional.jpg

Márquez Team ganó el torneo internacional

<p class="attachment"><a href='https://agpnoticias.com/news/wp-content/uploads/2014/07/Márquez-Team-ganó-el-torneo-internacional.jpg'><img loading="lazy" width="320" height="240" src="https://agpnoticias.com/news/wp-content/uploads/2014/07/Márquez-Team-ganó-el-torneo-internacional-320x240.jpg" class="attachment-medium size-medium" alt="Márquez Team ganó el torneo internacional" loading="lazy" decoding="async" /></a></p>

<p>Márquez Team ganó el torneo internacional</p>

2014/07/Márquez-Team-ganó-el-torneo-internacional.jpg

Márquez-Team-ganó-el-torneo-internacional-200x132.jpg

https://agpnoticias.com/news/wp-content/uploads/2014/07/Márquez-Team-ganó-el-torneo-internacional-200x132.jpg

Márquez-Team-ganó-el-torneo-internacional-320x240.jpg

https://agpnoticias.com/news/wp-content/uploads/2014/07/Márquez-Team-ganó-el-torneo-internacional-320x240.jpg

Márquez-Team-ganó-el-torneo-internacional-300x300.jpg

https://agpnoticias.com/news/wp-content/uploads/2014/07/Márquez-Team-ganó-el-torneo-internacional-300x300.jpg

Márquez-Team-ganó-el-torneo-internacional-120x120.jpg

https://agpnoticias.com/news/wp-content/uploads/2014/07/Márquez-Team-ganó-el-torneo-internacional-120x120.jpg

Márquez-Team-ganó-el-torneo-internacional.jpg

https://agpnoticias.com/news/wp-content/uploads/2014/07/Márquez-Team-ganó-el-torneo-internacional.jpg
