{"id":622093,"date":"2014-07-01T17:37:32","date_gmt":"2014-07-02T00:37:32","guid":{"rendered":"http:\/\/agpnoticias.com\/news\/wp-content\/uploads\/2014\/07\/\u00d3scar-M\u00e1rquez-centro-con-Aldalberto-Arenas-y-Fernando-P\u00e9rez.jpg"},"modified":"2014-07-01T17:37:32","modified_gmt":"2014-07-02T00:37:32","slug":"oscar-marquez-centro-con-aldalberto-arenas-y-fernando-perez","status":"inherit","type":"attachment","link":"https:\/\/agpnoticias.com\/news\/?attachment_id=622093","title":{"rendered":"\u00d3scar M\u00e1rquez (centro) con Aldalberto Arenas y Fernando P\u00e9rez"},"author":1,"featured_media":0,"comment_status":"closed","ping_status":"closed","template":"","meta":[],"class_list":["post-622093","attachment","type-attachment","status-inherit","hentry"],"description":{"rendered":"<p class=\"attachment\"><a href='https:\/\/agpnoticias.com\/news\/wp-content\/uploads\/2014\/07\/\u00d3scar-M\u00e1rquez-centro-con-Aldalberto-Arenas-y-Fernando-P\u00e9rez.jpg'><img loading=\"lazy\" width=\"320\" height=\"240\" src=\"https:\/\/agpnoticias.com\/news\/wp-content\/uploads\/2014\/07\/\u00d3scar-M\u00e1rquez-centro-con-Aldalberto-Arenas-y-Fernando-P\u00e9rez-320x240.jpg\" class=\"attachment-medium size-medium\" alt=\"\u00d3scar M\u00e1rquez (centro) con Aldalberto Arenas y Fernando P\u00e9rez\" srcset=\"https:\/\/agpnoticias.com\/news\/wp-content\/uploads\/2014\/07\/\u00d3scar-M\u00e1rquez-centro-con-Aldalberto-Arenas-y-Fernando-P\u00e9rez-320x240.jpg 320w, https:\/\/agpnoticias.com\/news\/wp-content\/uploads\/2014\/07\/\u00d3scar-M\u00e1rquez-centro-con-Aldalberto-Arenas-y-Fernando-P\u00e9rez-640x480.jpg 640w\" sizes=\"auto, (max-width: 320px) 100vw, 320px\" loading=\"lazy\" decoding=\"async\" \/><\/a><\/p>\n"},"caption":{"rendered":"<p>\u00d3scar M\u00e1rquez (centro) con Adalberto Arenas y Fernando P\u00e9rez<\/p>\n"},"alt_text":"","media_type":"image","mime_type":"image\/jpeg","media_details":{"width":1000,"height":666,"file":"2014\/07\/\u00d3scar-M\u00e1rquez-centro-con-Aldalberto-Arenas-y-Fernando-P\u00e9rez.jpg","sizes":{"thumbnail":{"file":"\u00d3scar-M\u00e1rquez-centro-con-Aldalberto-Arenas-y-Fernando-P\u00e9rez-200x133.jpg","width":200,"height":133,"mime_type":"image\/jpeg","source_url":"https:\/\/agpnoticias.com\/news\/wp-content\/uploads\/2014\/07\/\u00d3scar-M\u00e1rquez-centro-con-Aldalberto-Arenas-y-Fernando-P\u00e9rez-200x133.jpg"},"medium":{"file":"\u00d3scar-M\u00e1rquez-centro-con-Aldalberto-Arenas-y-Fernando-P\u00e9rez-320x240.jpg","width":320,"height":240,"mime_type":"image\/jpeg","source_url":"https:\/\/agpnoticias.com\/news\/wp-content\/uploads\/2014\/07\/\u00d3scar-M\u00e1rquez-centro-con-Aldalberto-Arenas-y-Fernando-P\u00e9rez-320x240.jpg"},"large":{"file":"\u00d3scar-M\u00e1rquez-centro-con-Aldalberto-Arenas-y-Fernando-P\u00e9rez-640x480.jpg","width":640,"height":480,"mime_type":"image\/jpeg","source_url":"https:\/\/agpnoticias.com\/news\/wp-content\/uploads\/2014\/07\/\u00d3scar-M\u00e1rquez-centro-con-Aldalberto-Arenas-y-Fernando-P\u00e9rez-640x480.jpg"},"post-thumbnail":{"file":"\u00d3scar-M\u00e1rquez-centro-con-Aldalberto-Arenas-y-Fernando-P\u00e9rez-300x300.jpg","width":300,"height":300,"mime_type":"image\/jpeg","source_url":"https:\/\/agpnoticias.com\/news\/wp-content\/uploads\/2014\/07\/\u00d3scar-M\u00e1rquez-centro-con-Aldalberto-Arenas-y-Fernando-P\u00e9rez-300x300.jpg"},"yarpp-thumbnail":{"file":"\u00d3scar-M\u00e1rquez-centro-con-Aldalberto-Arenas-y-Fernando-P\u00e9rez-120x120.jpg","width":120,"height":120,"mime_type":"image\/jpeg","source_url":"https:\/\/agpnoticias.com\/news\/wp-content\/uploads\/2014\/07\/\u00d3scar-M\u00e1rquez-centro-con-Aldalberto-Arenas-y-Fernando-P\u00e9rez-120x120.jpg"},"full":{"file":"\u00d3scar-M\u00e1rquez-centro-con-Aldalberto-Arenas-y-Fernando-P\u00e9rez.jpg","width":1000,"height":666,"mime_type":"image\/jpeg","source_url":"https:\/\/agpnoticias.com\/news\/wp-content\/uploads\/2014\/07\/\u00d3scar-M\u00e1rquez-centro-con-Aldalberto-Arenas-y-Fernando-P\u00e9rez.jpg"}},"image_meta":{"aperture":0,"credit":"","camera":"","caption":"","created_timestamp":0,"copyright":"","focal_length":0,"iso":0,"shutter_speed":0,"title":""}},"post":622081,"source_url":"https:\/\/agpnoticias.com\/news\/wp-content\/uploads\/2014\/07\/\u00d3scar-M\u00e1rquez-centro-con-Aldalberto-Arenas-y-Fernando-P\u00e9rez.jpg","_links":{"self":[{"href":"https:\/\/agpnoticias.com\/news\/index.php?rest_route=\/wp\/v2\/media\/622093","targetHints":{"allow":["GET"]}}],"collection":[{"href":"https:\/\/agpnoticias.com\/news\/index.php?rest_route=\/wp\/v2\/media"}],"about":[{"href":"https:\/\/agpnoticias.com\/news\/index.php?rest_route=\/wp\/v2\/types\/attachment"}],"author":[{"embeddable":true,"href":"https:\/\/agpnoticias.com\/news\/index.php?rest_route=\/wp\/v2\/users\/1"}],"replies":[{"embeddable":true,"href":"https:\/\/agpnoticias.com\/news\/index.php?rest_route=%2Fwp%2Fv2%2Fcomments&post=622093"}],"wp:attached-to":[{"embeddable":true,"post_type":"post","id":622081,"href":"https:\/\/agpnoticias.com\/news\/index.php?rest_route=\/wp\/v2\/posts\/622081"}],"curies":[{"name":"wp","href":"https:\/\/api.w.org\/{rel}","templated":true}]}}

http://agpnoticias.com/news/wp-content/uploads/2014/07/Óscar-Márquez-centro-con-Aldalberto-Arenas-y-Fernando-Pérez.jpg

Óscar Márquez (centro) con Aldalberto Arenas y Fernando Pérez

<p class="attachment"><a href='https://agpnoticias.com/news/wp-content/uploads/2014/07/Óscar-Márquez-centro-con-Aldalberto-Arenas-y-Fernando-Pérez.jpg'><img loading="lazy" width="320" height="240" src="https://agpnoticias.com/news/wp-content/uploads/2014/07/Óscar-Márquez-centro-con-Aldalberto-Arenas-y-Fernando-Pérez-320x240.jpg" class="attachment-medium size-medium" alt="Óscar Márquez (centro) con Aldalberto Arenas y Fernando Pérez" srcset="https://agpnoticias.com/news/wp-content/uploads/2014/07/Óscar-Márquez-centro-con-Aldalberto-Arenas-y-Fernando-Pérez-320x240.jpg 320w, https://agpnoticias.com/news/wp-content/uploads/2014/07/Óscar-Márquez-centro-con-Aldalberto-Arenas-y-Fernando-Pérez-640x480.jpg 640w" sizes="auto, (max-width: 320px) 100vw, 320px" loading="lazy" decoding="async" /></a></p>

<p>Óscar Márquez (centro) con Adalberto Arenas y Fernando Pérez</p>

2014/07/Óscar-Márquez-centro-con-Aldalberto-Arenas-y-Fernando-Pérez.jpg

Óscar-Márquez-centro-con-Aldalberto-Arenas-y-Fernando-Pérez-200x133.jpg

https://agpnoticias.com/news/wp-content/uploads/2014/07/Óscar-Márquez-centro-con-Aldalberto-Arenas-y-Fernando-Pérez-200x133.jpg

Óscar-Márquez-centro-con-Aldalberto-Arenas-y-Fernando-Pérez-320x240.jpg

https://agpnoticias.com/news/wp-content/uploads/2014/07/Óscar-Márquez-centro-con-Aldalberto-Arenas-y-Fernando-Pérez-320x240.jpg

Óscar-Márquez-centro-con-Aldalberto-Arenas-y-Fernando-Pérez-640x480.jpg

https://agpnoticias.com/news/wp-content/uploads/2014/07/Óscar-Márquez-centro-con-Aldalberto-Arenas-y-Fernando-Pérez-640x480.jpg

Óscar-Márquez-centro-con-Aldalberto-Arenas-y-Fernando-Pérez-300x300.jpg

https://agpnoticias.com/news/wp-content/uploads/2014/07/Óscar-Márquez-centro-con-Aldalberto-Arenas-y-Fernando-Pérez-300x300.jpg

Óscar-Márquez-centro-con-Aldalberto-Arenas-y-Fernando-Pérez-120x120.jpg

https://agpnoticias.com/news/wp-content/uploads/2014/07/Óscar-Márquez-centro-con-Aldalberto-Arenas-y-Fernando-Pérez-120x120.jpg

Óscar-Márquez-centro-con-Aldalberto-Arenas-y-Fernando-Pérez.jpg

https://agpnoticias.com/news/wp-content/uploads/2014/07/Óscar-Márquez-centro-con-Aldalberto-Arenas-y-Fernando-Pérez.jpg
