{"id":637035,"date":"2014-07-03T20:05:51","date_gmt":"2014-07-04T03:05:51","guid":{"rendered":"http:\/\/agpnoticias.com\/news\/wp-content\/uploads\/2014\/07\/Eder-M\u00e1rquez-y-Jes\u00fas-Andr\u00e9s-P\u00e9rez-son-dos-de-los-12-mexicanos-reclutados-Rumbo-a-la-Liga.jpg"},"modified":"2014-07-03T20:05:51","modified_gmt":"2014-07-04T03:05:51","slug":"eder-marquez-y-jesus-andres-perez-son-dos-de-los-12-mexicanos-reclutados-rumbo-a-la-liga","status":"inherit","type":"attachment","link":"https:\/\/agpnoticias.com\/news\/?attachment_id=637035","title":{"rendered":"Eder M\u00e1rquez y Jes\u00fas Andr\u00e9s P\u00e9rez son dos de los 12 mexicanos reclutados Rumbo a la Liga"},"author":1,"featured_media":0,"comment_status":"closed","ping_status":"closed","template":"","meta":[],"class_list":["post-637035","attachment","type-attachment","status-inherit","hentry"],"description":{"rendered":"<p class=\"attachment\"><a href='https:\/\/agpnoticias.com\/news\/wp-content\/uploads\/2014\/07\/Eder-M\u00e1rquez-y-Jes\u00fas-Andr\u00e9s-P\u00e9rez-son-dos-de-los-12-mexicanos-reclutados-Rumbo-a-la-Liga.jpg'><img loading=\"lazy\" width=\"320\" height=\"240\" src=\"https:\/\/agpnoticias.com\/news\/wp-content\/uploads\/2014\/07\/Eder-M\u00e1rquez-y-Jes\u00fas-Andr\u00e9s-P\u00e9rez-son-dos-de-los-12-mexicanos-reclutados-Rumbo-a-la-Liga-320x240.jpg\" class=\"attachment-medium size-medium\" alt=\"Eder M\u00e1rquez y Jes\u00fas Andr\u00e9s P\u00e9rez son dos de los 12 mexicanos reclutados Rumbo a la Liga\" srcset=\"https:\/\/agpnoticias.com\/news\/wp-content\/uploads\/2014\/07\/Eder-M\u00e1rquez-y-Jes\u00fas-Andr\u00e9s-P\u00e9rez-son-dos-de-los-12-mexicanos-reclutados-Rumbo-a-la-Liga-320x240.jpg 320w, https:\/\/agpnoticias.com\/news\/wp-content\/uploads\/2014\/07\/Eder-M\u00e1rquez-y-Jes\u00fas-Andr\u00e9s-P\u00e9rez-son-dos-de-los-12-mexicanos-reclutados-Rumbo-a-la-Liga-640x480.jpg 640w\" sizes=\"auto, (max-width: 320px) 100vw, 320px\" loading=\"lazy\" decoding=\"async\" \/><\/a><\/p>\n"},"caption":{"rendered":"<p>Eder M\u00e1rquez y Jes\u00fas Andr\u00e9s P\u00e9rez son dos de los 12 mexicanos reclutados Rumbo a la Liga<\/p>\n"},"alt_text":"","media_type":"image","mime_type":"image\/jpeg","media_details":{"width":800,"height":530,"file":"2014\/07\/Eder-M\u00e1rquez-y-Jes\u00fas-Andr\u00e9s-P\u00e9rez-son-dos-de-los-12-mexicanos-reclutados-Rumbo-a-la-Liga.jpg","sizes":{"thumbnail":{"file":"Eder-M\u00e1rquez-y-Jes\u00fas-Andr\u00e9s-P\u00e9rez-son-dos-de-los-12-mexicanos-reclutados-Rumbo-a-la-Liga-200x132.jpg","width":200,"height":132,"mime_type":"image\/jpeg","source_url":"https:\/\/agpnoticias.com\/news\/wp-content\/uploads\/2014\/07\/Eder-M\u00e1rquez-y-Jes\u00fas-Andr\u00e9s-P\u00e9rez-son-dos-de-los-12-mexicanos-reclutados-Rumbo-a-la-Liga-200x132.jpg"},"medium":{"file":"Eder-M\u00e1rquez-y-Jes\u00fas-Andr\u00e9s-P\u00e9rez-son-dos-de-los-12-mexicanos-reclutados-Rumbo-a-la-Liga-320x240.jpg","width":320,"height":240,"mime_type":"image\/jpeg","source_url":"https:\/\/agpnoticias.com\/news\/wp-content\/uploads\/2014\/07\/Eder-M\u00e1rquez-y-Jes\u00fas-Andr\u00e9s-P\u00e9rez-son-dos-de-los-12-mexicanos-reclutados-Rumbo-a-la-Liga-320x240.jpg"},"large":{"file":"Eder-M\u00e1rquez-y-Jes\u00fas-Andr\u00e9s-P\u00e9rez-son-dos-de-los-12-mexicanos-reclutados-Rumbo-a-la-Liga-640x480.jpg","width":640,"height":480,"mime_type":"image\/jpeg","source_url":"https:\/\/agpnoticias.com\/news\/wp-content\/uploads\/2014\/07\/Eder-M\u00e1rquez-y-Jes\u00fas-Andr\u00e9s-P\u00e9rez-son-dos-de-los-12-mexicanos-reclutados-Rumbo-a-la-Liga-640x480.jpg"},"post-thumbnail":{"file":"Eder-M\u00e1rquez-y-Jes\u00fas-Andr\u00e9s-P\u00e9rez-son-dos-de-los-12-mexicanos-reclutados-Rumbo-a-la-Liga-300x300.jpg","width":300,"height":300,"mime_type":"image\/jpeg","source_url":"https:\/\/agpnoticias.com\/news\/wp-content\/uploads\/2014\/07\/Eder-M\u00e1rquez-y-Jes\u00fas-Andr\u00e9s-P\u00e9rez-son-dos-de-los-12-mexicanos-reclutados-Rumbo-a-la-Liga-300x300.jpg"},"yarpp-thumbnail":{"file":"Eder-M\u00e1rquez-y-Jes\u00fas-Andr\u00e9s-P\u00e9rez-son-dos-de-los-12-mexicanos-reclutados-Rumbo-a-la-Liga-120x120.jpg","width":120,"height":120,"mime_type":"image\/jpeg","source_url":"https:\/\/agpnoticias.com\/news\/wp-content\/uploads\/2014\/07\/Eder-M\u00e1rquez-y-Jes\u00fas-Andr\u00e9s-P\u00e9rez-son-dos-de-los-12-mexicanos-reclutados-Rumbo-a-la-Liga-120x120.jpg"},"full":{"file":"Eder-M\u00e1rquez-y-Jes\u00fas-Andr\u00e9s-P\u00e9rez-son-dos-de-los-12-mexicanos-reclutados-Rumbo-a-la-Liga.jpg","width":800,"height":530,"mime_type":"image\/jpeg","source_url":"https:\/\/agpnoticias.com\/news\/wp-content\/uploads\/2014\/07\/Eder-M\u00e1rquez-y-Jes\u00fas-Andr\u00e9s-P\u00e9rez-son-dos-de-los-12-mexicanos-reclutados-Rumbo-a-la-Liga.jpg"}},"image_meta":{"aperture":4,"credit":"","camera":"Canon EOS-1D Mark II","caption":"","created_timestamp":1404407142,"copyright":"","focal_length":"200","iso":"320","shutter_speed":"0.0004","title":""}},"post":636509,"source_url":"https:\/\/agpnoticias.com\/news\/wp-content\/uploads\/2014\/07\/Eder-M\u00e1rquez-y-Jes\u00fas-Andr\u00e9s-P\u00e9rez-son-dos-de-los-12-mexicanos-reclutados-Rumbo-a-la-Liga.jpg","_links":{"self":[{"href":"https:\/\/agpnoticias.com\/news\/index.php?rest_route=\/wp\/v2\/media\/637035","targetHints":{"allow":["GET"]}}],"collection":[{"href":"https:\/\/agpnoticias.com\/news\/index.php?rest_route=\/wp\/v2\/media"}],"about":[{"href":"https:\/\/agpnoticias.com\/news\/index.php?rest_route=\/wp\/v2\/types\/attachment"}],"author":[{"embeddable":true,"href":"https:\/\/agpnoticias.com\/news\/index.php?rest_route=\/wp\/v2\/users\/1"}],"replies":[{"embeddable":true,"href":"https:\/\/agpnoticias.com\/news\/index.php?rest_route=%2Fwp%2Fv2%2Fcomments&post=637035"}],"wp:attached-to":[{"embeddable":true,"post_type":"post","id":636509,"href":"https:\/\/agpnoticias.com\/news\/index.php?rest_route=\/wp\/v2\/posts\/636509"}],"curies":[{"name":"wp","href":"https:\/\/api.w.org\/{rel}","templated":true}]}}

http://agpnoticias.com/news/wp-content/uploads/2014/07/Eder-Márquez-y-Jesús-Andrés-Pérez-son-dos-de-los-12-mexicanos-reclutados-Rumbo-a-la-Liga.jpg

Eder Márquez y Jesús Andrés Pérez son dos de los 12 mexicanos reclutados Rumbo a la Liga

<p class="attachment"><a href='https://agpnoticias.com/news/wp-content/uploads/2014/07/Eder-Márquez-y-Jesús-Andrés-Pérez-son-dos-de-los-12-mexicanos-reclutados-Rumbo-a-la-Liga.jpg'><img loading="lazy" width="320" height="240" src="https://agpnoticias.com/news/wp-content/uploads/2014/07/Eder-Márquez-y-Jesús-Andrés-Pérez-son-dos-de-los-12-mexicanos-reclutados-Rumbo-a-la-Liga-320x240.jpg" class="attachment-medium size-medium" alt="Eder Márquez y Jesús Andrés Pérez son dos de los 12 mexicanos reclutados Rumbo a la Liga" srcset="https://agpnoticias.com/news/wp-content/uploads/2014/07/Eder-Márquez-y-Jesús-Andrés-Pérez-son-dos-de-los-12-mexicanos-reclutados-Rumbo-a-la-Liga-320x240.jpg 320w, https://agpnoticias.com/news/wp-content/uploads/2014/07/Eder-Márquez-y-Jesús-Andrés-Pérez-son-dos-de-los-12-mexicanos-reclutados-Rumbo-a-la-Liga-640x480.jpg 640w" sizes="auto, (max-width: 320px) 100vw, 320px" loading="lazy" decoding="async" /></a></p>

<p>Eder Márquez y Jesús Andrés Pérez son dos de los 12 mexicanos reclutados Rumbo a la Liga</p>

2014/07/Eder-Márquez-y-Jesús-Andrés-Pérez-son-dos-de-los-12-mexicanos-reclutados-Rumbo-a-la-Liga.jpg

Eder-Márquez-y-Jesús-Andrés-Pérez-son-dos-de-los-12-mexicanos-reclutados-Rumbo-a-la-Liga-200x132.jpg

https://agpnoticias.com/news/wp-content/uploads/2014/07/Eder-Márquez-y-Jesús-Andrés-Pérez-son-dos-de-los-12-mexicanos-reclutados-Rumbo-a-la-Liga-200x132.jpg

Eder-Márquez-y-Jesús-Andrés-Pérez-son-dos-de-los-12-mexicanos-reclutados-Rumbo-a-la-Liga-320x240.jpg

https://agpnoticias.com/news/wp-content/uploads/2014/07/Eder-Márquez-y-Jesús-Andrés-Pérez-son-dos-de-los-12-mexicanos-reclutados-Rumbo-a-la-Liga-320x240.jpg

Eder-Márquez-y-Jesús-Andrés-Pérez-son-dos-de-los-12-mexicanos-reclutados-Rumbo-a-la-Liga-640x480.jpg

https://agpnoticias.com/news/wp-content/uploads/2014/07/Eder-Márquez-y-Jesús-Andrés-Pérez-son-dos-de-los-12-mexicanos-reclutados-Rumbo-a-la-Liga-640x480.jpg

Eder-Márquez-y-Jesús-Andrés-Pérez-son-dos-de-los-12-mexicanos-reclutados-Rumbo-a-la-Liga-300x300.jpg

https://agpnoticias.com/news/wp-content/uploads/2014/07/Eder-Márquez-y-Jesús-Andrés-Pérez-son-dos-de-los-12-mexicanos-reclutados-Rumbo-a-la-Liga-300x300.jpg

Eder-Márquez-y-Jesús-Andrés-Pérez-son-dos-de-los-12-mexicanos-reclutados-Rumbo-a-la-Liga-120x120.jpg

https://agpnoticias.com/news/wp-content/uploads/2014/07/Eder-Márquez-y-Jesús-Andrés-Pérez-son-dos-de-los-12-mexicanos-reclutados-Rumbo-a-la-Liga-120x120.jpg

Eder-Márquez-y-Jesús-Andrés-Pérez-son-dos-de-los-12-mexicanos-reclutados-Rumbo-a-la-Liga.jpg

https://agpnoticias.com/news/wp-content/uploads/2014/07/Eder-Márquez-y-Jesús-Andrés-Pérez-son-dos-de-los-12-mexicanos-reclutados-Rumbo-a-la-Liga.jpg
