{"id":850506,"date":"2014-07-29T13:56:11","date_gmt":"2014-07-29T20:56:11","guid":{"rendered":"http:\/\/agpnoticias.com\/news\/wp-content\/uploads\/2014\/07\/El-campo-de-Ciudad-Deportiva-ya-puede-ser-utilizado-tras-la-inauguraci\u00f3n-de-su-superficie-sint\u00e9tica.jpg"},"modified":"2014-07-29T13:56:11","modified_gmt":"2014-07-29T20:56:11","slug":"el-campo-de-ciudad-deportiva-ya-puede-ser-utilizado-tras-la-inauguracion-de-su-superficie-sintetica","status":"inherit","type":"attachment","link":"https:\/\/agpnoticias.com\/news\/?attachment_id=850506","title":{"rendered":"El campo de Ciudad Deportiva ya puede ser utilizado tras la inauguraci\u00f3n de su superficie sint\u00e9tica"},"author":1,"featured_media":0,"comment_status":"closed","ping_status":"closed","template":"","meta":[],"class_list":["post-850506","attachment","type-attachment","status-inherit","hentry"],"description":{"rendered":"<p class=\"attachment\"><a href='https:\/\/agpnoticias.com\/news\/wp-content\/uploads\/2014\/07\/El-campo-de-Ciudad-Deportiva-ya-puede-ser-utilizado-tras-la-inauguraci\u00f3n-de-su-superficie-sint\u00e9tica.jpg'><img loading=\"lazy\" width=\"320\" height=\"240\" src=\"https:\/\/agpnoticias.com\/news\/wp-content\/uploads\/2014\/07\/El-campo-de-Ciudad-Deportiva-ya-puede-ser-utilizado-tras-la-inauguraci\u00f3n-de-su-superficie-sint\u00e9tica-320x240.jpg\" class=\"attachment-medium size-medium\" alt=\"El campo de Ciudad Deportiva ya puede ser utilizado tras la inauguraci\u00f3n de su superficie sint\u00e9tica\" srcset=\"https:\/\/agpnoticias.com\/news\/wp-content\/uploads\/2014\/07\/El-campo-de-Ciudad-Deportiva-ya-puede-ser-utilizado-tras-la-inauguraci\u00f3n-de-su-superficie-sint\u00e9tica-320x240.jpg 320w, https:\/\/agpnoticias.com\/news\/wp-content\/uploads\/2014\/07\/El-campo-de-Ciudad-Deportiva-ya-puede-ser-utilizado-tras-la-inauguraci\u00f3n-de-su-superficie-sint\u00e9tica-640x480.jpg 640w\" sizes=\"auto, (max-width: 320px) 100vw, 320px\" loading=\"lazy\" decoding=\"async\" \/><\/a><\/p>\n"},"caption":{"rendered":"<p>El campo de Ciudad Deportiva ya puede ser utilizado tras la inauguraci\u00f3n de su superficie sint\u00e9tica<\/p>\n"},"alt_text":"","media_type":"image","mime_type":"image\/jpeg","media_details":{"width":800,"height":533,"file":"2014\/07\/El-campo-de-Ciudad-Deportiva-ya-puede-ser-utilizado-tras-la-inauguraci\u00f3n-de-su-superficie-sint\u00e9tica.jpg","sizes":{"thumbnail":{"file":"El-campo-de-Ciudad-Deportiva-ya-puede-ser-utilizado-tras-la-inauguraci\u00f3n-de-su-superficie-sint\u00e9tica-200x133.jpg","width":200,"height":133,"mime_type":"image\/jpeg","source_url":"https:\/\/agpnoticias.com\/news\/wp-content\/uploads\/2014\/07\/El-campo-de-Ciudad-Deportiva-ya-puede-ser-utilizado-tras-la-inauguraci\u00f3n-de-su-superficie-sint\u00e9tica-200x133.jpg"},"medium":{"file":"El-campo-de-Ciudad-Deportiva-ya-puede-ser-utilizado-tras-la-inauguraci\u00f3n-de-su-superficie-sint\u00e9tica-320x240.jpg","width":320,"height":240,"mime_type":"image\/jpeg","source_url":"https:\/\/agpnoticias.com\/news\/wp-content\/uploads\/2014\/07\/El-campo-de-Ciudad-Deportiva-ya-puede-ser-utilizado-tras-la-inauguraci\u00f3n-de-su-superficie-sint\u00e9tica-320x240.jpg"},"large":{"file":"El-campo-de-Ciudad-Deportiva-ya-puede-ser-utilizado-tras-la-inauguraci\u00f3n-de-su-superficie-sint\u00e9tica-640x480.jpg","width":640,"height":480,"mime_type":"image\/jpeg","source_url":"https:\/\/agpnoticias.com\/news\/wp-content\/uploads\/2014\/07\/El-campo-de-Ciudad-Deportiva-ya-puede-ser-utilizado-tras-la-inauguraci\u00f3n-de-su-superficie-sint\u00e9tica-640x480.jpg"},"wysija-newsletters-max":{"file":"El-campo-de-Ciudad-Deportiva-ya-puede-ser-utilizado-tras-la-inauguraci\u00f3n-de-su-superficie-sint\u00e9tica-600x399.jpg","width":600,"height":399,"mime_type":"image\/jpeg","source_url":"https:\/\/agpnoticias.com\/news\/wp-content\/uploads\/2014\/07\/El-campo-de-Ciudad-Deportiva-ya-puede-ser-utilizado-tras-la-inauguraci\u00f3n-de-su-superficie-sint\u00e9tica-600x399.jpg"},"post-thumbnail":{"file":"El-campo-de-Ciudad-Deportiva-ya-puede-ser-utilizado-tras-la-inauguraci\u00f3n-de-su-superficie-sint\u00e9tica-300x300.jpg","width":300,"height":300,"mime_type":"image\/jpeg","source_url":"https:\/\/agpnoticias.com\/news\/wp-content\/uploads\/2014\/07\/El-campo-de-Ciudad-Deportiva-ya-puede-ser-utilizado-tras-la-inauguraci\u00f3n-de-su-superficie-sint\u00e9tica-300x300.jpg"},"yarpp-thumbnail":{"file":"El-campo-de-Ciudad-Deportiva-ya-puede-ser-utilizado-tras-la-inauguraci\u00f3n-de-su-superficie-sint\u00e9tica-120x120.jpg","width":120,"height":120,"mime_type":"image\/jpeg","source_url":"https:\/\/agpnoticias.com\/news\/wp-content\/uploads\/2014\/07\/El-campo-de-Ciudad-Deportiva-ya-puede-ser-utilizado-tras-la-inauguraci\u00f3n-de-su-superficie-sint\u00e9tica-120x120.jpg"},"full":{"file":"El-campo-de-Ciudad-Deportiva-ya-puede-ser-utilizado-tras-la-inauguraci\u00f3n-de-su-superficie-sint\u00e9tica.jpg","width":800,"height":533,"mime_type":"image\/jpeg","source_url":"https:\/\/agpnoticias.com\/news\/wp-content\/uploads\/2014\/07\/El-campo-de-Ciudad-Deportiva-ya-puede-ser-utilizado-tras-la-inauguraci\u00f3n-de-su-superficie-sint\u00e9tica.jpg"}},"image_meta":{"aperture":6.3,"credit":"","camera":"Canon EOS-1D Mark II","caption":"","created_timestamp":1406627521,"copyright":"","focal_length":"50","iso":"400","shutter_speed":"0.0005","title":""}},"post":850500,"source_url":"https:\/\/agpnoticias.com\/news\/wp-content\/uploads\/2014\/07\/El-campo-de-Ciudad-Deportiva-ya-puede-ser-utilizado-tras-la-inauguraci\u00f3n-de-su-superficie-sint\u00e9tica.jpg","_links":{"self":[{"href":"https:\/\/agpnoticias.com\/news\/index.php?rest_route=\/wp\/v2\/media\/850506","targetHints":{"allow":["GET"]}}],"collection":[{"href":"https:\/\/agpnoticias.com\/news\/index.php?rest_route=\/wp\/v2\/media"}],"about":[{"href":"https:\/\/agpnoticias.com\/news\/index.php?rest_route=\/wp\/v2\/types\/attachment"}],"author":[{"embeddable":true,"href":"https:\/\/agpnoticias.com\/news\/index.php?rest_route=\/wp\/v2\/users\/1"}],"replies":[{"embeddable":true,"href":"https:\/\/agpnoticias.com\/news\/index.php?rest_route=%2Fwp%2Fv2%2Fcomments&post=850506"}],"wp:attached-to":[{"embeddable":true,"post_type":"post","id":850500,"href":"https:\/\/agpnoticias.com\/news\/index.php?rest_route=\/wp\/v2\/posts\/850500"}],"curies":[{"name":"wp","href":"https:\/\/api.w.org\/{rel}","templated":true}]}}

http://agpnoticias.com/news/wp-content/uploads/2014/07/El-campo-de-Ciudad-Deportiva-ya-puede-ser-utilizado-tras-la-inauguración-de-su-superficie-sintética.jpg

El campo de Ciudad Deportiva ya puede ser utilizado tras la inauguración de su superficie sintética

<p class="attachment"><a href='https://agpnoticias.com/news/wp-content/uploads/2014/07/El-campo-de-Ciudad-Deportiva-ya-puede-ser-utilizado-tras-la-inauguración-de-su-superficie-sintética.jpg'><img loading="lazy" width="320" height="240" src="https://agpnoticias.com/news/wp-content/uploads/2014/07/El-campo-de-Ciudad-Deportiva-ya-puede-ser-utilizado-tras-la-inauguración-de-su-superficie-sintética-320x240.jpg" class="attachment-medium size-medium" alt="El campo de Ciudad Deportiva ya puede ser utilizado tras la inauguración de su superficie sintética" srcset="https://agpnoticias.com/news/wp-content/uploads/2014/07/El-campo-de-Ciudad-Deportiva-ya-puede-ser-utilizado-tras-la-inauguración-de-su-superficie-sintética-320x240.jpg 320w, https://agpnoticias.com/news/wp-content/uploads/2014/07/El-campo-de-Ciudad-Deportiva-ya-puede-ser-utilizado-tras-la-inauguración-de-su-superficie-sintética-640x480.jpg 640w" sizes="auto, (max-width: 320px) 100vw, 320px" loading="lazy" decoding="async" /></a></p>

<p>El campo de Ciudad Deportiva ya puede ser utilizado tras la inauguración de su superficie sintética</p>

2014/07/El-campo-de-Ciudad-Deportiva-ya-puede-ser-utilizado-tras-la-inauguración-de-su-superficie-sintética.jpg

El-campo-de-Ciudad-Deportiva-ya-puede-ser-utilizado-tras-la-inauguración-de-su-superficie-sintética-200x133.jpg

https://agpnoticias.com/news/wp-content/uploads/2014/07/El-campo-de-Ciudad-Deportiva-ya-puede-ser-utilizado-tras-la-inauguración-de-su-superficie-sintética-200x133.jpg

El-campo-de-Ciudad-Deportiva-ya-puede-ser-utilizado-tras-la-inauguración-de-su-superficie-sintética-320x240.jpg

https://agpnoticias.com/news/wp-content/uploads/2014/07/El-campo-de-Ciudad-Deportiva-ya-puede-ser-utilizado-tras-la-inauguración-de-su-superficie-sintética-320x240.jpg

El-campo-de-Ciudad-Deportiva-ya-puede-ser-utilizado-tras-la-inauguración-de-su-superficie-sintética-640x480.jpg

https://agpnoticias.com/news/wp-content/uploads/2014/07/El-campo-de-Ciudad-Deportiva-ya-puede-ser-utilizado-tras-la-inauguración-de-su-superficie-sintética-640x480.jpg

El-campo-de-Ciudad-Deportiva-ya-puede-ser-utilizado-tras-la-inauguración-de-su-superficie-sintética-600x399.jpg

https://agpnoticias.com/news/wp-content/uploads/2014/07/El-campo-de-Ciudad-Deportiva-ya-puede-ser-utilizado-tras-la-inauguración-de-su-superficie-sintética-600x399.jpg

El-campo-de-Ciudad-Deportiva-ya-puede-ser-utilizado-tras-la-inauguración-de-su-superficie-sintética-300x300.jpg

https://agpnoticias.com/news/wp-content/uploads/2014/07/El-campo-de-Ciudad-Deportiva-ya-puede-ser-utilizado-tras-la-inauguración-de-su-superficie-sintética-300x300.jpg

El-campo-de-Ciudad-Deportiva-ya-puede-ser-utilizado-tras-la-inauguración-de-su-superficie-sintética-120x120.jpg

https://agpnoticias.com/news/wp-content/uploads/2014/07/El-campo-de-Ciudad-Deportiva-ya-puede-ser-utilizado-tras-la-inauguración-de-su-superficie-sintética-120x120.jpg

El-campo-de-Ciudad-Deportiva-ya-puede-ser-utilizado-tras-la-inauguración-de-su-superficie-sintética.jpg

https://agpnoticias.com/news/wp-content/uploads/2014/07/El-campo-de-Ciudad-Deportiva-ya-puede-ser-utilizado-tras-la-inauguración-de-su-superficie-sintética.jpg
