{"id":857973,"date":"2014-07-30T14:32:17","date_gmt":"2014-07-30T21:32:17","guid":{"rendered":"http:\/\/agpnoticias.com\/news\/wp-content\/uploads\/2014\/07\/Sobre-esta-\u00e1rea-se-construir\u00eda-el-Sal\u00f3n-de-la-Fama-del-Deporte-de-Ensenada.jpg"},"modified":"2014-07-30T14:32:17","modified_gmt":"2014-07-30T21:32:17","slug":"sobre-esta-area-se-construiria-el-salon-de-la-fama-del-deporte-de-ensenada","status":"inherit","type":"attachment","link":"https:\/\/agpnoticias.com\/news\/?attachment_id=857973","title":{"rendered":"Sobre esta \u00e1rea se construir\u00eda el Sal\u00f3n de la Fama del Deporte de Ensenada"},"author":1,"featured_media":0,"comment_status":"closed","ping_status":"closed","template":"","meta":[],"class_list":["post-857973","attachment","type-attachment","status-inherit","hentry"],"description":{"rendered":"<p class=\"attachment\"><a href='https:\/\/agpnoticias.com\/news\/wp-content\/uploads\/2014\/07\/Sobre-esta-\u00e1rea-se-construir\u00eda-el-Sal\u00f3n-de-la-Fama-del-Deporte-de-Ensenada.jpg'><img loading=\"lazy\" width=\"320\" height=\"240\" src=\"https:\/\/agpnoticias.com\/news\/wp-content\/uploads\/2014\/07\/Sobre-esta-\u00e1rea-se-construir\u00eda-el-Sal\u00f3n-de-la-Fama-del-Deporte-de-Ensenada-320x240.jpg\" class=\"attachment-medium size-medium\" alt=\"Sobre esta \u00e1rea se construir\u00eda el Sal\u00f3n de la Fama del Deporte de Ensenada\" srcset=\"https:\/\/agpnoticias.com\/news\/wp-content\/uploads\/2014\/07\/Sobre-esta-\u00e1rea-se-construir\u00eda-el-Sal\u00f3n-de-la-Fama-del-Deporte-de-Ensenada-320x240.jpg 320w, https:\/\/agpnoticias.com\/news\/wp-content\/uploads\/2014\/07\/Sobre-esta-\u00e1rea-se-construir\u00eda-el-Sal\u00f3n-de-la-Fama-del-Deporte-de-Ensenada-640x480.jpg 640w\" sizes=\"auto, (max-width: 320px) 100vw, 320px\" loading=\"lazy\" decoding=\"async\" \/><\/a><\/p>\n"},"caption":{"rendered":"<p>Sobre esta \u00e1rea se construir\u00eda el Sal\u00f3n de la Fama del Deporte de Ensenada<\/p>\n"},"alt_text":"","media_type":"image","mime_type":"image\/jpeg","media_details":{"width":800,"height":533,"file":"2014\/07\/Sobre-esta-\u00e1rea-se-construir\u00eda-el-Sal\u00f3n-de-la-Fama-del-Deporte-de-Ensenada.jpg","sizes":{"thumbnail":{"file":"Sobre-esta-\u00e1rea-se-construir\u00eda-el-Sal\u00f3n-de-la-Fama-del-Deporte-de-Ensenada-200x133.jpg","width":200,"height":133,"mime_type":"image\/jpeg","source_url":"https:\/\/agpnoticias.com\/news\/wp-content\/uploads\/2014\/07\/Sobre-esta-\u00e1rea-se-construir\u00eda-el-Sal\u00f3n-de-la-Fama-del-Deporte-de-Ensenada-200x133.jpg"},"medium":{"file":"Sobre-esta-\u00e1rea-se-construir\u00eda-el-Sal\u00f3n-de-la-Fama-del-Deporte-de-Ensenada-320x240.jpg","width":320,"height":240,"mime_type":"image\/jpeg","source_url":"https:\/\/agpnoticias.com\/news\/wp-content\/uploads\/2014\/07\/Sobre-esta-\u00e1rea-se-construir\u00eda-el-Sal\u00f3n-de-la-Fama-del-Deporte-de-Ensenada-320x240.jpg"},"large":{"file":"Sobre-esta-\u00e1rea-se-construir\u00eda-el-Sal\u00f3n-de-la-Fama-del-Deporte-de-Ensenada-640x480.jpg","width":640,"height":480,"mime_type":"image\/jpeg","source_url":"https:\/\/agpnoticias.com\/news\/wp-content\/uploads\/2014\/07\/Sobre-esta-\u00e1rea-se-construir\u00eda-el-Sal\u00f3n-de-la-Fama-del-Deporte-de-Ensenada-640x480.jpg"},"wysija-newsletters-max":{"file":"Sobre-esta-\u00e1rea-se-construir\u00eda-el-Sal\u00f3n-de-la-Fama-del-Deporte-de-Ensenada-600x399.jpg","width":600,"height":399,"mime_type":"image\/jpeg","source_url":"https:\/\/agpnoticias.com\/news\/wp-content\/uploads\/2014\/07\/Sobre-esta-\u00e1rea-se-construir\u00eda-el-Sal\u00f3n-de-la-Fama-del-Deporte-de-Ensenada-600x399.jpg"},"post-thumbnail":{"file":"Sobre-esta-\u00e1rea-se-construir\u00eda-el-Sal\u00f3n-de-la-Fama-del-Deporte-de-Ensenada-300x300.jpg","width":300,"height":300,"mime_type":"image\/jpeg","source_url":"https:\/\/agpnoticias.com\/news\/wp-content\/uploads\/2014\/07\/Sobre-esta-\u00e1rea-se-construir\u00eda-el-Sal\u00f3n-de-la-Fama-del-Deporte-de-Ensenada-300x300.jpg"},"yarpp-thumbnail":{"file":"Sobre-esta-\u00e1rea-se-construir\u00eda-el-Sal\u00f3n-de-la-Fama-del-Deporte-de-Ensenada-120x120.jpg","width":120,"height":120,"mime_type":"image\/jpeg","source_url":"https:\/\/agpnoticias.com\/news\/wp-content\/uploads\/2014\/07\/Sobre-esta-\u00e1rea-se-construir\u00eda-el-Sal\u00f3n-de-la-Fama-del-Deporte-de-Ensenada-120x120.jpg"},"full":{"file":"Sobre-esta-\u00e1rea-se-construir\u00eda-el-Sal\u00f3n-de-la-Fama-del-Deporte-de-Ensenada.jpg","width":800,"height":533,"mime_type":"image\/jpeg","source_url":"https:\/\/agpnoticias.com\/news\/wp-content\/uploads\/2014\/07\/Sobre-esta-\u00e1rea-se-construir\u00eda-el-Sal\u00f3n-de-la-Fama-del-Deporte-de-Ensenada.jpg"}},"image_meta":{"aperture":8,"credit":"","camera":"Canon EOS-1D Mark II","caption":"","created_timestamp":1406630097,"copyright":"","focal_length":"50","iso":"400","shutter_speed":"0.0008","title":""}},"post":857957,"source_url":"https:\/\/agpnoticias.com\/news\/wp-content\/uploads\/2014\/07\/Sobre-esta-\u00e1rea-se-construir\u00eda-el-Sal\u00f3n-de-la-Fama-del-Deporte-de-Ensenada.jpg","_links":{"self":[{"href":"https:\/\/agpnoticias.com\/news\/index.php?rest_route=\/wp\/v2\/media\/857973","targetHints":{"allow":["GET"]}}],"collection":[{"href":"https:\/\/agpnoticias.com\/news\/index.php?rest_route=\/wp\/v2\/media"}],"about":[{"href":"https:\/\/agpnoticias.com\/news\/index.php?rest_route=\/wp\/v2\/types\/attachment"}],"author":[{"embeddable":true,"href":"https:\/\/agpnoticias.com\/news\/index.php?rest_route=\/wp\/v2\/users\/1"}],"replies":[{"embeddable":true,"href":"https:\/\/agpnoticias.com\/news\/index.php?rest_route=%2Fwp%2Fv2%2Fcomments&post=857973"}],"wp:attached-to":[{"embeddable":true,"post_type":"post","id":857957,"href":"https:\/\/agpnoticias.com\/news\/index.php?rest_route=\/wp\/v2\/posts\/857957"}],"curies":[{"name":"wp","href":"https:\/\/api.w.org\/{rel}","templated":true}]}}

http://agpnoticias.com/news/wp-content/uploads/2014/07/Sobre-esta-área-se-construiría-el-Salón-de-la-Fama-del-Deporte-de-Ensenada.jpg

Sobre esta área se construiría el Salón de la Fama del Deporte de Ensenada

<p class="attachment"><a href='https://agpnoticias.com/news/wp-content/uploads/2014/07/Sobre-esta-área-se-construiría-el-Salón-de-la-Fama-del-Deporte-de-Ensenada.jpg'><img loading="lazy" width="320" height="240" src="https://agpnoticias.com/news/wp-content/uploads/2014/07/Sobre-esta-área-se-construiría-el-Salón-de-la-Fama-del-Deporte-de-Ensenada-320x240.jpg" class="attachment-medium size-medium" alt="Sobre esta área se construiría el Salón de la Fama del Deporte de Ensenada" srcset="https://agpnoticias.com/news/wp-content/uploads/2014/07/Sobre-esta-área-se-construiría-el-Salón-de-la-Fama-del-Deporte-de-Ensenada-320x240.jpg 320w, https://agpnoticias.com/news/wp-content/uploads/2014/07/Sobre-esta-área-se-construiría-el-Salón-de-la-Fama-del-Deporte-de-Ensenada-640x480.jpg 640w" sizes="auto, (max-width: 320px) 100vw, 320px" loading="lazy" decoding="async" /></a></p>

<p>Sobre esta área se construiría el Salón de la Fama del Deporte de Ensenada</p>

2014/07/Sobre-esta-área-se-construiría-el-Salón-de-la-Fama-del-Deporte-de-Ensenada.jpg

Sobre-esta-área-se-construiría-el-Salón-de-la-Fama-del-Deporte-de-Ensenada-200x133.jpg

https://agpnoticias.com/news/wp-content/uploads/2014/07/Sobre-esta-área-se-construiría-el-Salón-de-la-Fama-del-Deporte-de-Ensenada-200x133.jpg

Sobre-esta-área-se-construiría-el-Salón-de-la-Fama-del-Deporte-de-Ensenada-320x240.jpg

https://agpnoticias.com/news/wp-content/uploads/2014/07/Sobre-esta-área-se-construiría-el-Salón-de-la-Fama-del-Deporte-de-Ensenada-320x240.jpg

Sobre-esta-área-se-construiría-el-Salón-de-la-Fama-del-Deporte-de-Ensenada-640x480.jpg

https://agpnoticias.com/news/wp-content/uploads/2014/07/Sobre-esta-área-se-construiría-el-Salón-de-la-Fama-del-Deporte-de-Ensenada-640x480.jpg

Sobre-esta-área-se-construiría-el-Salón-de-la-Fama-del-Deporte-de-Ensenada-600x399.jpg

https://agpnoticias.com/news/wp-content/uploads/2014/07/Sobre-esta-área-se-construiría-el-Salón-de-la-Fama-del-Deporte-de-Ensenada-600x399.jpg

Sobre-esta-área-se-construiría-el-Salón-de-la-Fama-del-Deporte-de-Ensenada-300x300.jpg

https://agpnoticias.com/news/wp-content/uploads/2014/07/Sobre-esta-área-se-construiría-el-Salón-de-la-Fama-del-Deporte-de-Ensenada-300x300.jpg

Sobre-esta-área-se-construiría-el-Salón-de-la-Fama-del-Deporte-de-Ensenada-120x120.jpg

https://agpnoticias.com/news/wp-content/uploads/2014/07/Sobre-esta-área-se-construiría-el-Salón-de-la-Fama-del-Deporte-de-Ensenada-120x120.jpg

Sobre-esta-área-se-construiría-el-Salón-de-la-Fama-del-Deporte-de-Ensenada.jpg

https://agpnoticias.com/news/wp-content/uploads/2014/07/Sobre-esta-área-se-construiría-el-Salón-de-la-Fama-del-Deporte-de-Ensenada.jpg
