{"id":860715,"date":"2014-07-30T20:06:21","date_gmt":"2014-07-31T03:06:21","guid":{"rendered":"http:\/\/agpnoticias.com\/news\/wp-content\/uploads\/2014\/07\/C\u00e9sar-Far\u00edas-sali\u00f3-optimista-tras-la-victoria-sobre-Zacatepec.jpg"},"modified":"2014-07-30T20:06:21","modified_gmt":"2014-07-31T03:06:21","slug":"cesar-farias-salio-optimista-tras-la-victoria-sobre-zacatepec","status":"inherit","type":"attachment","link":"https:\/\/agpnoticias.com\/news\/?attachment_id=860715","title":{"rendered":"C\u00e9sar Far\u00edas sali\u00f3 optimista tras la victoria frente a Zacatepec"},"author":1,"featured_media":0,"comment_status":"closed","ping_status":"closed","template":"","meta":[],"class_list":["post-860715","attachment","type-attachment","status-inherit","hentry"],"description":{"rendered":"<p class=\"attachment\"><a href='https:\/\/agpnoticias.com\/news\/wp-content\/uploads\/2014\/07\/C\u00e9sar-Far\u00edas-sali\u00f3-optimista-tras-la-victoria-sobre-Zacatepec.jpg'><img loading=\"lazy\" width=\"320\" height=\"240\" src=\"https:\/\/agpnoticias.com\/news\/wp-content\/uploads\/2014\/07\/C\u00e9sar-Far\u00edas-sali\u00f3-optimista-tras-la-victoria-sobre-Zacatepec-320x240.jpg\" class=\"attachment-medium size-medium\" alt=\"C\u00e9sar Far\u00edas sali\u00f3 optimista tras la victoria frente a Zacatepec\" loading=\"lazy\" decoding=\"async\" \/><\/a><\/p>\n"},"caption":{"rendered":"<p>C\u00e9sar Far\u00edas sali\u00f3 optimista tras la victoria frente a Zacatepec<\/p>\n"},"alt_text":"","media_type":"image","mime_type":"image\/jpeg","media_details":{"width":336,"height":403,"file":"2014\/07\/C\u00e9sar-Far\u00edas-sali\u00f3-optimista-tras-la-victoria-sobre-Zacatepec.jpg","sizes":{"thumbnail":{"file":"C\u00e9sar-Far\u00edas-sali\u00f3-optimista-tras-la-victoria-sobre-Zacatepec-166x200.jpg","width":166,"height":200,"mime_type":"image\/jpeg","source_url":"https:\/\/agpnoticias.com\/news\/wp-content\/uploads\/2014\/07\/C\u00e9sar-Far\u00edas-sali\u00f3-optimista-tras-la-victoria-sobre-Zacatepec-166x200.jpg"},"medium":{"file":"C\u00e9sar-Far\u00edas-sali\u00f3-optimista-tras-la-victoria-sobre-Zacatepec-320x240.jpg","width":320,"height":240,"mime_type":"image\/jpeg","source_url":"https:\/\/agpnoticias.com\/news\/wp-content\/uploads\/2014\/07\/C\u00e9sar-Far\u00edas-sali\u00f3-optimista-tras-la-victoria-sobre-Zacatepec-320x240.jpg"},"post-thumbnail":{"file":"C\u00e9sar-Far\u00edas-sali\u00f3-optimista-tras-la-victoria-sobre-Zacatepec-300x300.jpg","width":300,"height":300,"mime_type":"image\/jpeg","source_url":"https:\/\/agpnoticias.com\/news\/wp-content\/uploads\/2014\/07\/C\u00e9sar-Far\u00edas-sali\u00f3-optimista-tras-la-victoria-sobre-Zacatepec-300x300.jpg"},"yarpp-thumbnail":{"file":"C\u00e9sar-Far\u00edas-sali\u00f3-optimista-tras-la-victoria-sobre-Zacatepec-120x120.jpg","width":120,"height":120,"mime_type":"image\/jpeg","source_url":"https:\/\/agpnoticias.com\/news\/wp-content\/uploads\/2014\/07\/C\u00e9sar-Far\u00edas-sali\u00f3-optimista-tras-la-victoria-sobre-Zacatepec-120x120.jpg"},"full":{"file":"C\u00e9sar-Far\u00edas-sali\u00f3-optimista-tras-la-victoria-sobre-Zacatepec.jpg","width":336,"height":403,"mime_type":"image\/jpeg","source_url":"https:\/\/agpnoticias.com\/news\/wp-content\/uploads\/2014\/07\/C\u00e9sar-Far\u00edas-sali\u00f3-optimista-tras-la-victoria-sobre-Zacatepec.jpg"}},"image_meta":{"aperture":4,"credit":"","camera":"Canon EOS-1D Mark II","caption":"","created_timestamp":1406667495,"copyright":"","focal_length":"200","iso":"1600","shutter_speed":"0.004","title":""}},"post":860631,"source_url":"https:\/\/agpnoticias.com\/news\/wp-content\/uploads\/2014\/07\/C\u00e9sar-Far\u00edas-sali\u00f3-optimista-tras-la-victoria-sobre-Zacatepec.jpg","_links":{"self":[{"href":"https:\/\/agpnoticias.com\/news\/index.php?rest_route=\/wp\/v2\/media\/860715","targetHints":{"allow":["GET"]}}],"collection":[{"href":"https:\/\/agpnoticias.com\/news\/index.php?rest_route=\/wp\/v2\/media"}],"about":[{"href":"https:\/\/agpnoticias.com\/news\/index.php?rest_route=\/wp\/v2\/types\/attachment"}],"author":[{"embeddable":true,"href":"https:\/\/agpnoticias.com\/news\/index.php?rest_route=\/wp\/v2\/users\/1"}],"replies":[{"embeddable":true,"href":"https:\/\/agpnoticias.com\/news\/index.php?rest_route=%2Fwp%2Fv2%2Fcomments&post=860715"}],"wp:attached-to":[{"embeddable":true,"post_type":"post","id":860631,"href":"https:\/\/agpnoticias.com\/news\/index.php?rest_route=\/wp\/v2\/posts\/860631"}],"curies":[{"name":"wp","href":"https:\/\/api.w.org\/{rel}","templated":true}]}}

http://agpnoticias.com/news/wp-content/uploads/2014/07/César-Farías-salió-optimista-tras-la-victoria-sobre-Zacatepec.jpg

César Farías salió optimista tras la victoria frente a Zacatepec

<p class="attachment"><a href='https://agpnoticias.com/news/wp-content/uploads/2014/07/César-Farías-salió-optimista-tras-la-victoria-sobre-Zacatepec.jpg'><img loading="lazy" width="320" height="240" src="https://agpnoticias.com/news/wp-content/uploads/2014/07/César-Farías-salió-optimista-tras-la-victoria-sobre-Zacatepec-320x240.jpg" class="attachment-medium size-medium" alt="César Farías salió optimista tras la victoria frente a Zacatepec" loading="lazy" decoding="async" /></a></p>

<p>César Farías salió optimista tras la victoria frente a Zacatepec</p>

2014/07/César-Farías-salió-optimista-tras-la-victoria-sobre-Zacatepec.jpg

César-Farías-salió-optimista-tras-la-victoria-sobre-Zacatepec-166x200.jpg

https://agpnoticias.com/news/wp-content/uploads/2014/07/César-Farías-salió-optimista-tras-la-victoria-sobre-Zacatepec-166x200.jpg

César-Farías-salió-optimista-tras-la-victoria-sobre-Zacatepec-320x240.jpg

https://agpnoticias.com/news/wp-content/uploads/2014/07/César-Farías-salió-optimista-tras-la-victoria-sobre-Zacatepec-320x240.jpg

César-Farías-salió-optimista-tras-la-victoria-sobre-Zacatepec-300x300.jpg

https://agpnoticias.com/news/wp-content/uploads/2014/07/César-Farías-salió-optimista-tras-la-victoria-sobre-Zacatepec-300x300.jpg

César-Farías-salió-optimista-tras-la-victoria-sobre-Zacatepec-120x120.jpg

https://agpnoticias.com/news/wp-content/uploads/2014/07/César-Farías-salió-optimista-tras-la-victoria-sobre-Zacatepec-120x120.jpg

César-Farías-salió-optimista-tras-la-victoria-sobre-Zacatepec.jpg

https://agpnoticias.com/news/wp-content/uploads/2014/07/César-Farías-salió-optimista-tras-la-victoria-sobre-Zacatepec.jpg
