{"id":24536,"date":"2013-02-25T15:44:04","date_gmt":"2013-02-25T22:44:04","guid":{"rendered":"http:\/\/agpnoticias.com\/news\/wp-content\/uploads\/2013\/02\/Jos\u00e9-\u00c1guila-gerente-de-Marineros-representar\u00e1-a-M\u00e9xico-en-el-mundial-de-Softbol.jpg"},"modified":"2013-02-25T15:44:04","modified_gmt":"2013-02-25T22:44:04","slug":"jose-aguila-gerente-de-marineros-representara-a-mexico-en-el-mundial-de-softbol","status":"inherit","type":"attachment","link":"https:\/\/agpnoticias.com\/news\/gerencia-de-marineros-encargada-su-titular-va-a-un-mundial\/jose-aguila-gerente-de-marineros-representara-a-mexico-en-el-mundial-de-softbol\/","title":{"rendered":"Jos\u00e9 \u00c1guila, gerente de Marineros, representar\u00e1 a M\u00e9xico en el mundial de Softbol"},"author":1,"featured_media":0,"comment_status":"closed","ping_status":"closed","template":"","meta":[],"class_list":["post-24536","attachment","type-attachment","status-inherit","hentry"],"description":{"rendered":"<p class=\"attachment\"><a href='https:\/\/agpnoticias.com\/news\/wp-content\/uploads\/2013\/02\/Jos\u00e9-\u00c1guila-gerente-de-Marineros-representar\u00e1-a-M\u00e9xico-en-el-mundial-de-Softbol.jpg'><img loading=\"lazy\" width=\"320\" height=\"240\" src=\"https:\/\/agpnoticias.com\/news\/wp-content\/uploads\/2013\/02\/Jos\u00e9-\u00c1guila-gerente-de-Marineros-representar\u00e1-a-M\u00e9xico-en-el-mundial-de-Softbol-320x240.jpg\" class=\"attachment-medium size-medium\" alt=\"Jos\u00e9 \u00c1guila, gerente de Marineros, representar\u00e1 a M\u00e9xico en el mundial de Softbol\" loading=\"lazy\" decoding=\"async\" \/><\/a><\/p>\n"},"caption":{"rendered":"<p>Jos\u00e9 \u00c1guila, gerente de Marineros, representar\u00e1 a M\u00e9xico en el mundial de Softbol<\/p>\n"},"alt_text":"","media_type":"image","mime_type":"image\/jpeg","media_details":{"width":640,"height":427,"file":"2013\/02\/Jos\u00e9-\u00c1guila-gerente-de-Marineros-representar\u00e1-a-M\u00e9xico-en-el-mundial-de-Softbol.jpg","sizes":{"thumbnail":{"file":"Jos\u00e9-\u00c1guila-gerente-de-Marineros-representar\u00e1-a-M\u00e9xico-en-el-mundial-de-Softbol-200x133.jpg","width":200,"height":133,"mime_type":"image\/jpeg","source_url":"https:\/\/agpnoticias.com\/news\/wp-content\/uploads\/2013\/02\/Jos\u00e9-\u00c1guila-gerente-de-Marineros-representar\u00e1-a-M\u00e9xico-en-el-mundial-de-Softbol-200x133.jpg"},"medium":{"file":"Jos\u00e9-\u00c1guila-gerente-de-Marineros-representar\u00e1-a-M\u00e9xico-en-el-mundial-de-Softbol-320x240.jpg","width":320,"height":240,"mime_type":"image\/jpeg","source_url":"https:\/\/agpnoticias.com\/news\/wp-content\/uploads\/2013\/02\/Jos\u00e9-\u00c1guila-gerente-de-Marineros-representar\u00e1-a-M\u00e9xico-en-el-mundial-de-Softbol-320x240.jpg"},"post-thumbnail":{"file":"Jos\u00e9-\u00c1guila-gerente-de-Marineros-representar\u00e1-a-M\u00e9xico-en-el-mundial-de-Softbol-50x50.jpg","width":50,"height":50,"mime_type":"image\/jpeg","source_url":"https:\/\/agpnoticias.com\/news\/wp-content\/uploads\/2013\/02\/Jos\u00e9-\u00c1guila-gerente-de-Marineros-representar\u00e1-a-M\u00e9xico-en-el-mundial-de-Softbol-50x50.jpg"},"full":{"file":"Jos\u00e9-\u00c1guila-gerente-de-Marineros-representar\u00e1-a-M\u00e9xico-en-el-mundial-de-Softbol.jpg","width":640,"height":427,"mime_type":"image\/jpeg","source_url":"https:\/\/agpnoticias.com\/news\/wp-content\/uploads\/2013\/02\/Jos\u00e9-\u00c1guila-gerente-de-Marineros-representar\u00e1-a-M\u00e9xico-en-el-mundial-de-Softbol.jpg"}},"image_meta":{"aperture":4,"credit":"","camera":"Canon EOS-1D Mark II","caption":"","created_timestamp":1361792144,"copyright":"","focal_length":"109","iso":"1600","shutter_speed":"0.0005","title":""}},"post":24535,"source_url":"https:\/\/agpnoticias.com\/news\/wp-content\/uploads\/2013\/02\/Jos\u00e9-\u00c1guila-gerente-de-Marineros-representar\u00e1-a-M\u00e9xico-en-el-mundial-de-Softbol.jpg","filename":"Jos\u00e9-\u00c1guila-gerente-de-Marineros-representar\u00e1-a-M\u00e9xico-en-el-mundial-de-Softbol.jpg","filesize":null,"_links":{"self":[{"href":"https:\/\/agpnoticias.com\/news\/wp-json\/wp\/v2\/media\/24536","targetHints":{"allow":["GET"]}}],"collection":[{"href":"https:\/\/agpnoticias.com\/news\/wp-json\/wp\/v2\/media"}],"about":[{"href":"https:\/\/agpnoticias.com\/news\/wp-json\/wp\/v2\/types\/attachment"}],"author":[{"embeddable":true,"href":"https:\/\/agpnoticias.com\/news\/wp-json\/wp\/v2\/users\/1"}],"replies":[{"embeddable":true,"href":"https:\/\/agpnoticias.com\/news\/wp-json\/wp\/v2\/comments?post=24536"}],"wp:attached-to":[{"embeddable":true,"post_type":"post","id":24535,"href":"https:\/\/agpnoticias.com\/news\/wp-json\/wp\/v2\/posts\/24535"}],"curies":[{"name":"wp","href":"https:\/\/api.w.org\/{rel}","templated":true}]}}

http://agpnoticias.com/news/wp-content/uploads/2013/02/José-Águila-gerente-de-Marineros-representará-a-México-en-el-mundial-de-Softbol.jpg

José Águila, gerente de Marineros, representará a México en el mundial de Softbol

<p class="attachment"><a href='https://agpnoticias.com/news/wp-content/uploads/2013/02/José-Águila-gerente-de-Marineros-representará-a-México-en-el-mundial-de-Softbol.jpg'><img loading="lazy" width="320" height="240" src="https://agpnoticias.com/news/wp-content/uploads/2013/02/José-Águila-gerente-de-Marineros-representará-a-México-en-el-mundial-de-Softbol-320x240.jpg" class="attachment-medium size-medium" alt="José Águila, gerente de Marineros, representará a México en el mundial de Softbol" loading="lazy" decoding="async" /></a></p>

<p>José Águila, gerente de Marineros, representará a México en el mundial de Softbol</p>

2013/02/José-Águila-gerente-de-Marineros-representará-a-México-en-el-mundial-de-Softbol.jpg

José-Águila-gerente-de-Marineros-representará-a-México-en-el-mundial-de-Softbol-200x133.jpg

https://agpnoticias.com/news/wp-content/uploads/2013/02/José-Águila-gerente-de-Marineros-representará-a-México-en-el-mundial-de-Softbol-200x133.jpg

José-Águila-gerente-de-Marineros-representará-a-México-en-el-mundial-de-Softbol-320x240.jpg

https://agpnoticias.com/news/wp-content/uploads/2013/02/José-Águila-gerente-de-Marineros-representará-a-México-en-el-mundial-de-Softbol-320x240.jpg

José-Águila-gerente-de-Marineros-representará-a-México-en-el-mundial-de-Softbol-50x50.jpg

https://agpnoticias.com/news/wp-content/uploads/2013/02/José-Águila-gerente-de-Marineros-representará-a-México-en-el-mundial-de-Softbol-50x50.jpg

José-Águila-gerente-de-Marineros-representará-a-México-en-el-mundial-de-Softbol.jpg

https://agpnoticias.com/news/wp-content/uploads/2013/02/José-Águila-gerente-de-Marineros-representará-a-México-en-el-mundial-de-Softbol.jpg
