{"id":24901,"date":"2013-03-03T18:36:47","date_gmt":"2013-03-04T01:36:47","guid":{"rendered":"http:\/\/agpnoticias.com\/news\/wp-content\/uploads\/2013\/03\/El-pelotero-tijuanense-record\u00f3-sus-inicios-como-seleccionado-bajo-las-\u00f3rdenes-de-Alberto-Mancilla.jpg"},"modified":"2013-03-03T18:36:47","modified_gmt":"2013-03-04T01:36:47","slug":"el-pelotero-tijuanense-recordo-sus-inicios-como-seleccionado-bajo-las-ordenes-de-alberto-mancilla","status":"inherit","type":"attachment","link":"https:\/\/agpnoticias.com\/news\/cumple-issmael-par-de-deseos\/el-pelotero-tijuanense-recordo-sus-inicios-como-seleccionado-bajo-las-ordenes-de-alberto-mancilla\/","title":{"rendered":"El pelotero tijuanense record\u00f3 sus inicios como seleccionado bajo las \u00f3rdenes de Alberto Mancilla"},"author":1,"featured_media":0,"comment_status":"closed","ping_status":"closed","template":"","meta":[],"class_list":["post-24901","attachment","type-attachment","status-inherit","hentry"],"description":{"rendered":"<p class=\"attachment\"><a href='https:\/\/agpnoticias.com\/news\/wp-content\/uploads\/2013\/03\/El-pelotero-tijuanense-record\u00f3-sus-inicios-como-seleccionado-bajo-las-\u00f3rdenes-de-Alberto-Mancilla.jpg'><img loading=\"lazy\" width=\"320\" height=\"240\" src=\"https:\/\/agpnoticias.com\/news\/wp-content\/uploads\/2013\/03\/El-pelotero-tijuanense-record\u00f3-sus-inicios-como-seleccionado-bajo-las-\u00f3rdenes-de-Alberto-Mancilla-320x240.jpg\" class=\"attachment-medium size-medium\" alt=\"El pelotero tijuanense record\u00f3 sus inicios como seleccionado bajo las \u00f3rdenes de Alberto Mancilla\" loading=\"lazy\" decoding=\"async\" \/><\/a><\/p>\n"},"caption":{"rendered":"<p>El pelotero tijuanense record\u00f3 sus inicios como seleccionado bajo las \u00f3rdenes de Alberto Mancilla<\/p>\n"},"alt_text":"","media_type":"image","mime_type":"image\/jpeg","media_details":{"width":640,"height":399,"file":"2013\/03\/El-pelotero-tijuanense-record\u00f3-sus-inicios-como-seleccionado-bajo-las-\u00f3rdenes-de-Alberto-Mancilla.jpg","sizes":{"thumbnail":{"file":"El-pelotero-tijuanense-record\u00f3-sus-inicios-como-seleccionado-bajo-las-\u00f3rdenes-de-Alberto-Mancilla-200x124.jpg","width":200,"height":124,"mime_type":"image\/jpeg","source_url":"https:\/\/agpnoticias.com\/news\/wp-content\/uploads\/2013\/03\/El-pelotero-tijuanense-record\u00f3-sus-inicios-como-seleccionado-bajo-las-\u00f3rdenes-de-Alberto-Mancilla-200x124.jpg"},"medium":{"file":"El-pelotero-tijuanense-record\u00f3-sus-inicios-como-seleccionado-bajo-las-\u00f3rdenes-de-Alberto-Mancilla-320x240.jpg","width":320,"height":240,"mime_type":"image\/jpeg","source_url":"https:\/\/agpnoticias.com\/news\/wp-content\/uploads\/2013\/03\/El-pelotero-tijuanense-record\u00f3-sus-inicios-como-seleccionado-bajo-las-\u00f3rdenes-de-Alberto-Mancilla-320x240.jpg"},"post-thumbnail":{"file":"El-pelotero-tijuanense-record\u00f3-sus-inicios-como-seleccionado-bajo-las-\u00f3rdenes-de-Alberto-Mancilla-50x50.jpg","width":50,"height":50,"mime_type":"image\/jpeg","source_url":"https:\/\/agpnoticias.com\/news\/wp-content\/uploads\/2013\/03\/El-pelotero-tijuanense-record\u00f3-sus-inicios-como-seleccionado-bajo-las-\u00f3rdenes-de-Alberto-Mancilla-50x50.jpg"},"full":{"file":"El-pelotero-tijuanense-record\u00f3-sus-inicios-como-seleccionado-bajo-las-\u00f3rdenes-de-Alberto-Mancilla.jpg","width":640,"height":399,"mime_type":"image\/jpeg","source_url":"https:\/\/agpnoticias.com\/news\/wp-content\/uploads\/2013\/03\/El-pelotero-tijuanense-record\u00f3-sus-inicios-como-seleccionado-bajo-las-\u00f3rdenes-de-Alberto-Mancilla.jpg"}},"image_meta":{"aperture":0,"credit":"","camera":"","caption":"","created_timestamp":0,"copyright":"","focal_length":0,"iso":0,"shutter_speed":0,"title":""}},"post":24900,"source_url":"https:\/\/agpnoticias.com\/news\/wp-content\/uploads\/2013\/03\/El-pelotero-tijuanense-record\u00f3-sus-inicios-como-seleccionado-bajo-las-\u00f3rdenes-de-Alberto-Mancilla.jpg","filename":"El-pelotero-tijuanense-record\u00f3-sus-inicios-como-seleccionado-bajo-las-\u00f3rdenes-de-Alberto-Mancilla.jpg","filesize":null,"_links":{"self":[{"href":"https:\/\/agpnoticias.com\/news\/wp-json\/wp\/v2\/media\/24901","targetHints":{"allow":["GET"]}}],"collection":[{"href":"https:\/\/agpnoticias.com\/news\/wp-json\/wp\/v2\/media"}],"about":[{"href":"https:\/\/agpnoticias.com\/news\/wp-json\/wp\/v2\/types\/attachment"}],"author":[{"embeddable":true,"href":"https:\/\/agpnoticias.com\/news\/wp-json\/wp\/v2\/users\/1"}],"replies":[{"embeddable":true,"href":"https:\/\/agpnoticias.com\/news\/wp-json\/wp\/v2\/comments?post=24901"}],"wp:attached-to":[{"embeddable":true,"post_type":"post","id":24900,"href":"https:\/\/agpnoticias.com\/news\/wp-json\/wp\/v2\/posts\/24900"}],"curies":[{"name":"wp","href":"https:\/\/api.w.org\/{rel}","templated":true}]}}

http://agpnoticias.com/news/wp-content/uploads/2013/03/El-pelotero-tijuanense-recordó-sus-inicios-como-seleccionado-bajo-las-órdenes-de-Alberto-Mancilla.jpg

El pelotero tijuanense recordó sus inicios como seleccionado bajo las órdenes de Alberto Mancilla

<p class="attachment"><a href='https://agpnoticias.com/news/wp-content/uploads/2013/03/El-pelotero-tijuanense-recordó-sus-inicios-como-seleccionado-bajo-las-órdenes-de-Alberto-Mancilla.jpg'><img loading="lazy" width="320" height="240" src="https://agpnoticias.com/news/wp-content/uploads/2013/03/El-pelotero-tijuanense-recordó-sus-inicios-como-seleccionado-bajo-las-órdenes-de-Alberto-Mancilla-320x240.jpg" class="attachment-medium size-medium" alt="El pelotero tijuanense recordó sus inicios como seleccionado bajo las órdenes de Alberto Mancilla" loading="lazy" decoding="async" /></a></p>

<p>El pelotero tijuanense recordó sus inicios como seleccionado bajo las órdenes de Alberto Mancilla</p>

2013/03/El-pelotero-tijuanense-recordó-sus-inicios-como-seleccionado-bajo-las-órdenes-de-Alberto-Mancilla.jpg

El-pelotero-tijuanense-recordó-sus-inicios-como-seleccionado-bajo-las-órdenes-de-Alberto-Mancilla-200x124.jpg

https://agpnoticias.com/news/wp-content/uploads/2013/03/El-pelotero-tijuanense-recordó-sus-inicios-como-seleccionado-bajo-las-órdenes-de-Alberto-Mancilla-200x124.jpg

El-pelotero-tijuanense-recordó-sus-inicios-como-seleccionado-bajo-las-órdenes-de-Alberto-Mancilla-320x240.jpg

https://agpnoticias.com/news/wp-content/uploads/2013/03/El-pelotero-tijuanense-recordó-sus-inicios-como-seleccionado-bajo-las-órdenes-de-Alberto-Mancilla-320x240.jpg

El-pelotero-tijuanense-recordó-sus-inicios-como-seleccionado-bajo-las-órdenes-de-Alberto-Mancilla-50x50.jpg

https://agpnoticias.com/news/wp-content/uploads/2013/03/El-pelotero-tijuanense-recordó-sus-inicios-como-seleccionado-bajo-las-órdenes-de-Alberto-Mancilla-50x50.jpg

El-pelotero-tijuanense-recordó-sus-inicios-como-seleccionado-bajo-las-órdenes-de-Alberto-Mancilla.jpg

https://agpnoticias.com/news/wp-content/uploads/2013/03/El-pelotero-tijuanense-recordó-sus-inicios-como-seleccionado-bajo-las-órdenes-de-Alberto-Mancilla.jpg
