{"id":24961,"date":"2013-03-04T20:09:08","date_gmt":"2013-03-05T03:09:08","guid":{"rendered":"http:\/\/agpnoticias.com\/news\/wp-content\/uploads\/2013\/03\/PABLO-ALEJO.jpg"},"modified":"2013-03-04T20:09:08","modified_gmt":"2013-03-05T03:09:08","slug":"sony-dsc-538","status":"inherit","type":"attachment","link":"https:\/\/agpnoticias.com\/news\/mas-de-2-mdp-para-dignificacion-de-vivienda-en-baja-california\/sony-dsc-538\/","title":{"rendered":"Desarrollo Social"},"author":1,"featured_media":0,"comment_status":"closed","ping_status":"closed","template":"","meta":[],"class_list":["post-24961","attachment","type-attachment","status-inherit","hentry"],"description":{"rendered":"<p class=\"attachment\"><a href='https:\/\/agpnoticias.com\/news\/wp-content\/uploads\/2013\/03\/PABLO-ALEJO.jpg'><img loading=\"lazy\" width=\"320\" height=\"240\" src=\"https:\/\/agpnoticias.com\/news\/wp-content\/uploads\/2013\/03\/PABLO-ALEJO-320x240.jpg\" class=\"attachment-medium size-medium\" alt=\"Desarrollo Social\" loading=\"lazy\" decoding=\"async\" \/><\/a><\/p>\n"},"caption":{"rendered":"<p>L\u00f3pez N\u00fa\u00f1ez, anunci\u00f3 m\u00e1s de 2 millones de pesos para el programa Dignificaci\u00f3n de Vivienda.<\/p>\n"},"alt_text":"","media_type":"image","mime_type":"image\/jpeg","media_details":{"width":640,"height":422,"file":"2013\/03\/PABLO-ALEJO.jpg","sizes":{"thumbnail":{"file":"PABLO-ALEJO-200x131.jpg","width":200,"height":131,"mime_type":"image\/jpeg","source_url":"https:\/\/agpnoticias.com\/news\/wp-content\/uploads\/2013\/03\/PABLO-ALEJO-200x131.jpg"},"medium":{"file":"PABLO-ALEJO-320x240.jpg","width":320,"height":240,"mime_type":"image\/jpeg","source_url":"https:\/\/agpnoticias.com\/news\/wp-content\/uploads\/2013\/03\/PABLO-ALEJO-320x240.jpg"},"post-thumbnail":{"file":"PABLO-ALEJO-50x50.jpg","width":50,"height":50,"mime_type":"image\/jpeg","source_url":"https:\/\/agpnoticias.com\/news\/wp-content\/uploads\/2013\/03\/PABLO-ALEJO-50x50.jpg"},"full":{"file":"PABLO-ALEJO.jpg","width":640,"height":422,"mime_type":"image\/jpeg","source_url":"https:\/\/agpnoticias.com\/news\/wp-content\/uploads\/2013\/03\/PABLO-ALEJO.jpg"}},"image_meta":{"aperture":3.5,"credit":"","camera":"NEX-C3","caption":"","created_timestamp":1329493984,"copyright":"","focal_length":"18","iso":"1600","shutter_speed":"0.01","title":"SONY DSC"}},"post":24955,"source_url":"https:\/\/agpnoticias.com\/news\/wp-content\/uploads\/2013\/03\/PABLO-ALEJO.jpg","filename":"PABLO-ALEJO.jpg","filesize":null,"_links":{"self":[{"href":"https:\/\/agpnoticias.com\/news\/wp-json\/wp\/v2\/media\/24961","targetHints":{"allow":["GET"]}}],"collection":[{"href":"https:\/\/agpnoticias.com\/news\/wp-json\/wp\/v2\/media"}],"about":[{"href":"https:\/\/agpnoticias.com\/news\/wp-json\/wp\/v2\/types\/attachment"}],"author":[{"embeddable":true,"href":"https:\/\/agpnoticias.com\/news\/wp-json\/wp\/v2\/users\/1"}],"replies":[{"embeddable":true,"href":"https:\/\/agpnoticias.com\/news\/wp-json\/wp\/v2\/comments?post=24961"}],"wp:attached-to":[{"embeddable":true,"post_type":"post","id":24955,"href":"https:\/\/agpnoticias.com\/news\/wp-json\/wp\/v2\/posts\/24955"}],"curies":[{"name":"wp","href":"https:\/\/api.w.org\/{rel}","templated":true}]}}

<p>López Núñez, anunció más de 2 millones de pesos para el programa Dignificación de Vivienda.</p>
