{"id":27551,"date":"2013-04-25T21:03:59","date_gmt":"2013-04-26T04:03:59","guid":{"rendered":"http:\/\/agpnoticias.com\/news\/wp-content\/uploads\/2013\/04\/La-selecci\u00f3n-juvenil-mayor-super\u00f3-a-Colima.jpg"},"modified":"2013-04-25T21:03:59","modified_gmt":"2013-04-26T04:03:59","slug":"la-seleccion-juvenil-mayor-supero-a-colima","status":"inherit","type":"attachment","link":"https:\/\/agpnoticias.com\/news\/victorias-de-baja-en-inicio-de-la-olimpiada-nacional\/la-seleccion-juvenil-mayor-supero-a-colima\/","title":{"rendered":"La selecci\u00f3n juvenil mayor super\u00f3 a Colima"},"author":1,"featured_media":0,"comment_status":"closed","ping_status":"closed","template":"","meta":[],"class_list":["post-27551","attachment","type-attachment","status-inherit","hentry"],"description":{"rendered":"<p class=\"attachment\"><a href='https:\/\/agpnoticias.com\/news\/wp-content\/uploads\/2013\/04\/La-selecci\u00f3n-juvenil-mayor-super\u00f3-a-Colima.jpg'><img loading=\"lazy\" width=\"320\" height=\"240\" src=\"https:\/\/agpnoticias.com\/news\/wp-content\/uploads\/2013\/04\/La-selecci\u00f3n-juvenil-mayor-super\u00f3-a-Colima-320x240.jpg\" class=\"attachment-medium size-medium\" alt=\"La selecci\u00f3n juvenil mayor super\u00f3 a Colima\" srcset=\"https:\/\/agpnoticias.com\/news\/wp-content\/uploads\/2013\/04\/La-selecci\u00f3n-juvenil-mayor-super\u00f3-a-Colima-320x240.jpg 320w, https:\/\/agpnoticias.com\/news\/wp-content\/uploads\/2013\/04\/La-selecci\u00f3n-juvenil-mayor-super\u00f3-a-Colima-640x480.jpg 640w\" sizes=\"auto, (max-width: 320px) 100vw, 320px\" loading=\"lazy\" decoding=\"async\" \/><\/a><\/p>\n"},"caption":{"rendered":"<p>La selecci\u00f3n juvenil mayor super\u00f3 a Colima<\/p>\n"},"alt_text":"","media_type":"image","mime_type":"image\/jpeg","media_details":{"width":800,"height":576,"file":"2013\/04\/La-selecci\u00f3n-juvenil-mayor-super\u00f3-a-Colima.jpg","sizes":{"thumbnail":{"file":"La-selecci\u00f3n-juvenil-mayor-super\u00f3-a-Colima-200x144.jpg","width":200,"height":144,"mime_type":"image\/jpeg","source_url":"https:\/\/agpnoticias.com\/news\/wp-content\/uploads\/2013\/04\/La-selecci\u00f3n-juvenil-mayor-super\u00f3-a-Colima-200x144.jpg"},"medium":{"file":"La-selecci\u00f3n-juvenil-mayor-super\u00f3-a-Colima-320x240.jpg","width":320,"height":240,"mime_type":"image\/jpeg","source_url":"https:\/\/agpnoticias.com\/news\/wp-content\/uploads\/2013\/04\/La-selecci\u00f3n-juvenil-mayor-super\u00f3-a-Colima-320x240.jpg"},"large":{"file":"La-selecci\u00f3n-juvenil-mayor-super\u00f3-a-Colima-640x480.jpg","width":640,"height":480,"mime_type":"image\/jpeg","source_url":"https:\/\/agpnoticias.com\/news\/wp-content\/uploads\/2013\/04\/La-selecci\u00f3n-juvenil-mayor-super\u00f3-a-Colima-640x480.jpg"},"post-thumbnail":{"file":"La-selecci\u00f3n-juvenil-mayor-super\u00f3-a-Colima-50x50.jpg","width":50,"height":50,"mime_type":"image\/jpeg","source_url":"https:\/\/agpnoticias.com\/news\/wp-content\/uploads\/2013\/04\/La-selecci\u00f3n-juvenil-mayor-super\u00f3-a-Colima-50x50.jpg"},"full":{"file":"La-selecci\u00f3n-juvenil-mayor-super\u00f3-a-Colima.jpg","width":800,"height":576,"mime_type":"image\/jpeg","source_url":"https:\/\/agpnoticias.com\/news\/wp-content\/uploads\/2013\/04\/La-selecci\u00f3n-juvenil-mayor-super\u00f3-a-Colima.jpg"}},"image_meta":{"aperture":2.8,"credit":"","camera":"Canon EOS-1D Mark IV","caption":"","created_timestamp":1366889513,"copyright":"","focal_length":"200","iso":"2000","shutter_speed":"0.002","title":""}},"post":27550,"source_url":"https:\/\/agpnoticias.com\/news\/wp-content\/uploads\/2013\/04\/La-selecci\u00f3n-juvenil-mayor-super\u00f3-a-Colima.jpg","filename":"La-selecci\u00f3n-juvenil-mayor-super\u00f3-a-Colima.jpg","filesize":null,"_links":{"self":[{"href":"https:\/\/agpnoticias.com\/news\/wp-json\/wp\/v2\/media\/27551","targetHints":{"allow":["GET"]}}],"collection":[{"href":"https:\/\/agpnoticias.com\/news\/wp-json\/wp\/v2\/media"}],"about":[{"href":"https:\/\/agpnoticias.com\/news\/wp-json\/wp\/v2\/types\/attachment"}],"author":[{"embeddable":true,"href":"https:\/\/agpnoticias.com\/news\/wp-json\/wp\/v2\/users\/1"}],"replies":[{"embeddable":true,"href":"https:\/\/agpnoticias.com\/news\/wp-json\/wp\/v2\/comments?post=27551"}],"wp:attached-to":[{"embeddable":true,"post_type":"post","id":27550,"href":"https:\/\/agpnoticias.com\/news\/wp-json\/wp\/v2\/posts\/27550"}],"curies":[{"name":"wp","href":"https:\/\/api.w.org\/{rel}","templated":true}]}}

http://agpnoticias.com/news/wp-content/uploads/2013/04/La-selección-juvenil-mayor-superó-a-Colima.jpg

La selección juvenil mayor superó a Colima

<p class="attachment"><a href='https://agpnoticias.com/news/wp-content/uploads/2013/04/La-selección-juvenil-mayor-superó-a-Colima.jpg'><img loading="lazy" width="320" height="240" src="https://agpnoticias.com/news/wp-content/uploads/2013/04/La-selección-juvenil-mayor-superó-a-Colima-320x240.jpg" class="attachment-medium size-medium" alt="La selección juvenil mayor superó a Colima" srcset="https://agpnoticias.com/news/wp-content/uploads/2013/04/La-selección-juvenil-mayor-superó-a-Colima-320x240.jpg 320w, https://agpnoticias.com/news/wp-content/uploads/2013/04/La-selección-juvenil-mayor-superó-a-Colima-640x480.jpg 640w" sizes="auto, (max-width: 320px) 100vw, 320px" loading="lazy" decoding="async" /></a></p>

<p>La selección juvenil mayor superó a Colima</p>

2013/04/La-selección-juvenil-mayor-superó-a-Colima.jpg

La-selección-juvenil-mayor-superó-a-Colima-200x144.jpg

https://agpnoticias.com/news/wp-content/uploads/2013/04/La-selección-juvenil-mayor-superó-a-Colima-200x144.jpg

La-selección-juvenil-mayor-superó-a-Colima-320x240.jpg

https://agpnoticias.com/news/wp-content/uploads/2013/04/La-selección-juvenil-mayor-superó-a-Colima-320x240.jpg

La-selección-juvenil-mayor-superó-a-Colima-640x480.jpg

https://agpnoticias.com/news/wp-content/uploads/2013/04/La-selección-juvenil-mayor-superó-a-Colima-640x480.jpg

La-selección-juvenil-mayor-superó-a-Colima-50x50.jpg

https://agpnoticias.com/news/wp-content/uploads/2013/04/La-selección-juvenil-mayor-superó-a-Colima-50x50.jpg

La-selección-juvenil-mayor-superó-a-Colima.jpg

https://agpnoticias.com/news/wp-content/uploads/2013/04/La-selección-juvenil-mayor-superó-a-Colima.jpg
