{"id":2844389,"date":"2015-06-21T00:49:08","date_gmt":"2015-06-21T07:49:08","guid":{"rendered":"http:\/\/agpnoticias.com\/news\/wp-content\/uploads\/2015\/06\/Los-Toros-perdieron-el-s\u00e1bado-y-buscar\u00e1n-el-domingo-el-triunfo-que-les-d\u00e9-la-serie1.jpg"},"modified":"2015-06-21T00:49:24","modified_gmt":"2015-06-21T07:49:24","slug":"los-toros-perdieron-el-sabado-y-buscaran-el-domingo-el-triunfo-que-les-de-la-serie-2","status":"inherit","type":"attachment","link":"https:\/\/agpnoticias.com\/news\/emparejan-serie-los-delfines\/los-toros-perdieron-el-sabado-y-buscaran-el-domingo-el-triunfo-que-les-de-la-serie-2\/","title":{"rendered":"Los Toros perdieron el s\u00e1bado y buscar\u00e1n el domingo el triunfo que les d\u00e9 la serie"},"author":1,"featured_media":0,"comment_status":"closed","ping_status":"closed","template":"","meta":[],"class_list":["post-2844389","attachment","type-attachment","status-inherit","hentry"],"description":{"rendered":"<p class=\"attachment\"><a href='https:\/\/agpnoticias.com\/news\/wp-content\/uploads\/2015\/06\/Los-Toros-perdieron-el-s\u00e1bado-y-buscar\u00e1n-el-domingo-el-triunfo-que-les-d\u00e9-la-serie1-e1434872972483.jpg'><img loading=\"lazy\" width=\"320\" height=\"240\" src=\"https:\/\/agpnoticias.com\/news\/wp-content\/uploads\/2015\/06\/Los-Toros-perdieron-el-s\u00e1bado-y-buscar\u00e1n-el-domingo-el-triunfo-que-les-d\u00e9-la-serie1-320x240.jpg\" class=\"attachment-medium size-medium\" alt=\"Los Toros perdieron el s\u00e1bado y buscar\u00e1n el domingo el triunfo que les d\u00e9 la serie\" loading=\"lazy\" decoding=\"async\" \/><\/a><\/p>\n"},"caption":{"rendered":"<p>Los Toros perdieron el s\u00e1bado y buscar\u00e1n el domingo el triunfo que les d\u00e9 la serie<\/p>\n"},"alt_text":"","media_type":"image","mime_type":"image\/jpeg","media_details":{"width":440,"height":264,"file":"2015\/06\/Los-Toros-perdieron-el-s\u00e1bado-y-buscar\u00e1n-el-domingo-el-triunfo-que-les-d\u00e9-la-serie1-e1434872972483.jpg","sizes":{"thumbnail":{"file":"Los-Toros-perdieron-el-s\u00e1bado-y-buscar\u00e1n-el-domingo-el-triunfo-que-les-d\u00e9-la-serie1-200x120.jpg","width":200,"height":120,"mime_type":"image\/jpeg","source_url":"https:\/\/agpnoticias.com\/news\/wp-content\/uploads\/2015\/06\/Los-Toros-perdieron-el-s\u00e1bado-y-buscar\u00e1n-el-domingo-el-triunfo-que-les-d\u00e9-la-serie1-200x120.jpg"},"medium":{"file":"Los-Toros-perdieron-el-s\u00e1bado-y-buscar\u00e1n-el-domingo-el-triunfo-que-les-d\u00e9-la-serie1-320x240.jpg","width":320,"height":240,"mime_type":"image\/jpeg","source_url":"https:\/\/agpnoticias.com\/news\/wp-content\/uploads\/2015\/06\/Los-Toros-perdieron-el-s\u00e1bado-y-buscar\u00e1n-el-domingo-el-triunfo-que-les-d\u00e9-la-serie1-320x240.jpg"},"wysija-newsletters-max":{"file":"Los-Toros-perdieron-el-s\u00e1bado-y-buscar\u00e1n-el-domingo-el-triunfo-que-les-d\u00e9-la-serie1-600x360.jpg","width":600,"height":360,"mime_type":"image\/jpeg","source_url":"https:\/\/agpnoticias.com\/news\/wp-content\/uploads\/2015\/06\/Los-Toros-perdieron-el-s\u00e1bado-y-buscar\u00e1n-el-domingo-el-triunfo-que-les-d\u00e9-la-serie1-600x360.jpg"},"post-thumbnail":{"file":"Los-Toros-perdieron-el-s\u00e1bado-y-buscar\u00e1n-el-domingo-el-triunfo-que-les-d\u00e9-la-serie1-300x300.jpg","width":300,"height":300,"mime_type":"image\/jpeg","source_url":"https:\/\/agpnoticias.com\/news\/wp-content\/uploads\/2015\/06\/Los-Toros-perdieron-el-s\u00e1bado-y-buscar\u00e1n-el-domingo-el-triunfo-que-les-d\u00e9-la-serie1-300x300.jpg"},"yarpp-thumbnail":{"file":"Los-Toros-perdieron-el-s\u00e1bado-y-buscar\u00e1n-el-domingo-el-triunfo-que-les-d\u00e9-la-serie1-120x120.jpg","width":120,"height":120,"mime_type":"image\/jpeg","source_url":"https:\/\/agpnoticias.com\/news\/wp-content\/uploads\/2015\/06\/Los-Toros-perdieron-el-s\u00e1bado-y-buscar\u00e1n-el-domingo-el-triunfo-que-les-d\u00e9-la-serie1-120x120.jpg"},"full":{"file":"Los-Toros-perdieron-el-s\u00e1bado-y-buscar\u00e1n-el-domingo-el-triunfo-que-les-d\u00e9-la-serie1-e1434872972483.jpg","width":440,"height":264,"mime_type":"image\/jpeg","source_url":"https:\/\/agpnoticias.com\/news\/wp-content\/uploads\/2015\/06\/Los-Toros-perdieron-el-s\u00e1bado-y-buscar\u00e1n-el-domingo-el-triunfo-que-les-d\u00e9-la-serie1-e1434872972483.jpg"}},"image_meta":{"aperture":0,"credit":"","camera":"","caption":"","created_timestamp":0,"copyright":"","focal_length":0,"iso":0,"shutter_speed":0,"title":"","orientation":1}},"post":2844387,"source_url":"https:\/\/agpnoticias.com\/news\/wp-content\/uploads\/2015\/06\/Los-Toros-perdieron-el-s\u00e1bado-y-buscar\u00e1n-el-domingo-el-triunfo-que-les-d\u00e9-la-serie1-e1434872972483.jpg","filename":"Los-Toros-perdieron-el-s\u00e1bado-y-buscar\u00e1n-el-domingo-el-triunfo-que-les-d\u00e9-la-serie1-e1434872972483.jpg","filesize":null,"_links":{"self":[{"href":"https:\/\/agpnoticias.com\/news\/wp-json\/wp\/v2\/media\/2844389","targetHints":{"allow":["GET"]}}],"collection":[{"href":"https:\/\/agpnoticias.com\/news\/wp-json\/wp\/v2\/media"}],"about":[{"href":"https:\/\/agpnoticias.com\/news\/wp-json\/wp\/v2\/types\/attachment"}],"author":[{"embeddable":true,"href":"https:\/\/agpnoticias.com\/news\/wp-json\/wp\/v2\/users\/1"}],"replies":[{"embeddable":true,"href":"https:\/\/agpnoticias.com\/news\/wp-json\/wp\/v2\/comments?post=2844389"}],"wp:attached-to":[{"embeddable":true,"post_type":"post","id":2844387,"href":"https:\/\/agpnoticias.com\/news\/wp-json\/wp\/v2\/posts\/2844387"}],"curies":[{"name":"wp","href":"https:\/\/api.w.org\/{rel}","templated":true}]}}

http://agpnoticias.com/news/wp-content/uploads/2015/06/Los-Toros-perdieron-el-sábado-y-buscarán-el-domingo-el-triunfo-que-les-dé-la-serie1.jpg

Los Toros perdieron el sábado y buscarán el domingo el triunfo que les dé la serie

<p class="attachment"><a href='https://agpnoticias.com/news/wp-content/uploads/2015/06/Los-Toros-perdieron-el-sábado-y-buscarán-el-domingo-el-triunfo-que-les-dé-la-serie1-e1434872972483.jpg'><img loading="lazy" width="320" height="240" src="https://agpnoticias.com/news/wp-content/uploads/2015/06/Los-Toros-perdieron-el-sábado-y-buscarán-el-domingo-el-triunfo-que-les-dé-la-serie1-320x240.jpg" class="attachment-medium size-medium" alt="Los Toros perdieron el sábado y buscarán el domingo el triunfo que les dé la serie" loading="lazy" decoding="async" /></a></p>

<p>Los Toros perdieron el sábado y buscarán el domingo el triunfo que les dé la serie</p>

2015/06/Los-Toros-perdieron-el-sábado-y-buscarán-el-domingo-el-triunfo-que-les-dé-la-serie1-e1434872972483.jpg

Los-Toros-perdieron-el-sábado-y-buscarán-el-domingo-el-triunfo-que-les-dé-la-serie1-200x120.jpg

https://agpnoticias.com/news/wp-content/uploads/2015/06/Los-Toros-perdieron-el-sábado-y-buscarán-el-domingo-el-triunfo-que-les-dé-la-serie1-200x120.jpg

Los-Toros-perdieron-el-sábado-y-buscarán-el-domingo-el-triunfo-que-les-dé-la-serie1-320x240.jpg

https://agpnoticias.com/news/wp-content/uploads/2015/06/Los-Toros-perdieron-el-sábado-y-buscarán-el-domingo-el-triunfo-que-les-dé-la-serie1-320x240.jpg

Los-Toros-perdieron-el-sábado-y-buscarán-el-domingo-el-triunfo-que-les-dé-la-serie1-600x360.jpg

https://agpnoticias.com/news/wp-content/uploads/2015/06/Los-Toros-perdieron-el-sábado-y-buscarán-el-domingo-el-triunfo-que-les-dé-la-serie1-600x360.jpg

Los-Toros-perdieron-el-sábado-y-buscarán-el-domingo-el-triunfo-que-les-dé-la-serie1-300x300.jpg

https://agpnoticias.com/news/wp-content/uploads/2015/06/Los-Toros-perdieron-el-sábado-y-buscarán-el-domingo-el-triunfo-que-les-dé-la-serie1-300x300.jpg

Los-Toros-perdieron-el-sábado-y-buscarán-el-domingo-el-triunfo-que-les-dé-la-serie1-120x120.jpg

https://agpnoticias.com/news/wp-content/uploads/2015/06/Los-Toros-perdieron-el-sábado-y-buscarán-el-domingo-el-triunfo-que-les-dé-la-serie1-120x120.jpg

Los-Toros-perdieron-el-sábado-y-buscarán-el-domingo-el-triunfo-que-les-dé-la-serie1-e1434872972483.jpg

https://agpnoticias.com/news/wp-content/uploads/2015/06/Los-Toros-perdieron-el-sábado-y-buscarán-el-domingo-el-triunfo-que-les-dé-la-serie1-e1434872972483.jpg
