{"id":2855900,"date":"2016-03-02T16:23:17","date_gmt":"2016-03-03T00:23:17","guid":{"rendered":"http:\/\/agpnoticias.com\/news\/wp-content\/uploads\/2016\/03\/Atiq-Jihad-se-presentar\u00e1-en-busca-del-t\u00edtulo-de-Jos\u00e9-Guardado.jpg"},"modified":"2016-03-02T16:23:28","modified_gmt":"2016-03-03T00:23:28","slug":"atiq-jihad-se-presentara-en-busca-del-titulo-de-jose-guardado","status":"inherit","type":"attachment","link":"https:\/\/agpnoticias.com\/news\/guardado-con-el-corazon-de-un-chamaco-de-18-para-el-ultimo-adios\/atiq-jihad-se-presentara-en-busca-del-titulo-de-jose-guardado\/","title":{"rendered":"Atiq Jihad se presentar\u00e1 en busca del t\u00edtulo de Jos\u00e9 Guardado"},"author":1,"featured_media":0,"comment_status":"closed","ping_status":"closed","template":"","meta":[],"class_list":["post-2855900","attachment","type-attachment","status-inherit","hentry"],"description":{"rendered":"<p class=\"attachment\"><a href='https:\/\/agpnoticias.com\/news\/wp-content\/uploads\/2016\/03\/Atiq-Jihad-se-presentar\u00e1-en-busca-del-t\u00edtulo-de-Jos\u00e9-Guardado.jpg'><img loading=\"lazy\" width=\"400\" height=\"400\" src=\"https:\/\/agpnoticias.com\/news\/wp-content\/uploads\/2016\/03\/Atiq-Jihad-se-presentar\u00e1-en-busca-del-t\u00edtulo-de-Jos\u00e9-Guardado-400x400.jpg\" class=\"attachment-medium size-medium\" alt=\"Atiq Jihad se presentar\u00e1 en busca del t\u00edtulo de Jos\u00e9 Guardado\" srcset=\"https:\/\/agpnoticias.com\/news\/wp-content\/uploads\/2016\/03\/Atiq-Jihad-se-presentar\u00e1-en-busca-del-t\u00edtulo-de-Jos\u00e9-Guardado-400x400.jpg 400w, https:\/\/agpnoticias.com\/news\/wp-content\/uploads\/2016\/03\/Atiq-Jihad-se-presentar\u00e1-en-busca-del-t\u00edtulo-de-Jos\u00e9-Guardado-300x300.jpg 300w, https:\/\/agpnoticias.com\/news\/wp-content\/uploads\/2016\/03\/Atiq-Jihad-se-presentar\u00e1-en-busca-del-t\u00edtulo-de-Jos\u00e9-Guardado-120x120.jpg 120w\" sizes=\"auto, (max-width: 400px) 100vw, 400px\" loading=\"lazy\" decoding=\"async\" \/><\/a><\/p>\n"},"caption":{"rendered":"<p>Atiq Jihad se presentar\u00e1 en busca del t\u00edtulo de Jos\u00e9 Guardado<\/p>\n"},"alt_text":"","media_type":"image","mime_type":"image\/jpeg","media_details":{"width":800,"height":533,"file":"2016\/03\/Atiq-Jihad-se-presentar\u00e1-en-busca-del-t\u00edtulo-de-Jos\u00e9-Guardado.jpg","sizes":{"thumbnail":{"file":"Atiq-Jihad-se-presentar\u00e1-en-busca-del-t\u00edtulo-de-Jos\u00e9-Guardado-300x300.jpg","width":300,"height":300,"mime_type":"image\/jpeg","source_url":"https:\/\/agpnoticias.com\/news\/wp-content\/uploads\/2016\/03\/Atiq-Jihad-se-presentar\u00e1-en-busca-del-t\u00edtulo-de-Jos\u00e9-Guardado-300x300.jpg"},"medium":{"file":"Atiq-Jihad-se-presentar\u00e1-en-busca-del-t\u00edtulo-de-Jos\u00e9-Guardado-400x400.jpg","width":400,"height":400,"mime_type":"image\/jpeg","source_url":"https:\/\/agpnoticias.com\/news\/wp-content\/uploads\/2016\/03\/Atiq-Jihad-se-presentar\u00e1-en-busca-del-t\u00edtulo-de-Jos\u00e9-Guardado-400x400.jpg"},"medium_large":{"file":"Atiq-Jihad-se-presentar\u00e1-en-busca-del-t\u00edtulo-de-Jos\u00e9-Guardado-768x512.jpg","width":768,"height":512,"mime_type":"image\/jpeg","source_url":"https:\/\/agpnoticias.com\/news\/wp-content\/uploads\/2016\/03\/Atiq-Jihad-se-presentar\u00e1-en-busca-del-t\u00edtulo-de-Jos\u00e9-Guardado-768x512.jpg"},"wysija-newsletters-max":{"file":"Atiq-Jihad-se-presentar\u00e1-en-busca-del-t\u00edtulo-de-Jos\u00e9-Guardado-600x400.jpg","width":600,"height":400,"mime_type":"image\/jpeg","source_url":"https:\/\/agpnoticias.com\/news\/wp-content\/uploads\/2016\/03\/Atiq-Jihad-se-presentar\u00e1-en-busca-del-t\u00edtulo-de-Jos\u00e9-Guardado-600x400.jpg"},"post-thumbnail":{"file":"Atiq-Jihad-se-presentar\u00e1-en-busca-del-t\u00edtulo-de-Jos\u00e9-Guardado-300x300.jpg","width":300,"height":300,"mime_type":"image\/jpeg","source_url":"https:\/\/agpnoticias.com\/news\/wp-content\/uploads\/2016\/03\/Atiq-Jihad-se-presentar\u00e1-en-busca-del-t\u00edtulo-de-Jos\u00e9-Guardado-300x300.jpg"},"yarpp-thumbnail":{"file":"Atiq-Jihad-se-presentar\u00e1-en-busca-del-t\u00edtulo-de-Jos\u00e9-Guardado-120x120.jpg","width":120,"height":120,"mime_type":"image\/jpeg","source_url":"https:\/\/agpnoticias.com\/news\/wp-content\/uploads\/2016\/03\/Atiq-Jihad-se-presentar\u00e1-en-busca-del-t\u00edtulo-de-Jos\u00e9-Guardado-120x120.jpg"},"full":{"file":"Atiq-Jihad-se-presentar\u00e1-en-busca-del-t\u00edtulo-de-Jos\u00e9-Guardado.jpg","width":800,"height":533,"mime_type":"image\/jpeg","source_url":"https:\/\/agpnoticias.com\/news\/wp-content\/uploads\/2016\/03\/Atiq-Jihad-se-presentar\u00e1-en-busca-del-t\u00edtulo-de-Jos\u00e9-Guardado.jpg"}},"image_meta":{"aperture":"2.8","credit":"","camera":"Canon EOS-1D Mark II","caption":"","created_timestamp":"1443829365","copyright":"","focal_length":"50","iso":"1250","shutter_speed":"0.0008","title":"","orientation":"1","keywords":[]}},"post":2855898,"source_url":"https:\/\/agpnoticias.com\/news\/wp-content\/uploads\/2016\/03\/Atiq-Jihad-se-presentar\u00e1-en-busca-del-t\u00edtulo-de-Jos\u00e9-Guardado.jpg","filename":"Atiq-Jihad-se-presentar\u00e1-en-busca-del-t\u00edtulo-de-Jos\u00e9-Guardado.jpg","filesize":null,"_links":{"self":[{"href":"https:\/\/agpnoticias.com\/news\/wp-json\/wp\/v2\/media\/2855900","targetHints":{"allow":["GET"]}}],"collection":[{"href":"https:\/\/agpnoticias.com\/news\/wp-json\/wp\/v2\/media"}],"about":[{"href":"https:\/\/agpnoticias.com\/news\/wp-json\/wp\/v2\/types\/attachment"}],"author":[{"embeddable":true,"href":"https:\/\/agpnoticias.com\/news\/wp-json\/wp\/v2\/users\/1"}],"replies":[{"embeddable":true,"href":"https:\/\/agpnoticias.com\/news\/wp-json\/wp\/v2\/comments?post=2855900"}],"wp:attached-to":[{"embeddable":true,"post_type":"post","id":2855898,"href":"https:\/\/agpnoticias.com\/news\/wp-json\/wp\/v2\/posts\/2855898"}],"curies":[{"name":"wp","href":"https:\/\/api.w.org\/{rel}","templated":true}]}}

http://agpnoticias.com/news/wp-content/uploads/2016/03/Atiq-Jihad-se-presentará-en-busca-del-título-de-José-Guardado.jpg

Atiq Jihad se presentará en busca del título de José Guardado

<p class="attachment"><a href='https://agpnoticias.com/news/wp-content/uploads/2016/03/Atiq-Jihad-se-presentará-en-busca-del-título-de-José-Guardado.jpg'><img loading="lazy" width="400" height="400" src="https://agpnoticias.com/news/wp-content/uploads/2016/03/Atiq-Jihad-se-presentará-en-busca-del-título-de-José-Guardado-400x400.jpg" class="attachment-medium size-medium" alt="Atiq Jihad se presentará en busca del título de José Guardado" srcset="https://agpnoticias.com/news/wp-content/uploads/2016/03/Atiq-Jihad-se-presentará-en-busca-del-título-de-José-Guardado-400x400.jpg 400w, https://agpnoticias.com/news/wp-content/uploads/2016/03/Atiq-Jihad-se-presentará-en-busca-del-título-de-José-Guardado-300x300.jpg 300w, https://agpnoticias.com/news/wp-content/uploads/2016/03/Atiq-Jihad-se-presentará-en-busca-del-título-de-José-Guardado-120x120.jpg 120w" sizes="auto, (max-width: 400px) 100vw, 400px" loading="lazy" decoding="async" /></a></p>

<p>Atiq Jihad se presentará en busca del título de José Guardado</p>

2016/03/Atiq-Jihad-se-presentará-en-busca-del-título-de-José-Guardado.jpg

Atiq-Jihad-se-presentará-en-busca-del-título-de-José-Guardado-300x300.jpg

https://agpnoticias.com/news/wp-content/uploads/2016/03/Atiq-Jihad-se-presentará-en-busca-del-título-de-José-Guardado-300x300.jpg

Atiq-Jihad-se-presentará-en-busca-del-título-de-José-Guardado-400x400.jpg

https://agpnoticias.com/news/wp-content/uploads/2016/03/Atiq-Jihad-se-presentará-en-busca-del-título-de-José-Guardado-400x400.jpg

Atiq-Jihad-se-presentará-en-busca-del-título-de-José-Guardado-768x512.jpg

https://agpnoticias.com/news/wp-content/uploads/2016/03/Atiq-Jihad-se-presentará-en-busca-del-título-de-José-Guardado-768x512.jpg

Atiq-Jihad-se-presentará-en-busca-del-título-de-José-Guardado-600x400.jpg

https://agpnoticias.com/news/wp-content/uploads/2016/03/Atiq-Jihad-se-presentará-en-busca-del-título-de-José-Guardado-600x400.jpg

Atiq-Jihad-se-presentará-en-busca-del-título-de-José-Guardado-120x120.jpg

https://agpnoticias.com/news/wp-content/uploads/2016/03/Atiq-Jihad-se-presentará-en-busca-del-título-de-José-Guardado-120x120.jpg

Atiq-Jihad-se-presentará-en-busca-del-título-de-José-Guardado.jpg

https://agpnoticias.com/news/wp-content/uploads/2016/03/Atiq-Jihad-se-presentará-en-busca-del-título-de-José-Guardado.jpg
