{"id":33982,"date":"2013-10-29T15:59:45","date_gmt":"2013-10-29T22:59:45","guid":{"rendered":"http:\/\/agpnoticias.com\/news\/wp-content\/uploads\/2013\/10\/Carlos-Ram\u00f3n-Figueroa-se-enfrentar\u00e1-a-los-Indios-equipo-al-que-ya-dirigi\u00f3.jpg"},"modified":"2013-10-29T15:59:45","modified_gmt":"2013-10-29T22:59:45","slug":"carlos-ramon-figueroa-se-enfrentara-a-los-indios-equipo-al-que-ya-dirigio","status":"inherit","type":"attachment","link":"https:\/\/agpnoticias.com\/news\/reencuentro-de-viejos-conocidos\/carlos-ramon-figueroa-se-enfrentara-a-los-indios-equipo-al-que-ya-dirigio\/","title":{"rendered":"Carlos Ram\u00f3n Figueroa se enfrentar\u00e1 a los Indios, equipo al que ya dirigi\u00f3"},"author":1,"featured_media":0,"comment_status":"open","ping_status":"closed","template":"","meta":[],"class_list":["post-33982","attachment","type-attachment","status-inherit","hentry"],"description":{"rendered":"<p class=\"attachment\"><a href='https:\/\/agpnoticias.com\/news\/wp-content\/uploads\/2013\/10\/Carlos-Ram\u00f3n-Figueroa-se-enfrentar\u00e1-a-los-Indios-equipo-al-que-ya-dirigi\u00f3.jpg'><img loading=\"lazy\" width=\"320\" height=\"240\" src=\"https:\/\/agpnoticias.com\/news\/wp-content\/uploads\/2013\/10\/Carlos-Ram\u00f3n-Figueroa-se-enfrentar\u00e1-a-los-Indios-equipo-al-que-ya-dirigi\u00f3-320x240.jpg\" class=\"attachment-medium size-medium\" alt=\"Carlos Ram\u00f3n Figueroa se enfrentar\u00e1 a los Indios, equipo al que ya dirigi\u00f3\" srcset=\"https:\/\/agpnoticias.com\/news\/wp-content\/uploads\/2013\/10\/Carlos-Ram\u00f3n-Figueroa-se-enfrentar\u00e1-a-los-Indios-equipo-al-que-ya-dirigi\u00f3-320x240.jpg 320w, https:\/\/agpnoticias.com\/news\/wp-content\/uploads\/2013\/10\/Carlos-Ram\u00f3n-Figueroa-se-enfrentar\u00e1-a-los-Indios-equipo-al-que-ya-dirigi\u00f3-640x480.jpg 640w\" sizes=\"auto, (max-width: 320px) 100vw, 320px\" loading=\"lazy\" decoding=\"async\" \/><\/a><\/p>\n"},"caption":{"rendered":"<p>Carlos Ram\u00f3n Figueroa se enfrentar\u00e1 a los Indios, equipo al que ya dirigi\u00f3<\/p>\n"},"alt_text":"","media_type":"image","mime_type":"image\/jpeg","media_details":{"width":1000,"height":725,"file":"2013\/10\/Carlos-Ram\u00f3n-Figueroa-se-enfrentar\u00e1-a-los-Indios-equipo-al-que-ya-dirigi\u00f3.jpg","sizes":{"thumbnail":{"file":"Carlos-Ram\u00f3n-Figueroa-se-enfrentar\u00e1-a-los-Indios-equipo-al-que-ya-dirigi\u00f3-200x145.jpg","width":200,"height":145,"mime_type":"image\/jpeg","source_url":"https:\/\/agpnoticias.com\/news\/wp-content\/uploads\/2013\/10\/Carlos-Ram\u00f3n-Figueroa-se-enfrentar\u00e1-a-los-Indios-equipo-al-que-ya-dirigi\u00f3-200x145.jpg"},"medium":{"file":"Carlos-Ram\u00f3n-Figueroa-se-enfrentar\u00e1-a-los-Indios-equipo-al-que-ya-dirigi\u00f3-320x240.jpg","width":320,"height":240,"mime_type":"image\/jpeg","source_url":"https:\/\/agpnoticias.com\/news\/wp-content\/uploads\/2013\/10\/Carlos-Ram\u00f3n-Figueroa-se-enfrentar\u00e1-a-los-Indios-equipo-al-que-ya-dirigi\u00f3-320x240.jpg"},"large":{"file":"Carlos-Ram\u00f3n-Figueroa-se-enfrentar\u00e1-a-los-Indios-equipo-al-que-ya-dirigi\u00f3-640x480.jpg","width":640,"height":480,"mime_type":"image\/jpeg","source_url":"https:\/\/agpnoticias.com\/news\/wp-content\/uploads\/2013\/10\/Carlos-Ram\u00f3n-Figueroa-se-enfrentar\u00e1-a-los-Indios-equipo-al-que-ya-dirigi\u00f3-640x480.jpg"},"wysija-newsletters-max":{"file":"Carlos-Ram\u00f3n-Figueroa-se-enfrentar\u00e1-a-los-Indios-equipo-al-que-ya-dirigi\u00f3-600x435.jpg","width":600,"height":435,"mime_type":"image\/jpeg","source_url":"https:\/\/agpnoticias.com\/news\/wp-content\/uploads\/2013\/10\/Carlos-Ram\u00f3n-Figueroa-se-enfrentar\u00e1-a-los-Indios-equipo-al-que-ya-dirigi\u00f3-600x435.jpg"},"post-thumbnail":{"file":"Carlos-Ram\u00f3n-Figueroa-se-enfrentar\u00e1-a-los-Indios-equipo-al-que-ya-dirigi\u00f3-50x50.jpg","width":50,"height":50,"mime_type":"image\/jpeg","source_url":"https:\/\/agpnoticias.com\/news\/wp-content\/uploads\/2013\/10\/Carlos-Ram\u00f3n-Figueroa-se-enfrentar\u00e1-a-los-Indios-equipo-al-que-ya-dirigi\u00f3-50x50.jpg"},"yarpp-thumbnail":{"file":"Carlos-Ram\u00f3n-Figueroa-se-enfrentar\u00e1-a-los-Indios-equipo-al-que-ya-dirigi\u00f3-120x120.jpg","width":120,"height":120,"mime_type":"image\/jpeg","source_url":"https:\/\/agpnoticias.com\/news\/wp-content\/uploads\/2013\/10\/Carlos-Ram\u00f3n-Figueroa-se-enfrentar\u00e1-a-los-Indios-equipo-al-que-ya-dirigi\u00f3-120x120.jpg"},"full":{"file":"Carlos-Ram\u00f3n-Figueroa-se-enfrentar\u00e1-a-los-Indios-equipo-al-que-ya-dirigi\u00f3.jpg","width":1000,"height":725,"mime_type":"image\/jpeg","source_url":"https:\/\/agpnoticias.com\/news\/wp-content\/uploads\/2013\/10\/Carlos-Ram\u00f3n-Figueroa-se-enfrentar\u00e1-a-los-Indios-equipo-al-que-ya-dirigi\u00f3.jpg"}},"image_meta":{"aperture":0,"credit":"","camera":"","caption":"","created_timestamp":0,"copyright":"","focal_length":0,"iso":0,"shutter_speed":0,"title":""}},"post":33981,"source_url":"https:\/\/agpnoticias.com\/news\/wp-content\/uploads\/2013\/10\/Carlos-Ram\u00f3n-Figueroa-se-enfrentar\u00e1-a-los-Indios-equipo-al-que-ya-dirigi\u00f3.jpg","filename":"Carlos-Ram\u00f3n-Figueroa-se-enfrentar\u00e1-a-los-Indios-equipo-al-que-ya-dirigi\u00f3.jpg","filesize":null,"_links":{"self":[{"href":"https:\/\/agpnoticias.com\/news\/wp-json\/wp\/v2\/media\/33982","targetHints":{"allow":["GET"]}}],"collection":[{"href":"https:\/\/agpnoticias.com\/news\/wp-json\/wp\/v2\/media"}],"about":[{"href":"https:\/\/agpnoticias.com\/news\/wp-json\/wp\/v2\/types\/attachment"}],"author":[{"embeddable":true,"href":"https:\/\/agpnoticias.com\/news\/wp-json\/wp\/v2\/users\/1"}],"replies":[{"embeddable":true,"href":"https:\/\/agpnoticias.com\/news\/wp-json\/wp\/v2\/comments?post=33982"}],"wp:attached-to":[{"embeddable":true,"post_type":"post","id":33981,"href":"https:\/\/agpnoticias.com\/news\/wp-json\/wp\/v2\/posts\/33981"}],"curies":[{"name":"wp","href":"https:\/\/api.w.org\/{rel}","templated":true}]}}

http://agpnoticias.com/news/wp-content/uploads/2013/10/Carlos-Ramón-Figueroa-se-enfrentará-a-los-Indios-equipo-al-que-ya-dirigió.jpg

Carlos Ramón Figueroa se enfrentará a los Indios, equipo al que ya dirigió

<p class="attachment"><a href='https://agpnoticias.com/news/wp-content/uploads/2013/10/Carlos-Ramón-Figueroa-se-enfrentará-a-los-Indios-equipo-al-que-ya-dirigió.jpg'><img loading="lazy" width="320" height="240" src="https://agpnoticias.com/news/wp-content/uploads/2013/10/Carlos-Ramón-Figueroa-se-enfrentará-a-los-Indios-equipo-al-que-ya-dirigió-320x240.jpg" class="attachment-medium size-medium" alt="Carlos Ramón Figueroa se enfrentará a los Indios, equipo al que ya dirigió" srcset="https://agpnoticias.com/news/wp-content/uploads/2013/10/Carlos-Ramón-Figueroa-se-enfrentará-a-los-Indios-equipo-al-que-ya-dirigió-320x240.jpg 320w, https://agpnoticias.com/news/wp-content/uploads/2013/10/Carlos-Ramón-Figueroa-se-enfrentará-a-los-Indios-equipo-al-que-ya-dirigió-640x480.jpg 640w" sizes="auto, (max-width: 320px) 100vw, 320px" loading="lazy" decoding="async" /></a></p>

<p>Carlos Ramón Figueroa se enfrentará a los Indios, equipo al que ya dirigió</p>

2013/10/Carlos-Ramón-Figueroa-se-enfrentará-a-los-Indios-equipo-al-que-ya-dirigió.jpg

Carlos-Ramón-Figueroa-se-enfrentará-a-los-Indios-equipo-al-que-ya-dirigió-200x145.jpg

https://agpnoticias.com/news/wp-content/uploads/2013/10/Carlos-Ramón-Figueroa-se-enfrentará-a-los-Indios-equipo-al-que-ya-dirigió-200x145.jpg

Carlos-Ramón-Figueroa-se-enfrentará-a-los-Indios-equipo-al-que-ya-dirigió-320x240.jpg

https://agpnoticias.com/news/wp-content/uploads/2013/10/Carlos-Ramón-Figueroa-se-enfrentará-a-los-Indios-equipo-al-que-ya-dirigió-320x240.jpg

Carlos-Ramón-Figueroa-se-enfrentará-a-los-Indios-equipo-al-que-ya-dirigió-640x480.jpg

https://agpnoticias.com/news/wp-content/uploads/2013/10/Carlos-Ramón-Figueroa-se-enfrentará-a-los-Indios-equipo-al-que-ya-dirigió-640x480.jpg

Carlos-Ramón-Figueroa-se-enfrentará-a-los-Indios-equipo-al-que-ya-dirigió-600x435.jpg

https://agpnoticias.com/news/wp-content/uploads/2013/10/Carlos-Ramón-Figueroa-se-enfrentará-a-los-Indios-equipo-al-que-ya-dirigió-600x435.jpg

Carlos-Ramón-Figueroa-se-enfrentará-a-los-Indios-equipo-al-que-ya-dirigió-50x50.jpg

https://agpnoticias.com/news/wp-content/uploads/2013/10/Carlos-Ramón-Figueroa-se-enfrentará-a-los-Indios-equipo-al-que-ya-dirigió-50x50.jpg

Carlos-Ramón-Figueroa-se-enfrentará-a-los-Indios-equipo-al-que-ya-dirigió-120x120.jpg

https://agpnoticias.com/news/wp-content/uploads/2013/10/Carlos-Ramón-Figueroa-se-enfrentará-a-los-Indios-equipo-al-que-ya-dirigió-120x120.jpg

Carlos-Ramón-Figueroa-se-enfrentará-a-los-Indios-equipo-al-que-ya-dirigió.jpg

https://agpnoticias.com/news/wp-content/uploads/2013/10/Carlos-Ramón-Figueroa-se-enfrentará-a-los-Indios-equipo-al-que-ya-dirigió.jpg
